{"text_format":"1","workbook":"xlsx","n_sheets":4,"sheets":["Individual Patient Form","READMIT Patient Registry","Instructions","Key"],"not_rendered":{"charts":0,"images":3,"macros":1,"external_links":0,"defined_names":2,"comments":0,"pivot_tables":0},"unopened":[],"bounds":{"document_bytes":16777216,"sheet_cells":100000,"rows_first":2000,"rows_last":500,"rows_between":2000,"halvings":0,"cell_chars":16384,"cell_head_chars":4096},"cells_cut":0,"cells_raw":0,"read":"whole","date_system":"1900"}

{"sheet":"Individual Patient Form","index":0,"n_rows":29,"n_cols":7,"rows_kept":29,"cut":false,"hidden":false,"merged":[[5,0,5,6],[7,0,8,1],[28,0,28,1],[17,0,19,1],[21,0,21,1],[23,0,24,1],[26,0,26,1],[7,4,8,4],[7,5,8,5],[9,0,9,1],[11,0,13,1],[15,0,15,1],[23,2,23,3],[24,2,24,3],[26,2,26,3],[19,2,19,3],[21,2,21,3],[13,2,13,3],[15,2,15,3],[17,2,17,3],[7,2,8,3],[9,2,9,3],[11,2,11,3],[12,2,12,3],[18,2,18,3]]}
[]
[]
[]
[]
[]
["Identifying patients who are at high risk for readmission while still in the inpatient setting can allow for effective interventions to be implemented before the patient is discharged. Clinical academics have developed a clinical risk index, READMIT, to assess the likelihood of readmissions within 30 days of hospital discharge for psychiatric inpatients. READMIT stands for Repeat Admission, Emergent Admission, Age, Diagnosis and Discharge, Medical Morbidity, Intensity and Time. Using the READMIT model, Lake Superior Quality Innovation Network (Lake Superior QIN) has created a tool that calculates the risk of readmission for psychiatric patients. Deploying the READMIT tool for psychiatric patients before they are discharged can determine the amount of risk each patient has for readmission, and allow for clinical interventions to be deployed promptly to reduce preventable readmissions and improve patient outcomes. "]
[]
["Risk Factor",null,"Variable",null,"Value","Points"]
[]
["\"R\"  Repeat Admission (lifetime)\n(lifetime)",null,"Number Prior to Index",null,null,{"$f":"IF(E10=\"0\",0,IF(E10=\"1 to 2\",2,IF(E10=\"3 to 5\",5,IF(E10=\"6 or more\",7,\"\"))))","v":""}]
[]
["\"E\"  Emergent Admission ",null,"Threat to Others",null,null,{"$f":"IF(E12=\"No\",0,IF(E12=\"Yes\",1, \" \"))","v":" "}]
[null,null,"Threat to Self",null,null,{"$f":"IF(E13=\"No\",0,IF(E13=\"Yes\",1, \" \"))","v":" "}]
[null,null,"Unable to Care for Self",null,null,{"$f":"IF(E14=\"No\",0,IF(E14=\"Yes\",2, \" \"))","v":" "}]
[]
["\"A\"  Age",null,"Age Group (years)",null,null,{"$f":"IF(E16=\"18 to 24\",8,IF(E16=\"25 to 34\",7,IF(E16=\"35 to 44\",6,IF(E16=\"45 to 54\",5,IF(E16=\"55 to 64\",4,IF(E16=\"65 to 74\",3,IF(E16=\"75 to 84\",2,IF(E16=\"85 to 94\",1,IF(E16=\"Older than 94\",0, \" \")))))))))","v":" "}]
[]
["\"D\"  Diagnosis and Discharge",null,"Primary Diagnosis",null,null,{"$f":"IF(E18=\"Alcohol or Substance Abuse\",0,IF(E18=\"Depression\",2,IF(E18=\"Psychosis or Bipolar\",4,IF(E18=\"Other\",3, \" \"))))","v":" "}]
[null,null,"Any Personality Disorder",null,null,{"$f":"IF(E19=\"No\",0,IF(E19=\"Yes\",2, \" \"))","v":" "}]
[null,null,"Unplanned Discharge",null,null,{"$f":"IF(E20=\"No\",0,IF(E20=\"Yes\",5, \" \"))","v":" "}]
[]
["\"M\"  Medical Morbidity",null,"Charlson Comorbidity Score",null,null,{"$f":"IF(E22=\"0\",0,IF(E22=\"1 to 2\",1,IF(E22=\"3 or more\",2, \" \")))","v":" "}]
[]
["\"I\"  Intensity (past year)",null,"Outpatient Psychiatric Visits",null,null,{"$f":"IF(E24=\"Less than 2\",0,IF(E24=\"2 or more\",2, \" \"))","v":" "}]
[null,null,"Emergency Department Visits",null,null,{"$f":"IF(E25=\"None\",0,IF(E25=\"1 or more\",3, \" \"))","v":" "}]
[]
["\"T\"  Time in Hospital",null,"Length of Stay (days)",null,null,{"$f":"IF(E27=\"Less than 14 days\",4,IF(E27=\"15 to 28 days\",3,IF(E27=\"More than 28 days\",0, \" \")))","v":" "}]
[null,null,null,null,null,null,"Risk of Readmission"]
[null,null,null,null,"Total Possible Score",{"$f":"SUM(F10,F12:F14,F16,F18:F20,F22,F24:F25,F27)","v":0},{"$f":"IFERROR(VLOOKUP(F29,Key!$A$17:$B$20,2,TRUE),\"\")","v":"Low"}]

{"sheet":"READMIT Patient Registry","index":1,"n_rows":632,"n_cols":18,"rows_kept":632,"cut":false,"hidden":true,"merged":[[0,5,0,7],[0,9,0,11],[0,13,0,14],[0,0,0,3]]}
["Patient Information ",null,null,null,"\"R\" -Repeat Admissions","\"E\" - Emergent Admissions",null,null,"\"A\" - Age","\"D\" -Diagnosis and Discharge",null,null,"\"M\" - Medical Morbidity","\"I\" - Intensity (past year)",null,"\"T\" - Time in Hospital"]
["Patient Name","Patient Medical Record Number","Patient Date of Birth","Admission Date","Number of Admissions Prior to Index","Threat to Others","Threat to Self","Unable to Care for Self","Age Group (years)","Primary Diagnosis","Any Personality Disorder","Unplanned Discharge","Charlson Comorbidity Score","Outpatient Psychiatric Visits","Emergency Department Visits","Length of Stay (Days)","Risk Score","Risk "]
[null,null,null,null,null,null,null,null,null,null,null,null,null,null,null,null,{"$f":"IFERROR(VLOOKUP(E3,Key!$A$2:$B$6,2,FALSE)+VLOOKUP(F3,Key!$C$2:$D$4,2,FALSE)+VLOOKUP(G3,Key!$C$6:$D$8,2,FALSE)+VLOOKUP('READMIT Patient Registry'!H3,Key!$C$10:$D$12,2,FALSE)+VLOOKUP('READMIT Patient Registry'!I3,Key!$E$2:$F$11,2,FALSE)+VLOOKUP('READMIT Patient Registry'!J3,Key!$G$2:$H$6,2,FALSE)+VLOOKUP('READMIT Patient Registry'!K3,Key!$G$8:$H$10,2,FALSE)+VLOOKUP('READMIT Patient Registry'!L3,Key!$G$12:$H$14,2,FALSE)+VLOOKUP('READMIT Patient Registry'!M3,Key!$I$2:$J$5,2,FALSE)+VLOOKUP('READMIT Patient Registry'!N3,Key!$K$2:$L$4,2,FALSE)+VLOOKUP('READMIT Patient Registry'!O3,Key!$K$6:$L$8,2,FALSE)+VLOOKUP('READMIT Patient Registry'!P3,Key!$M$2:$N$5,2,FALSE),\"\")","v":""},{"$f":"IFERROR(VLOOKUP(Q3,Key!$A$17:$B$20,2,TRUE),\"\")","v":""}]
[null,null,null,null,null,null,null,null,null,null,null,null,null,null,null,null,{"$f":"IFERROR(VLOOKUP(E4,Key!$A$2:$B$6,2,FALSE)+VLOOKUP(F4,Key!$C$2:$D$4,2,FALSE)+VLOOKUP(G4,Key!$C$6:$D$8,2,FALSE)+VLOOKUP('READMIT Patient Registry'!H4,Key!$C$10:$D$12,2,FALSE)+VLOOKUP('READMIT Patient Registry'!I4,Key!$E$2:$F$11,2,FALSE)+VLOOKUP('READMIT Patient Registry'!J4,Key!$G$2:$H$6,2,FALSE)+VLOOKUP('READMIT Patient Registry'!K4,Key!$G$8:$H$10,2,FALSE)+VLOOKUP('READMIT Patient Registry'!L4,Key!$G$12:$H$14,2,FALSE)+VLOOKUP('READMIT Patient Registry'!M4,Key!$I$2:$J$5,2,FALSE)+VLOOKUP('READMIT Patient Registry'!N4,Key!$K$2:$L$4,2,FALSE)+VLOOKUP('READMIT Patient Registry'!O4,Key!$K$6:$L$8,2,FALSE)+VLOOKUP('READMIT Patient Registry'!P4,Key!$M$2:$N$5,2,FALSE),\"\")","v":""},{"$f":"IFERROR(VLOOKUP(Q4,Key!$A$17:$B$20,2,TRUE),\"\")","v":""}]
[null,null,null,null,null,null,null,null,null,null,null,null,null,null,null,null,{"$f":"IFERROR(VLOOKUP(E5,Key!$A$2:$B$6,2,FALSE)+VLOOKUP(F5,Key!$C$2:$D$4,2,FALSE)+VLOOKUP(G5,Key!$C$6:$D$8,2,FALSE)+VLOOKUP('READMIT Patient Registry'!H5,Key!$C$10:$D$12,2,FALSE)+VLOOKUP('READMIT Patient Registry'!I5,Key!$E$2:$F$11,2,FALSE)+VLOOKUP('READMIT Patient Registry'!J5,Key!$G$2:$H$6,2,FALSE)+VLOOKUP('READMIT Patient Registry'!K5,Key!$G$8:$H$10,2,FALSE)+VLOOKUP('READMIT Patient Registry'!L5,Key!$G$12:$H$14,2,FALSE)+VLOOKUP('READMIT Patient Registry'!M5,Key!$I$2:$J$5,2,FALSE)+VLOOKUP('READMIT Patient Registry'!N5,Key!$K$2:$L$4,2,FALSE)+VLOOKUP('READMIT Patient Registry'!O5,Key!$K$6:$L$8,2,FALSE)+VLOOKUP('READMIT Patient Registry'!P5,Key!$M$2:$N$5,2,FALSE),\"\")","v":""},{"$f":"IFERROR(VLOOKUP(Q5,Key!$A$17:$B$20,2,TRUE),\"\")","v":""}]
[null,null,null,null,null,null,null,null,null,null,null,null,null,null,null,null,{"$f":"IFERROR(VLOOKUP(E6,Key!$A$2:$B$6,2,FALSE)+VLOOKUP(F6,Key!$C$2:$D$4,2,FALSE)+VLOOKUP(G6,Key!$C$6:$D$8,2,FALSE)+VLOOKUP('READMIT Patient Registry'!H6,Key!$C$10:$D$12,2,FALSE)+VLOOKUP('READMIT Patient Registry'!I6,Key!$E$2:$F$11,2,FALSE)+VLOOKUP('READMIT Patient Registry'!J6,Key!$G$2:$H$6,2,FALSE)+VLOOKUP('READMIT Patient Registry'!K6,Key!$G$8:$H$10,2,FALSE)+VLOOKUP('READMIT Patient Registry'!L6,Key!$G$12:$H$14,2,FALSE)+VLOOKUP('READMIT Patient Registry'!M6,Key!$I$2:$J$5,2,FALSE)+VLOOKUP('READMIT Patient Registry'!N6,Key!$K$2:$L$4,2,FALSE)+VLOOKUP('READMIT Patient Registry'!O6,Key!$K$6:$L$8,2,FALSE)+VLOOKUP('READMIT Patient Registry'!P6,Key!$M$2:$N$5,2,FALSE),\"\")","v":""},{"$f":"IFERROR(VLOOKUP(Q6,Key!$A$17:$B$20,2,TRUE),\"\")","v":""}]
[null,null,null,null,null,null,null,null,null,null,null,null,null,null,null,null,{"$f":"IFERROR(VLOOKUP(E7,Key!$A$2:$B$6,2,FALSE)+VLOOKUP(F7,Key!$C$2:$D$4,2,FALSE)+VLOOKUP(G7,Key!$C$6:$D$8,2,FALSE)+VLOOKUP('READMIT Patient Registry'!H7,Key!$C$10:$D$12,2,FALSE)+VLOOKUP('READMIT Patient Registry'!I7,Key!$E$2:$F$11,2,FALSE)+VLOOKUP('READMIT Patient Registry'!J7,Key!$G$2:$H$6,2,FALSE)+VLOOKUP('READMIT Patient Registry'!K7,Key!$G$8:$H$10,2,FALSE)+VLOOKUP('READMIT Patient Registry'!L7,Key!$G$12:$H$14,2,FALSE)+VLOOKUP('READMIT Patient Registry'!M7,Key!$I$2:$J$5,2,FALSE)+VLOOKUP('READMIT Patient Registry'!N7,Key!$K$2:$L$4,2,FALSE)+VLOOKUP('READMIT Patient Registry'!O7,Key!$K$6:$L$8,2,FALSE)+VLOOKUP('READMIT Patient Registry'!P7,Key!$M$2:$N$5,2,FALSE),\"\")","v":""},{"$f":"IFERROR(VLOOKUP(Q7,Key!$A$17:$B$20,2,TRUE),\"\")","v":""}]
[null,null,null,null,null,null,null,null,null,null,null,null,null,null,null,null,{"$f":"IFERROR(VLOOKUP(E8,Key!$A$2:$B$6,2,FALSE)+VLOOKUP(F8,Key!$C$2:$D$4,2,FALSE)+VLOOKUP(G8,Key!$C$6:$D$8,2,FALSE)+VLOOKUP('READMIT Patient Registry'!H8,Key!$C$10:$D$12,2,FALSE)+VLOOKUP('READMIT Patient Registry'!I8,Key!$E$2:$F$11,2,FALSE)+VLOOKUP('READMIT Patient Registry'!J8,Key!$G$2:$H$6,2,FALSE)+VLOOKUP('READMIT Patient Registry'!K8,Key!$G$8:$H$10,2,FALSE)+VLOOKUP('READMIT Patient Registry'!L8,Key!$G$12:$H$14,2,FALSE)+VLOOKUP('READMIT Patient Registry'!M8,Key!$I$2:$J$5,2,FALSE)+VLOOKUP('READMIT Patient Registry'!N8,Key!$K$2:$L$4,2,FALSE)+VLOOKUP('READMIT Patient Registry'!O8,Key!$K$6:$L$8,2,FALSE)+VLOOKUP('READMIT Patient Registry'!P8,Key!$M$2:$N$5,2,FALSE),\"\")","v":""},{"$f":"IFERROR(VLOOKUP(Q8,Key!$A$17:$B$20,2,TRUE),\"\")","v":""}]
[null,null,null,null,null,null,null,null,null,null,null,null,null,null,null,null,{"$f":"IFERROR(VLOOKUP(E9,Key!$A$2:$B$6,2,FALSE)+VLOOKUP(F9,Key!$C$2:$D$4,2,FALSE)+VLOOKUP(G9,Key!$C$6:$D$8,2,FALSE)+VLOOKUP('READMIT Patient Registry'!H9,Key!$C$10:$D$12,2,FALSE)+VLOOKUP('READMIT Patient Registry'!I9,Key!$E$2:$F$11,2,FALSE)+VLOOKUP('READMIT Patient Registry'!J9,Key!$G$2:$H$6,2,FALSE)+VLOOKUP('READMIT Patient Registry'!K9,Key!$G$8:$H$10,2,FALSE)+VLOOKUP('READMIT Patient Registry'!L9,Key!$G$12:$H$14,2,FALSE)+VLOOKUP('READMIT Patient Registry'!M9,Key!$I$2:$J$5,2,FALSE)+VLOOKUP('READMIT Patient Registry'!N9,Key!$K$2:$L$4,2,FALSE)+VLOOKUP('READMIT Patient Registry'!O9,Key!$K$6:$L$8,2,FALSE)+VLOOKUP('READMIT Patient Registry'!P9,Key!$M$2:$N$5,2,FALSE),\"\")","v":""},{"$f":"IFERROR(VLOOKUP(Q9,Key!$A$17:$B$20,2,TRUE),\"\")","v":""}]
[null,null,null,null,null,null,null,null,null,null,null,null,null,null,null,null,{"$f":"IFERROR(VLOOKUP(E10,Key!$A$2:$B$6,2,FALSE)+VLOOKUP(F10,Key!$C$2:$D$4,2,FALSE)+VLOOKUP(G10,Key!$C$6:$D$8,2,FALSE)+VLOOKUP('READMIT Patient Registry'!H10,Key!$C$10:$D$12,2,FALSE)+VLOOKUP('READMIT Patient Registry'!I10,Key!$E$2:$F$11,2,FALSE)+VLOOKUP('READMIT Patient Registry'!J10,Key!$G$2:$H$6,2,FALSE)+VLOOKUP('READMIT Patient Registry'!K10,Key!$G$8:$H$10,2,FALSE)+VLOOKUP('READMIT Patient Registry'!L10,Key!$G$12:$H$14,2,FALSE)+VLOOKUP('READMIT Patient Registry'!M10,Key!$I$2:$J$5,2,FALSE)+VLOOKUP('READMIT Patient Registry'!N10,Key!$K$2:$L$4,2,FALSE)+VLOOKUP('READMIT Patient Registry'!O10,Key!$K$6:$L$8,2,FALSE)+VLOOKUP('READMIT Patient Registry'!P10,Key!$M$2:$N$5,2,FALSE),\"\")","v":""},{"$f":"IFERROR(VLOOKUP(Q10,Key!$A$17:$B$20,2,TRUE),\"\")","v":""}]
[null,null,null,null,null,null,null,null,null,null,null,null,null,null,null,null,{"$f":"IFERROR(VLOOKUP(E11,Key!$A$2:$B$6,2,FALSE)+VLOOKUP(F11,Key!$C$2:$D$4,2,FALSE)+VLOOKUP(G11,Key!$C$6:$D$8,2,FALSE)+VLOOKUP('READMIT Patient Registry'!H11,Key!$C$10:$D$12,2,FALSE)+VLOOKUP('READMIT Patient Registry'!I11,Key!$E$2:$F$11,2,FALSE)+VLOOKUP('READMIT Patient Registry'!J11,Key!$G$2:$H$6,2,FALSE)+VLOOKUP('READMIT Patient Registry'!K11,Key!$G$8:$H$10,2,FALSE)+VLOOKUP('READMIT Patient Registry'!L11,Key!$G$12:$H$14,2,FALSE)+VLOOKUP('READMIT Patient Registry'!M11,Key!$I$2:$J$5,2,FALSE)+VLOOKUP('READMIT Patient Registry'!N11,Key!$K$2:$L$4,2,FALSE)+VLOOKUP('READMIT Patient Registry'!O11,Key!$K$6:$L$8,2,FALSE)+VLOOKUP('READMIT Patient Registry'!P11,Key!$M$2:$N$5,2,FALSE),\"\")","v":""},{"$f":"IFERROR(VLOOKUP(Q11,Key!$A$17:$B$20,2,TRUE),\"\")","v":""}]
[null,null,null,null,null,null,null,null,null,null,null,null,null,null,null,null,{"$f":"IFERROR(VLOOKUP(E12,Key!$A$2:$B$6,2,FALSE)+VLOOKUP(F12,Key!$C$2:$D$4,2,FALSE)+VLOOKUP(G12,Key!$C$6:$D$8,2,FALSE)+VLOOKUP('READMIT Patient Registry'!H12,Key!$C$10:$D$12,2,FALSE)+VLOOKUP('READMIT Patient Registry'!I12,Key!$E$2:$F$11,2,FALSE)+VLOOKUP('READMIT Patient Registry'!J12,Key!$G$2:$H$6,2,FALSE)+VLOOKUP('READMIT Patient Registry'!K12,Key!$G$8:$H$10,2,FALSE)+VLOOKUP('READMIT Patient Registry'!L12,Key!$G$12:$H$14,2,FALSE)+VLOOKUP('READMIT Patient Registry'!M12,Key!$I$2:$J$5,2,FALSE)+VLOOKUP('READMIT Patient Registry'!N12,Key!$K$2:$L$4,2,FALSE)+VLOOKUP('READMIT Patient Registry'!O12,Key!$K$6:$L$8,2,FALSE)+VLOOKUP('READMIT Patient Registry'!P12,Key!$M$2:$N$5,2,FALSE),\"\")","v":""},{"$f":"IFERROR(VLOOKUP(Q12,Key!$A$17:$B$20,2,TRUE),\"\")","v":""}]
[null,null,null,null,null,null,null,null,null,null,null,null,null,null,null,null,{"$f":"IFERROR(VLOOKUP(E13,Key!$A$2:$B$6,2,FALSE)+VLOOKUP(F13,Key!$C$2:$D$4,2,FALSE)+VLOOKUP(G13,Key!$C$6:$D$8,2,FALSE)+VLOOKUP('READMIT Patient Registry'!H13,Key!$C$10:$D$12,2,FALSE)+VLOOKUP('READMIT Patient Registry'!I13,Key!$E$2:$F$11,2,FALSE)+VLOOKUP('READMIT Patient Registry'!J13,Key!$G$2:$H$6,2,FALSE)+VLOOKUP('READMIT Patient Registry'!K13,Key!$G$8:$H$10,2,FALSE)+VLOOKUP('READMIT Patient Registry'!L13,Key!$G$12:$H$14,2,FALSE)+VLOOKUP('READMIT Patient Registry'!M13,Key!$I$2:$J$5,2,FALSE)+VLOOKUP('READMIT Patient Registry'!N13,Key!$K$2:$L$4,2,FALSE)+VLOOKUP('READMIT Patient Registry'!O13,Key!$K$6:$L$8,2,FALSE)+VLOOKUP('READMIT Patient Registry'!P13,Key!$M$2:$N$5,2,FALSE),\"\")","v":""},{"$f":"IFERROR(VLOOKUP(Q13,Key!$A$17:$B$20,2,TRUE),\"\")","v":""}]
[null,null,null,null,null,null,null,null,null,null,null,null,null,null,null,null,{"$f":"IFERROR(VLOOKUP(E14,Key!$A$2:$B$6,2,FALSE)+VLOOKUP(F14,Key!$C$2:$D$4,2,FALSE)+VLOOKUP(G14,Key!$C$6:$D$8,2,FALSE)+VLOOKUP('READMIT Patient Registry'!H14,Key!$C$10:$D$12,2,FALSE)+VLOOKUP('READMIT Patient Registry'!I14,Key!$E$2:$F$11,2,FALSE)+VLOOKUP('READMIT Patient Registry'!J14,Key!$G$2:$H$6,2,FALSE)+VLOOKUP('READMIT Patient Registry'!K14,Key!$G$8:$H$10,2,FALSE)+VLOOKUP('READMIT Patient Registry'!L14,Key!$G$12:$H$14,2,FALSE)+VLOOKUP('READMIT Patient Registry'!M14,Key!$I$2:$J$5,2,FALSE)+VLOOKUP('READMIT Patient Registry'!N14,Key!$K$2:$L$4,2,FALSE)+VLOOKUP('READMIT Patient Registry'!O14,Key!$K$6:$L$8,2,FALSE)+VLOOKUP('READMIT Patient Registry'!P14,Key!$M$2:$N$5,2,FALSE),\"\")","v":""},{"$f":"IFERROR(VLOOKUP(Q14,Key!$A$17:$B$20,2,TRUE),\"\")","v":""}]
[null,null,null,null,null,null,null,null,null,null,null,null,null,null,null,null,{"$f":"IFERROR(VLOOKUP(E15,Key!$A$2:$B$6,2,FALSE)+VLOOKUP(F15,Key!$C$2:$D$4,2,FALSE)+VLOOKUP(G15,Key!$C$6:$D$8,2,FALSE)+VLOOKUP('READMIT Patient Registry'!H15,Key!$C$10:$D$12,2,FALSE)+VLOOKUP('READMIT Patient Registry'!I15,Key!$E$2:$F$11,2,FALSE)+VLOOKUP('READMIT Patient Registry'!J15,Key!$G$2:$H$6,2,FALSE)+VLOOKUP('READMIT Patient Registry'!K15,Key!$G$8:$H$10,2,FALSE)+VLOOKUP('READMIT Patient Registry'!L15,Key!$G$12:$H$14,2,FALSE)+VLOOKUP('READMIT Patient Registry'!M15,Key!$I$2:$J$5,2,FALSE)+VLOOKUP('READMIT Patient Registry'!N15,Key!$K$2:$L$4,2,FALSE)+VLOOKUP('READMIT Patient Registry'!O15,Key!$K$6:$L$8,2,FALSE)+VLOOKUP('READMIT Patient Registry'!P15,Key!$M$2:$N$5,2,FALSE),\"\")","v":""},{"$f":"IFERROR(VLOOKUP(Q15,Key!$A$17:$B$20,2,TRUE),\"\")","v":""}]
[null,null,null,null,null,null,null,null,null,null,null,null,null,null,null,null,{"$f":"IFERROR(VLOOKUP(E16,Key!$A$2:$B$6,2,FALSE)+VLOOKUP(F16,Key!$C$2:$D$4,2,FALSE)+VLOOKUP(G16,Key!$C$6:$D$8,2,FALSE)+VLOOKUP('READMIT Patient Registry'!H16,Key!$C$10:$D$12,2,FALSE)+VLOOKUP('READMIT Patient Registry'!I16,Key!$E$2:$F$11,2,FALSE)+VLOOKUP('READMIT Patient Registry'!J16,Key!$G$2:$H$6,2,FALSE)+VLOOKUP('READMIT Patient Registry'!K16,Key!$G$8:$H$10,2,FALSE)+VLOOKUP('READMIT Patient Registry'!L16,Key!$G$12:$H$14,2,FALSE)+VLOOKUP('READMIT Patient Registry'!M16,Key!$I$2:$J$5,2,FALSE)+VLOOKUP('READMIT Patient Registry'!N16,Key!$K$2:$L$4,2,FALSE)+VLOOKUP('READMIT Patient Registry'!O16,Key!$K$6:$L$8,2,FALSE)+VLOOKUP('READMIT Patient Registry'!P16,Key!$M$2:$N$5,2,FALSE),\"\")","v":""},{"$f":"IFERROR(VLOOKUP(Q16,Key!$A$17:$B$20,2,TRUE),\"\")","v":""}]
[null,null,null,null,null,null,null,null,null,null,null,null,null,null,null,null,{"$f":"IFERROR(VLOOKUP(E17,Key!$A$2:$B$6,2,FALSE)+VLOOKUP(F17,Key!$C$2:$D$4,2,FALSE)+VLOOKUP(G17,Key!$C$6:$D$8,2,FALSE)+VLOOKUP('READMIT Patient Registry'!H17,Key!$C$10:$D$12,2,FALSE)+VLOOKUP('READMIT Patient Registry'!I17,Key!$E$2:$F$11,2,FALSE)+VLOOKUP('READMIT Patient Registry'!J17,Key!$G$2:$H$6,2,FALSE)+VLOOKUP('READMIT Patient Registry'!K17,Key!$G$8:$H$10,2,FALSE)+VLOOKUP('READMIT Patient Registry'!L17,Key!$G$12:$H$14,2,FALSE)+VLOOKUP('READMIT Patient Registry'!M17,Key!$I$2:$J$5,2,FALSE)+VLOOKUP('READMIT Patient Registry'!N17,Key!$K$2:$L$4,2,FALSE)+VLOOKUP('READMIT Patient Registry'!O17,Key!$K$6:$L$8,2,FALSE)+VLOOKUP('READMIT Patient Registry'!P17,Key!$M$2:$N$5,2,FALSE),\"\")","v":""},{"$f":"IFERROR(VLOOKUP(Q17,Key!$A$17:$B$20,2,TRUE),\"\")","v":""}]
[null,null,null,null,null,null,null,null,null,null,null,null,null,null,null,null,{"$f":"IFERROR(VLOOKUP(E18,Key!$A$2:$B$6,2,FALSE)+VLOOKUP(F18,Key!$C$2:$D$4,2,FALSE)+VLOOKUP(G18,Key!$C$6:$D$8,2,FALSE)+VLOOKUP('READMIT Patient Registry'!H18,Key!$C$10:$D$12,2,FALSE)+VLOOKUP('READMIT Patient Registry'!I18,Key!$E$2:$F$11,2,FALSE)+VLOOKUP('READMIT Patient Registry'!J18,Key!$G$2:$H$6,2,FALSE)+VLOOKUP('READMIT Patient Registry'!K18,Key!$G$8:$H$10,2,FALSE)+VLOOKUP('READMIT Patient Registry'!L18,Key!$G$12:$H$14,2,FALSE)+VLOOKUP('READMIT Patient Registry'!M18,Key!$I$2:$J$5,2,FALSE)+VLOOKUP('READMIT Patient Registry'!N18,Key!$K$2:$L$4,2,FALSE)+VLOOKUP('READMIT Patient Registry'!O18,Key!$K$6:$L$8,2,FALSE)+VLOOKUP('READMIT Patient Registry'!P18,Key!$M$2:$N$5,2,FALSE),\"\")","v":""},{"$f":"IFERROR(VLOOKUP(Q18,Key!$A$17:$B$20,2,TRUE),\"\")","v":""}]
[null,null,null,null,null,null,null,null,null,null,null,null,null,null,null,null,{"$f":"IFERROR(VLOOKUP(E19,Key!$A$2:$B$6,2,FALSE)+VLOOKUP(F19,Key!$C$2:$D$4,2,FALSE)+VLOOKUP(G19,Key!$C$6:$D$8,2,FALSE)+VLOOKUP('READMIT Patient Registry'!H19,Key!$C$10:$D$12,2,FALSE)+VLOOKUP('READMIT Patient Registry'!I19,Key!$E$2:$F$11,2,FALSE)+VLOOKUP('READMIT Patient Registry'!J19,Key!$G$2:$H$6,2,FALSE)+VLOOKUP('READMIT Patient Registry'!K19,Key!$G$8:$H$10,2,FALSE)+VLOOKUP('READMIT Patient Registry'!L19,Key!$G$12:$H$14,2,FALSE)+VLOOKUP('READMIT Patient Registry'!M19,Key!$I$2:$J$5,2,FALSE)+VLOOKUP('READMIT Patient Registry'!N19,Key!$K$2:$L$4,2,FALSE)+VLOOKUP('READMIT Patient Registry'!O19,Key!$K$6:$L$8,2,FALSE)+VLOOKUP('READMIT Patient Registry'!P19,Key!$M$2:$N$5,2,FALSE),\"\")","v":""},{"$f":"IFERROR(VLOOKUP(Q19,Key!$A$17:$B$20,2,TRUE),\"\")","v":""}]
[null,null,null,null,null,null,null,null,null,null,null,null,null,null,null,null,{"$f":"IFERROR(VLOOKUP(E20,Key!$A$2:$B$6,2,FALSE)+VLOOKUP(F20,Key!$C$2:$D$4,2,FALSE)+VLOOKUP(G20,Key!$C$6:$D$8,2,FALSE)+VLOOKUP('READMIT Patient Registry'!H20,Key!$C$10:$D$12,2,FALSE)+VLOOKUP('READMIT Patient Registry'!I20,Key!$E$2:$F$11,2,FALSE)+VLOOKUP('READMIT Patient Registry'!J20,Key!$G$2:$H$6,2,FALSE)+VLOOKUP('READMIT Patient Registry'!K20,Key!$G$8:$H$10,2,FALSE)+VLOOKUP('READMIT Patient Registry'!L20,Key!$G$12:$H$14,2,FALSE)+VLOOKUP('READMIT Patient Registry'!M20,Key!$I$2:$J$5,2,FALSE)+VLOOKUP('READMIT Patient Registry'!N20,Key!$K$2:$L$4,2,FALSE)+VLOOKUP('READMIT Patient Registry'!O20,Key!$K$6:$L$8,2,FALSE)+VLOOKUP('READMIT Patient Registry'!P20,Key!$M$2:$N$5,2,FALSE),\"\")","v":""},{"$f":"IFERROR(VLOOKUP(Q20,Key!$A$17:$B$20,2,TRUE),\"\")","v":""}]
[null,null,null,null,null,null,null,null,null,null,null,null,null,null,null,null,{"$f":"IFERROR(VLOOKUP(E21,Key!$A$2:$B$6,2,FALSE)+VLOOKUP(F21,Key!$C$2:$D$4,2,FALSE)+VLOOKUP(G21,Key!$C$6:$D$8,2,FALSE)+VLOOKUP('READMIT Patient Registry'!H21,Key!$C$10:$D$12,2,FALSE)+VLOOKUP('READMIT Patient Registry'!I21,Key!$E$2:$F$11,2,FALSE)+VLOOKUP('READMIT Patient Registry'!J21,Key!$G$2:$H$6,2,FALSE)+VLOOKUP('READMIT Patient Registry'!K21,Key!$G$8:$H$10,2,FALSE)+VLOOKUP('READMIT Patient Registry'!L21,Key!$G$12:$H$14,2,FALSE)+VLOOKUP('READMIT Patient Registry'!M21,Key!$I$2:$J$5,2,FALSE)+VLOOKUP('READMIT Patient Registry'!N21,Key!$K$2:$L$4,2,FALSE)+VLOOKUP('READMIT Patient Registry'!O21,Key!$K$6:$L$8,2,FALSE)+VLOOKUP('READMIT Patient Registry'!P21,Key!$M$2:$N$5,2,FALSE),\"\")","v":""},{"$f":"IFERROR(VLOOKUP(Q21,Key!$A$17:$B$20,2,TRUE),\"\")","v":""}]
[null,null,null,null,null,null,null,null,null,null,null,null,null,null,null,null,{"$f":"IFERROR(VLOOKUP(E22,Key!$A$2:$B$6,2,FALSE)+VLOOKUP(F22,Key!$C$2:$D$4,2,FALSE)+VLOOKUP(G22,Key!$C$6:$D$8,2,FALSE)+VLOOKUP('READMIT Patient Registry'!H22,Key!$C$10:$D$12,2,FALSE)+VLOOKUP('READMIT Patient Registry'!I22,Key!$E$2:$F$11,2,FALSE)+VLOOKUP('READMIT Patient Registry'!J22,Key!$G$2:$H$6,2,FALSE)+VLOOKUP('READMIT Patient Registry'!K22,Key!$G$8:$H$10,2,FALSE)+VLOOKUP('READMIT Patient Registry'!L22,Key!$G$12:$H$14,2,FALSE)+VLOOKUP('READMIT Patient Registry'!M22,Key!$I$2:$J$5,2,FALSE)+VLOOKUP('READMIT Patient Registry'!N22,Key!$K$2:$L$4,2,FALSE)+VLOOKUP('READMIT Patient Registry'!O22,Key!$K$6:$L$8,2,FALSE)+VLOOKUP('READMIT Patient Registry'!P22,Key!$M$2:$N$5,2,FALSE),\"\")","v":""},{"$f":"IFERROR(VLOOKUP(Q22,Key!$A$17:$B$20,2,TRUE),\"\")","v":""}]
[null,null,null,null,null,null,null,null,null,null,null,null,null,null,null,null,{"$f":"IFERROR(VLOOKUP(E23,Key!$A$2:$B$6,2,FALSE)+VLOOKUP(F23,Key!$C$2:$D$4,2,FALSE)+VLOOKUP(G23,Key!$C$6:$D$8,2,FALSE)+VLOOKUP('READMIT Patient Registry'!H23,Key!$C$10:$D$12,2,FALSE)+VLOOKUP('READMIT Patient Registry'!I23,Key!$E$2:$F$11,2,FALSE)+VLOOKUP('READMIT Patient Registry'!J23,Key!$G$2:$H$6,2,FALSE)+VLOOKUP('READMIT Patient Registry'!K23,Key!$G$8:$H$10,2,FALSE)+VLOOKUP('READMIT Patient Registry'!L23,Key!$G$12:$H$14,2,FALSE)+VLOOKUP('READMIT Patient Registry'!M23,Key!$I$2:$J$5,2,FALSE)+VLOOKUP('READMIT Patient Registry'!N23,Key!$K$2:$L$4,2,FALSE)+VLOOKUP('READMIT Patient Registry'!O23,Key!$K$6:$L$8,2,FALSE)+VLOOKUP('READMIT Patient Registry'!P23,Key!$M$2:$N$5,2,FALSE),\"\")","v":""},{"$f":"IFERROR(VLOOKUP(Q23,Key!$A$17:$B$20,2,TRUE),\"\")","v":""}]
[null,null,null,null,null,null,null,null,null,null,null,null,null,null,null,null,{"$f":"IFERROR(VLOOKUP(E24,Key!$A$2:$B$6,2,FALSE)+VLOOKUP(F24,Key!$C$2:$D$4,2,FALSE)+VLOOKUP(G24,Key!$C$6:$D$8,2,FALSE)+VLOOKUP('READMIT Patient Registry'!H24,Key!$C$10:$D$12,2,FALSE)+VLOOKUP('READMIT Patient Registry'!I24,Key!$E$2:$F$11,2,FALSE)+VLOOKUP('READMIT Patient Registry'!J24,Key!$G$2:$H$6,2,FALSE)+VLOOKUP('READMIT Patient Registry'!K24,Key!$G$8:$H$10,2,FALSE)+VLOOKUP('READMIT Patient Registry'!L24,Key!$G$12:$H$14,2,FALSE)+VLOOKUP('READMIT Patient Registry'!M24,Key!$I$2:$J$5,2,FALSE)+VLOOKUP('READMIT Patient Registry'!N24,Key!$K$2:$L$4,2,FALSE)+VLOOKUP('READMIT Patient Registry'!O24,Key!$K$6:$L$8,2,FALSE)+VLOOKUP('READMIT Patient Registry'!P24,Key!$M$2:$N$5,2,FALSE),\"\")","v":""},{"$f":"IFERROR(VLOOKUP(Q24,Key!$A$17:$B$20,2,TRUE),\"\")","v":""}]
[null,null,null,null,null,null,null,null,null,null,null,null,null,null,null,null,{"$f":"IFERROR(VLOOKUP(E25,Key!$A$2:$B$6,2,FALSE)+VLOOKUP(F25,Key!$C$2:$D$4,2,FALSE)+VLOOKUP(G25,Key!$C$6:$D$8,2,FALSE)+VLOOKUP('READMIT Patient Registry'!H25,Key!$C$10:$D$12,2,FALSE)+VLOOKUP('READMIT Patient Registry'!I25,Key!$E$2:$F$11,2,FALSE)+VLOOKUP('READMIT Patient Registry'!J25,Key!$G$2:$H$6,2,FALSE)+VLOOKUP('READMIT Patient Registry'!K25,Key!$G$8:$H$10,2,FALSE)+VLOOKUP('READMIT Patient Registry'!L25,Key!$G$12:$H$14,2,FALSE)+VLOOKUP('READMIT Patient Registry'!M25,Key!$I$2:$J$5,2,FALSE)+VLOOKUP('READMIT Patient Registry'!N25,Key!$K$2:$L$4,2,FALSE)+VLOOKUP('READMIT Patient Registry'!O25,Key!$K$6:$L$8,2,FALSE)+VLOOKUP('READMIT Patient Registry'!P25,Key!$M$2:$N$5,2,FALSE),\"\")","v":""},{"$f":"IFERROR(VLOOKUP(Q25,Key!$A$17:$B$20,2,TRUE),\"\")","v":""}]
[null,null,null,null,null,null,null,null,null,null,null,null,null,null,null,null,{"$f":"IFERROR(VLOOKUP(E26,Key!$A$2:$B$6,2,FALSE)+VLOOKUP(F26,Key!$C$2:$D$4,2,FALSE)+VLOOKUP(G26,Key!$C$6:$D$8,2,FALSE)+VLOOKUP('READMIT Patient Registry'!H26,Key!$C$10:$D$12,2,FALSE)+VLOOKUP('READMIT Patient Registry'!I26,Key!$E$2:$F$11,2,FALSE)+VLOOKUP('READMIT Patient Registry'!J26,Key!$G$2:$H$6,2,FALSE)+VLOOKUP('READMIT Patient Registry'!K26,Key!$G$8:$H$10,2,FALSE)+VLOOKUP('READMIT Patient Registry'!L26,Key!$G$12:$H$14,2,FALSE)+VLOOKUP('READMIT Patient Registry'!M26,Key!$I$2:$J$5,2,FALSE)+VLOOKUP('READMIT Patient Registry'!N26,Key!$K$2:$L$4,2,FALSE)+VLOOKUP('READMIT Patient Registry'!O26,Key!$K$6:$L$8,2,FALSE)+VLOOKUP('READMIT Patient Registry'!P26,Key!$M$2:$N$5,2,FALSE),\"\")","v":""},{"$f":"IFERROR(VLOOKUP(Q26,Key!$A$17:$B$20,2,TRUE),\"\")","v":""}]
[null,null,null,null,null,null,null,null,null,null,null,null,null,null,null,null,{"$f":"IFERROR(VLOOKUP(E27,Key!$A$2:$B$6,2,FALSE)+VLOOKUP(F27,Key!$C$2:$D$4,2,FALSE)+VLOOKUP(G27,Key!$C$6:$D$8,2,FALSE)+VLOOKUP('READMIT Patient Registry'!H27,Key!$C$10:$D$12,2,FALSE)+VLOOKUP('READMIT Patient Registry'!I27,Key!$E$2:$F$11,2,FALSE)+VLOOKUP('READMIT Patient Registry'!J27,Key!$G$2:$H$6,2,FALSE)+VLOOKUP('READMIT Patient Registry'!K27,Key!$G$8:$H$10,2,FALSE)+VLOOKUP('READMIT Patient Registry'!L27,Key!$G$12:$H$14,2,FALSE)+VLOOKUP('READMIT Patient Registry'!M27,Key!$I$2:$J$5,2,FALSE)+VLOOKUP('READMIT Patient Registry'!N27,Key!$K$2:$L$4,2,FALSE)+VLOOKUP('READMIT Patient Registry'!O27,Key!$K$6:$L$8,2,FALSE)+VLOOKUP('READMIT Patient Registry'!P27,Key!$M$2:$N$5,2,FALSE),\"\")","v":""},{"$f":"IFERROR(VLOOKUP(Q27,Key!$A$17:$B$20,2,TRUE),\"\")","v":""}]
[null,null,null,null,null,null,null,null,null,null,null,null,null,null,null,null,{"$f":"IFERROR(VLOOKUP(E28,Key!$A$2:$B$6,2,FALSE)+VLOOKUP(F28,Key!$C$2:$D$4,2,FALSE)+VLOOKUP(G28,Key!$C$6:$D$8,2,FALSE)+VLOOKUP('READMIT Patient Registry'!H28,Key!$C$10:$D$12,2,FALSE)+VLOOKUP('READMIT Patient Registry'!I28,Key!$E$2:$F$11,2,FALSE)+VLOOKUP('READMIT Patient Registry'!J28,Key!$G$2:$H$6,2,FALSE)+VLOOKUP('READMIT Patient Registry'!K28,Key!$G$8:$H$10,2,FALSE)+VLOOKUP('READMIT Patient Registry'!L28,Key!$G$12:$H$14,2,FALSE)+VLOOKUP('READMIT Patient Registry'!M28,Key!$I$2:$J$5,2,FALSE)+VLOOKUP('READMIT Patient Registry'!N28,Key!$K$2:$L$4,2,FALSE)+VLOOKUP('READMIT Patient Registry'!O28,Key!$K$6:$L$8,2,FALSE)+VLOOKUP('READMIT Patient Registry'!P28,Key!$M$2:$N$5,2,FALSE),\"\")","v":""},{"$f":"IFERROR(VLOOKUP(Q28,Key!$A$17:$B$20,2,TRUE),\"\")","v":""}]
[null,null,null,null,null,null,null,null,null,null,null,null,null,null,null,null,{"$f":"IFERROR(VLOOKUP(E29,Key!$A$2:$B$6,2,FALSE)+VLOOKUP(F29,Key!$C$2:$D$4,2,FALSE)+VLOOKUP(G29,Key!$C$6:$D$8,2,FALSE)+VLOOKUP('READMIT Patient Registry'!H29,Key!$C$10:$D$12,2,FALSE)+VLOOKUP('READMIT Patient Registry'!I29,Key!$E$2:$F$11,2,FALSE)+VLOOKUP('READMIT Patient Registry'!J29,Key!$G$2:$H$6,2,FALSE)+VLOOKUP('READMIT Patient Registry'!K29,Key!$G$8:$H$10,2,FALSE)+VLOOKUP('READMIT Patient Registry'!L29,Key!$G$12:$H$14,2,FALSE)+VLOOKUP('READMIT Patient Registry'!M29,Key!$I$2:$J$5,2,FALSE)+VLOOKUP('READMIT Patient Registry'!N29,Key!$K$2:$L$4,2,FALSE)+VLOOKUP('READMIT Patient Registry'!O29,Key!$K$6:$L$8,2,FALSE)+VLOOKUP('READMIT Patient Registry'!P29,Key!$M$2:$N$5,2,FALSE),\"\")","v":""},{"$f":"IFERROR(VLOOKUP(Q29,Key!$A$17:$B$20,2,TRUE),\"\")","v":""}]
[null,null,null,null,null,null,null,null,null,null,null,null,null,null,null,null,{"$f":"IFERROR(VLOOKUP(E30,Key!$A$2:$B$6,2,FALSE)+VLOOKUP(F30,Key!$C$2:$D$4,2,FALSE)+VLOOKUP(G30,Key!$C$6:$D$8,2,FALSE)+VLOOKUP('READMIT Patient Registry'!H30,Key!$C$10:$D$12,2,FALSE)+VLOOKUP('READMIT Patient Registry'!I30,Key!$E$2:$F$11,2,FALSE)+VLOOKUP('READMIT Patient Registry'!J30,Key!$G$2:$H$6,2,FALSE)+VLOOKUP('READMIT Patient Registry'!K30,Key!$G$8:$H$10,2,FALSE)+VLOOKUP('READMIT Patient Registry'!L30,Key!$G$12:$H$14,2,FALSE)+VLOOKUP('READMIT Patient Registry'!M30,Key!$I$2:$J$5,2,FALSE)+VLOOKUP('READMIT Patient Registry'!N30,Key!$K$2:$L$4,2,FALSE)+VLOOKUP('READMIT Patient Registry'!O30,Key!$K$6:$L$8,2,FALSE)+VLOOKUP('READMIT Patient Registry'!P30,Key!$M$2:$N$5,2,FALSE),\"\")","v":""},{"$f":"IFERROR(VLOOKUP(Q30,Key!$A$17:$B$20,2,TRUE),\"\")","v":""}]
[null,null,null,null,null,null,null,null,null,null,null,null,null,null,null,null,{"$f":"IFERROR(VLOOKUP(E31,Key!$A$2:$B$6,2,FALSE)+VLOOKUP(F31,Key!$C$2:$D$4,2,FALSE)+VLOOKUP(G31,Key!$C$6:$D$8,2,FALSE)+VLOOKUP('READMIT Patient Registry'!H31,Key!$C$10:$D$12,2,FALSE)+VLOOKUP('READMIT Patient Registry'!I31,Key!$E$2:$F$11,2,FALSE)+VLOOKUP('READMIT Patient Registry'!J31,Key!$G$2:$H$6,2,FALSE)+VLOOKUP('READMIT Patient Registry'!K31,Key!$G$8:$H$10,2,FALSE)+VLOOKUP('READMIT Patient Registry'!L31,Key!$G$12:$H$14,2,FALSE)+VLOOKUP('READMIT Patient Registry'!M31,Key!$I$2:$J$5,2,FALSE)+VLOOKUP('READMIT Patient Registry'!N31,Key!$K$2:$L$4,2,FALSE)+VLOOKUP('READMIT Patient Registry'!O31,Key!$K$6:$L$8,2,FALSE)+VLOOKUP('READMIT Patient Registry'!P31,Key!$M$2:$N$5,2,FALSE),\"\")","v":""},{"$f":"IFERROR(VLOOKUP(Q31,Key!$A$17:$B$20,2,TRUE),\"\")","v":""}]
[null,null,null,null,null,null,null,null,null,null,null,null,null,null,null,null,{"$f":"IFERROR(VLOOKUP(E32,Key!$A$2:$B$6,2,FALSE)+VLOOKUP(F32,Key!$C$2:$D$4,2,FALSE)+VLOOKUP(G32,Key!$C$6:$D$8,2,FALSE)+VLOOKUP('READMIT Patient Registry'!H32,Key!$C$10:$D$12,2,FALSE)+VLOOKUP('READMIT Patient Registry'!I32,Key!$E$2:$F$11,2,FALSE)+VLOOKUP('READMIT Patient Registry'!J32,Key!$G$2:$H$6,2,FALSE)+VLOOKUP('READMIT Patient Registry'!K32,Key!$G$8:$H$10,2,FALSE)+VLOOKUP('READMIT Patient Registry'!L32,Key!$G$12:$H$14,2,FALSE)+VLOOKUP('READMIT Patient Registry'!M32,Key!$I$2:$J$5,2,FALSE)+VLOOKUP('READMIT Patient Registry'!N32,Key!$K$2:$L$4,2,FALSE)+VLOOKUP('READMIT Patient Registry'!O32,Key!$K$6:$L$8,2,FALSE)+VLOOKUP('READMIT Patient Registry'!P32,Key!$M$2:$N$5,2,FALSE),\"\")","v":""},{"$f":"IFERROR(VLOOKUP(Q32,Key!$A$17:$B$20,2,TRUE),\"\")","v":""}]
[null,null,null,null,null,null,null,null,null,null,null,null,null,null,null,null,{"$f":"IFERROR(VLOOKUP(E33,Key!$A$2:$B$6,2,FALSE)+VLOOKUP(F33,Key!$C$2:$D$4,2,FALSE)+VLOOKUP(G33,Key!$C$6:$D$8,2,FALSE)+VLOOKUP('READMIT Patient Registry'!H33,Key!$C$10:$D$12,2,FALSE)+VLOOKUP('READMIT Patient Registry'!I33,Key!$E$2:$F$11,2,FALSE)+VLOOKUP('READMIT Patient Registry'!J33,Key!$G$2:$H$6,2,FALSE)+VLOOKUP('READMIT Patient Registry'!K33,Key!$G$8:$H$10,2,FALSE)+VLOOKUP('READMIT Patient Registry'!L33,Key!$G$12:$H$14,2,FALSE)+VLOOKUP('READMIT Patient Registry'!M33,Key!$I$2:$J$5,2,FALSE)+VLOOKUP('READMIT Patient Registry'!N33,Key!$K$2:$L$4,2,FALSE)+VLOOKUP('READMIT Patient Registry'!O33,Key!$K$6:$L$8,2,FALSE)+VLOOKUP('READMIT Patient Registry'!P33,Key!$M$2:$N$5,2,FALSE),\"\")","v":""},{"$f":"IFERROR(VLOOKUP(Q33,Key!$A$17:$B$20,2,TRUE),\"\")","v":""}]
[null,null,null,null,null,null,null,null,null,null,null,null,null,null,null,null,{"$f":"IFERROR(VLOOKUP(E34,Key!$A$2:$B$6,2,FALSE)+VLOOKUP(F34,Key!$C$2:$D$4,2,FALSE)+VLOOKUP(G34,Key!$C$6:$D$8,2,FALSE)+VLOOKUP('READMIT Patient Registry'!H34,Key!$C$10:$D$12,2,FALSE)+VLOOKUP('READMIT Patient Registry'!I34,Key!$E$2:$F$11,2,FALSE)+VLOOKUP('READMIT Patient Registry'!J34,Key!$G$2:$H$6,2,FALSE)+VLOOKUP('READMIT Patient Registry'!K34,Key!$G$8:$H$10,2,FALSE)+VLOOKUP('READMIT Patient Registry'!L34,Key!$G$12:$H$14,2,FALSE)+VLOOKUP('READMIT Patient Registry'!M34,Key!$I$2:$J$5,2,FALSE)+VLOOKUP('READMIT Patient Registry'!N34,Key!$K$2:$L$4,2,FALSE)+VLOOKUP('READMIT Patient Registry'!O34,Key!$K$6:$L$8,2,FALSE)+VLOOKUP('READMIT Patient Registry'!P34,Key!$M$2:$N$5,2,FALSE),\"\")","v":""},{"$f":"IFERROR(VLOOKUP(Q34,Key!$A$17:$B$20,2,TRUE),\"\")","v":""}]
[null,null,null,null,null,null,null,null,null,null,null,null,null,null,null,null,{"$f":"IFERROR(VLOOKUP(E35,Key!$A$2:$B$6,2,FALSE)+VLOOKUP(F35,Key!$C$2:$D$4,2,FALSE)+VLOOKUP(G35,Key!$C$6:$D$8,2,FALSE)+VLOOKUP('READMIT Patient Registry'!H35,Key!$C$10:$D$12,2,FALSE)+VLOOKUP('READMIT Patient Registry'!I35,Key!$E$2:$F$11,2,FALSE)+VLOOKUP('READMIT Patient Registry'!J35,Key!$G$2:$H$6,2,FALSE)+VLOOKUP('READMIT Patient Registry'!K35,Key!$G$8:$H$10,2,FALSE)+VLOOKUP('READMIT Patient Registry'!L35,Key!$G$12:$H$14,2,FALSE)+VLOOKUP('READMIT Patient Registry'!M35,Key!$I$2:$J$5,2,FALSE)+VLOOKUP('READMIT Patient Registry'!N35,Key!$K$2:$L$4,2,FALSE)+VLOOKUP('READMIT Patient Registry'!O35,Key!$K$6:$L$8,2,FALSE)+VLOOKUP('READMIT Patient Registry'!P35,Key!$M$2:$N$5,2,FALSE),\"\")","v":""},{"$f":"IFERROR(VLOOKUP(Q35,Key!$A$17:$B$20,2,TRUE),\"\")","v":""}]
[null,null,null,null,null,null,null,null,null,null,null,null,null,null,null,null,{"$f":"IFERROR(VLOOKUP(E36,Key!$A$2:$B$6,2,FALSE)+VLOOKUP(F36,Key!$C$2:$D$4,2,FALSE)+VLOOKUP(G36,Key!$C$6:$D$8,2,FALSE)+VLOOKUP('READMIT Patient Registry'!H36,Key!$C$10:$D$12,2,FALSE)+VLOOKUP('READMIT Patient Registry'!I36,Key!$E$2:$F$11,2,FALSE)+VLOOKUP('READMIT Patient Registry'!J36,Key!$G$2:$H$6,2,FALSE)+VLOOKUP('READMIT Patient Registry'!K36,Key!$G$8:$H$10,2,FALSE)+VLOOKUP('READMIT Patient Registry'!L36,Key!$G$12:$H$14,2,FALSE)+VLOOKUP('READMIT Patient Registry'!M36,Key!$I$2:$J$5,2,FALSE)+VLOOKUP('READMIT Patient Registry'!N36,Key!$K$2:$L$4,2,FALSE)+VLOOKUP('READMIT Patient Registry'!O36,Key!$K$6:$L$8,2,FALSE)+VLOOKUP('READMIT Patient Registry'!P36,Key!$M$2:$N$5,2,FALSE),\"\")","v":""},{"$f":"IFERROR(VLOOKUP(Q36,Key!$A$17:$B$20,2,TRUE),\"\")","v":""}]
[null,null,null,null,null,null,null,null,null,null,null,null,null,null,null,null,{"$f":"IFERROR(VLOOKUP(E37,Key!$A$2:$B$6,2,FALSE)+VLOOKUP(F37,Key!$C$2:$D$4,2,FALSE)+VLOOKUP(G37,Key!$C$6:$D$8,2,FALSE)+VLOOKUP('READMIT Patient Registry'!H37,Key!$C$10:$D$12,2,FALSE)+VLOOKUP('READMIT Patient Registry'!I37,Key!$E$2:$F$11,2,FALSE)+VLOOKUP('READMIT Patient Registry'!J37,Key!$G$2:$H$6,2,FALSE)+VLOOKUP('READMIT Patient Registry'!K37,Key!$G$8:$H$10,2,FALSE)+VLOOKUP('READMIT Patient Registry'!L37,Key!$G$12:$H$14,2,FALSE)+VLOOKUP('READMIT Patient Registry'!M37,Key!$I$2:$J$5,2,FALSE)+VLOOKUP('READMIT Patient Registry'!N37,Key!$K$2:$L$4,2,FALSE)+VLOOKUP('READMIT Patient Registry'!O37,Key!$K$6:$L$8,2,FALSE)+VLOOKUP('READMIT Patient Registry'!P37,Key!$M$2:$N$5,2,FALSE),\"\")","v":""},{"$f":"IFERROR(VLOOKUP(Q37,Key!$A$17:$B$20,2,TRUE),\"\")","v":""}]
[null,null,null,null,null,null,null,null,null,null,null,null,null,null,null,null,{"$f":"IFERROR(VLOOKUP(E38,Key!$A$2:$B$6,2,FALSE)+VLOOKUP(F38,Key!$C$2:$D$4,2,FALSE)+VLOOKUP(G38,Key!$C$6:$D$8,2,FALSE)+VLOOKUP('READMIT Patient Registry'!H38,Key!$C$10:$D$12,2,FALSE)+VLOOKUP('READMIT Patient Registry'!I38,Key!$E$2:$F$11,2,FALSE)+VLOOKUP('READMIT Patient Registry'!J38,Key!$G$2:$H$6,2,FALSE)+VLOOKUP('READMIT Patient Registry'!K38,Key!$G$8:$H$10,2,FALSE)+VLOOKUP('READMIT Patient Registry'!L38,Key!$G$12:$H$14,2,FALSE)+VLOOKUP('READMIT Patient Registry'!M38,Key!$I$2:$J$5,2,FALSE)+VLOOKUP('READMIT Patient Registry'!N38,Key!$K$2:$L$4,2,FALSE)+VLOOKUP('READMIT Patient Registry'!O38,Key!$K$6:$L$8,2,FALSE)+VLOOKUP('READMIT Patient Registry'!P38,Key!$M$2:$N$5,2,FALSE),\"\")","v":""},{"$f":"IFERROR(VLOOKUP(Q38,Key!$A$17:$B$20,2,TRUE),\"\")","v":""}]
[null,null,null,null,null,null,null,null,null,null,null,null,null,null,null,null,{"$f":"IFERROR(VLOOKUP(E39,Key!$A$2:$B$6,2,FALSE)+VLOOKUP(F39,Key!$C$2:$D$4,2,FALSE)+VLOOKUP(G39,Key!$C$6:$D$8,2,FALSE)+VLOOKUP('READMIT Patient Registry'!H39,Key!$C$10:$D$12,2,FALSE)+VLOOKUP('READMIT Patient Registry'!I39,Key!$E$2:$F$11,2,FALSE)+VLOOKUP('READMIT Patient Registry'!J39,Key!$G$2:$H$6,2,FALSE)+VLOOKUP('READMIT Patient Registry'!K39,Key!$G$8:$H$10,2,FALSE)+VLOOKUP('READMIT Patient Registry'!L39,Key!$G$12:$H$14,2,FALSE)+VLOOKUP('READMIT Patient Registry'!M39,Key!$I$2:$J$5,2,FALSE)+VLOOKUP('READMIT Patient Registry'!N39,Key!$K$2:$L$4,2,FALSE)+VLOOKUP('READMIT Patient Registry'!O39,Key!$K$6:$L$8,2,FALSE)+VLOOKUP('READMIT Patient Registry'!P39,Key!$M$2:$N$5,2,FALSE),\"\")","v":""},{"$f":"IFERROR(VLOOKUP(Q39,Key!$A$17:$B$20,2,TRUE),\"\")","v":""}]
[null,null,null,null,null,null,null,null,null,null,null,null,null,null,null,null,{"$f":"IFERROR(VLOOKUP(E40,Key!$A$2:$B$6,2,FALSE)+VLOOKUP(F40,Key!$C$2:$D$4,2,FALSE)+VLOOKUP(G40,Key!$C$6:$D$8,2,FALSE)+VLOOKUP('READMIT Patient Registry'!H40,Key!$C$10:$D$12,2,FALSE)+VLOOKUP('READMIT Patient Registry'!I40,Key!$E$2:$F$11,2,FALSE)+VLOOKUP('READMIT Patient Registry'!J40,Key!$G$2:$H$6,2,FALSE)+VLOOKUP('READMIT Patient Registry'!K40,Key!$G$8:$H$10,2,FALSE)+VLOOKUP('READMIT Patient Registry'!L40,Key!$G$12:$H$14,2,FALSE)+VLOOKUP('READMIT Patient Registry'!M40,Key!$I$2:$J$5,2,FALSE)+VLOOKUP('READMIT Patient Registry'!N40,Key!$K$2:$L$4,2,FALSE)+VLOOKUP('READMIT Patient Registry'!O40,Key!$K$6:$L$8,2,FALSE)+VLOOKUP('READMIT Patient Registry'!P40,Key!$M$2:$N$5,2,FALSE),\"\")","v":""},{"$f":"IFERROR(VLOOKUP(Q40,Key!$A$17:$B$20,2,TRUE),\"\")","v":""}]
[null,null,null,null,null,null,null,null,null,null,null,null,null,null,null,null,{"$f":"IFERROR(VLOOKUP(E41,Key!$A$2:$B$6,2,FALSE)+VLOOKUP(F41,Key!$C$2:$D$4,2,FALSE)+VLOOKUP(G41,Key!$C$6:$D$8,2,FALSE)+VLOOKUP('READMIT Patient Registry'!H41,Key!$C$10:$D$12,2,FALSE)+VLOOKUP('READMIT Patient Registry'!I41,Key!$E$2:$F$11,2,FALSE)+VLOOKUP('READMIT Patient Registry'!J41,Key!$G$2:$H$6,2,FALSE)+VLOOKUP('READMIT Patient Registry'!K41,Key!$G$8:$H$10,2,FALSE)+VLOOKUP('READMIT Patient Registry'!L41,Key!$G$12:$H$14,2,FALSE)+VLOOKUP('READMIT Patient Registry'!M41,Key!$I$2:$J$5,2,FALSE)+VLOOKUP('READMIT Patient Registry'!N41,Key!$K$2:$L$4,2,FALSE)+VLOOKUP('READMIT Patient Registry'!O41,Key!$K$6:$L$8,2,FALSE)+VLOOKUP('READMIT Patient Registry'!P41,Key!$M$2:$N$5,2,FALSE),\"\")","v":""},{"$f":"IFERROR(VLOOKUP(Q41,Key!$A$17:$B$20,2,TRUE),\"\")","v":""}]
[null,null,null,null,null,null,null,null,null,null,null,null,null,null,null,null,{"$f":"IFERROR(VLOOKUP(E42,Key!$A$2:$B$6,2,FALSE)+VLOOKUP(F42,Key!$C$2:$D$4,2,FALSE)+VLOOKUP(G42,Key!$C$6:$D$8,2,FALSE)+VLOOKUP('READMIT Patient Registry'!H42,Key!$C$10:$D$12,2,FALSE)+VLOOKUP('READMIT Patient Registry'!I42,Key!$E$2:$F$11,2,FALSE)+VLOOKUP('READMIT Patient Registry'!J42,Key!$G$2:$H$6,2,FALSE)+VLOOKUP('READMIT Patient Registry'!K42,Key!$G$8:$H$10,2,FALSE)+VLOOKUP('READMIT Patient Registry'!L42,Key!$G$12:$H$14,2,FALSE)+VLOOKUP('READMIT Patient Registry'!M42,Key!$I$2:$J$5,2,FALSE)+VLOOKUP('READMIT Patient Registry'!N42,Key!$K$2:$L$4,2,FALSE)+VLOOKUP('READMIT Patient Registry'!O42,Key!$K$6:$L$8,2,FALSE)+VLOOKUP('READMIT Patient Registry'!P42,Key!$M$2:$N$5,2,FALSE),\"\")","v":""},{"$f":"IFERROR(VLOOKUP(Q42,Key!$A$17:$B$20,2,TRUE),\"\")","v":""}]
[null,null,null,null,null,null,null,null,null,null,null,null,null,null,null,null,{"$f":"IFERROR(VLOOKUP(E43,Key!$A$2:$B$6,2,FALSE)+VLOOKUP(F43,Key!$C$2:$D$4,2,FALSE)+VLOOKUP(G43,Key!$C$6:$D$8,2,FALSE)+VLOOKUP('READMIT Patient Registry'!H43,Key!$C$10:$D$12,2,FALSE)+VLOOKUP('READMIT Patient Registry'!I43,Key!$E$2:$F$11,2,FALSE)+VLOOKUP('READMIT Patient Registry'!J43,Key!$G$2:$H$6,2,FALSE)+VLOOKUP('READMIT Patient Registry'!K43,Key!$G$8:$H$10,2,FALSE)+VLOOKUP('READMIT Patient Registry'!L43,Key!$G$12:$H$14,2,FALSE)+VLOOKUP('READMIT Patient Registry'!M43,Key!$I$2:$J$5,2,FALSE)+VLOOKUP('READMIT Patient Registry'!N43,Key!$K$2:$L$4,2,FALSE)+VLOOKUP('READMIT Patient Registry'!O43,Key!$K$6:$L$8,2,FALSE)+VLOOKUP('READMIT Patient Registry'!P43,Key!$M$2:$N$5,2,FALSE),\"\")","v":""},{"$f":"IFERROR(VLOOKUP(Q43,Key!$A$17:$B$20,2,TRUE),\"\")","v":""}]
[null,null,null,null,null,null,null,null,null,null,null,null,null,null,null,null,{"$f":"IFERROR(VLOOKUP(E44,Key!$A$2:$B$6,2,FALSE)+VLOOKUP(F44,Key!$C$2:$D$4,2,FALSE)+VLOOKUP(G44,Key!$C$6:$D$8,2,FALSE)+VLOOKUP('READMIT Patient Registry'!H44,Key!$C$10:$D$12,2,FALSE)+VLOOKUP('READMIT Patient Registry'!I44,Key!$E$2:$F$11,2,FALSE)+VLOOKUP('READMIT Patient Registry'!J44,Key!$G$2:$H$6,2,FALSE)+VLOOKUP('READMIT Patient Registry'!K44,Key!$G$8:$H$10,2,FALSE)+VLOOKUP('READMIT Patient Registry'!L44,Key!$G$12:$H$14,2,FALSE)+VLOOKUP('READMIT Patient Registry'!M44,Key!$I$2:$J$5,2,FALSE)+VLOOKUP('READMIT Patient Registry'!N44,Key!$K$2:$L$4,2,FALSE)+VLOOKUP('READMIT Patient Registry'!O44,Key!$K$6:$L$8,2,FALSE)+VLOOKUP('READMIT Patient Registry'!P44,Key!$M$2:$N$5,2,FALSE),\"\")","v":""},{"$f":"IFERROR(VLOOKUP(Q44,Key!$A$17:$B$20,2,TRUE),\"\")","v":""}]
[null,null,null,null,null,null,null,null,null,null,null,null,null,null,null,null,{"$f":"IFERROR(VLOOKUP(E45,Key!$A$2:$B$6,2,FALSE)+VLOOKUP(F45,Key!$C$2:$D$4,2,FALSE)+VLOOKUP(G45,Key!$C$6:$D$8,2,FALSE)+VLOOKUP('READMIT Patient Registry'!H45,Key!$C$10:$D$12,2,FALSE)+VLOOKUP('READMIT Patient Registry'!I45,Key!$E$2:$F$11,2,FALSE)+VLOOKUP('READMIT Patient Registry'!J45,Key!$G$2:$H$6,2,FALSE)+VLOOKUP('READMIT Patient Registry'!K45,Key!$G$8:$H$10,2,FALSE)+VLOOKUP('READMIT Patient Registry'!L45,Key!$G$12:$H$14,2,FALSE)+VLOOKUP('READMIT Patient Registry'!M45,Key!$I$2:$J$5,2,FALSE)+VLOOKUP('READMIT Patient Registry'!N45,Key!$K$2:$L$4,2,FALSE)+VLOOKUP('READMIT Patient Registry'!O45,Key!$K$6:$L$8,2,FALSE)+VLOOKUP('READMIT Patient Registry'!P45,Key!$M$2:$N$5,2,FALSE),\"\")","v":""},{"$f":"IFERROR(VLOOKUP(Q45,Key!$A$17:$B$20,2,TRUE),\"\")","v":""}]
[null,null,null,null,null,null,null,null,null,null,null,null,null,null,null,null,{"$f":"IFERROR(VLOOKUP(E46,Key!$A$2:$B$6,2,FALSE)+VLOOKUP(F46,Key!$C$2:$D$4,2,FALSE)+VLOOKUP(G46,Key!$C$6:$D$8,2,FALSE)+VLOOKUP('READMIT Patient Registry'!H46,Key!$C$10:$D$12,2,FALSE)+VLOOKUP('READMIT Patient Registry'!I46,Key!$E$2:$F$11,2,FALSE)+VLOOKUP('READMIT Patient Registry'!J46,Key!$G$2:$H$6,2,FALSE)+VLOOKUP('READMIT Patient Registry'!K46,Key!$G$8:$H$10,2,FALSE)+VLOOKUP('READMIT Patient Registry'!L46,Key!$G$12:$H$14,2,FALSE)+VLOOKUP('READMIT Patient Registry'!M46,Key!$I$2:$J$5,2,FALSE)+VLOOKUP('READMIT Patient Registry'!N46,Key!$K$2:$L$4,2,FALSE)+VLOOKUP('READMIT Patient Registry'!O46,Key!$K$6:$L$8,2,FALSE)+VLOOKUP('READMIT Patient Registry'!P46,Key!$M$2:$N$5,2,FALSE),\"\")","v":""},{"$f":"IFERROR(VLOOKUP(Q46,Key!$A$17:$B$20,2,TRUE),\"\")","v":""}]
[null,null,null,null,null,null,null,null,null,null,null,null,null,null,null,null,{"$f":"IFERROR(VLOOKUP(E47,Key!$A$2:$B$6,2,FALSE)+VLOOKUP(F47,Key!$C$2:$D$4,2,FALSE)+VLOOKUP(G47,Key!$C$6:$D$8,2,FALSE)+VLOOKUP('READMIT Patient Registry'!H47,Key!$C$10:$D$12,2,FALSE)+VLOOKUP('READMIT Patient Registry'!I47,Key!$E$2:$F$11,2,FALSE)+VLOOKUP('READMIT Patient Registry'!J47,Key!$G$2:$H$6,2,FALSE)+VLOOKUP('READMIT Patient Registry'!K47,Key!$G$8:$H$10,2,FALSE)+VLOOKUP('READMIT Patient Registry'!L47,Key!$G$12:$H$14,2,FALSE)+VLOOKUP('READMIT Patient Registry'!M47,Key!$I$2:$J$5,2,FALSE)+VLOOKUP('READMIT Patient Registry'!N47,Key!$K$2:$L$4,2,FALSE)+VLOOKUP('READMIT Patient Registry'!O47,Key!$K$6:$L$8,2,FALSE)+VLOOKUP('READMIT Patient Registry'!P47,Key!$M$2:$N$5,2,FALSE),\"\")","v":""},{"$f":"IFERROR(VLOOKUP(Q47,Key!$A$17:$B$20,2,TRUE),\"\")","v":""}]
[null,null,null,null,null,null,null,null,null,null,null,null,null,null,null,null,{"$f":"IFERROR(VLOOKUP(E48,Key!$A$2:$B$6,2,FALSE)+VLOOKUP(F48,Key!$C$2:$D$4,2,FALSE)+VLOOKUP(G48,Key!$C$6:$D$8,2,FALSE)+VLOOKUP('READMIT Patient Registry'!H48,Key!$C$10:$D$12,2,FALSE)+VLOOKUP('READMIT Patient Registry'!I48,Key!$E$2:$F$11,2,FALSE)+VLOOKUP('READMIT Patient Registry'!J48,Key!$G$2:$H$6,2,FALSE)+VLOOKUP('READMIT Patient Registry'!K48,Key!$G$8:$H$10,2,FALSE)+VLOOKUP('READMIT Patient Registry'!L48,Key!$G$12:$H$14,2,FALSE)+VLOOKUP('READMIT Patient Registry'!M48,Key!$I$2:$J$5,2,FALSE)+VLOOKUP('READMIT Patient Registry'!N48,Key!$K$2:$L$4,2,FALSE)+VLOOKUP('READMIT Patient Registry'!O48,Key!$K$6:$L$8,2,FALSE)+VLOOKUP('READMIT Patient Registry'!P48,Key!$M$2:$N$5,2,FALSE),\"\")","v":""},{"$f":"IFERROR(VLOOKUP(Q48,Key!$A$17:$B$20,2,TRUE),\"\")","v":""}]
[null,null,null,null,null,null,null,null,null,null,null,null,null,null,null,null,{"$f":"IFERROR(VLOOKUP(E49,Key!$A$2:$B$6,2,FALSE)+VLOOKUP(F49,Key!$C$2:$D$4,2,FALSE)+VLOOKUP(G49,Key!$C$6:$D$8,2,FALSE)+VLOOKUP('READMIT Patient Registry'!H49,Key!$C$10:$D$12,2,FALSE)+VLOOKUP('READMIT Patient Registry'!I49,Key!$E$2:$F$11,2,FALSE)+VLOOKUP('READMIT Patient Registry'!J49,Key!$G$2:$H$6,2,FALSE)+VLOOKUP('READMIT Patient Registry'!K49,Key!$G$8:$H$10,2,FALSE)+VLOOKUP('READMIT Patient Registry'!L49,Key!$G$12:$H$14,2,FALSE)+VLOOKUP('READMIT Patient Registry'!M49,Key!$I$2:$J$5,2,FALSE)+VLOOKUP('READMIT Patient Registry'!N49,Key!$K$2:$L$4,2,FALSE)+VLOOKUP('READMIT Patient Registry'!O49,Key!$K$6:$L$8,2,FALSE)+VLOOKUP('READMIT Patient Registry'!P49,Key!$M$2:$N$5,2,FALSE),\"\")","v":""},{"$f":"IFERROR(VLOOKUP(Q49,Key!$A$17:$B$20,2,TRUE),\"\")","v":""}]
[null,null,null,null,null,null,null,null,null,null,null,null,null,null,null,null,{"$f":"IFERROR(VLOOKUP(E50,Key!$A$2:$B$6,2,FALSE)+VLOOKUP(F50,Key!$C$2:$D$4,2,FALSE)+VLOOKUP(G50,Key!$C$6:$D$8,2,FALSE)+VLOOKUP('READMIT Patient Registry'!H50,Key!$C$10:$D$12,2,FALSE)+VLOOKUP('READMIT Patient Registry'!I50,Key!$E$2:$F$11,2,FALSE)+VLOOKUP('READMIT Patient Registry'!J50,Key!$G$2:$H$6,2,FALSE)+VLOOKUP('READMIT Patient Registry'!K50,Key!$G$8:$H$10,2,FALSE)+VLOOKUP('READMIT Patient Registry'!L50,Key!$G$12:$H$14,2,FALSE)+VLOOKUP('READMIT Patient Registry'!M50,Key!$I$2:$J$5,2,FALSE)+VLOOKUP('READMIT Patient Registry'!N50,Key!$K$2:$L$4,2,FALSE)+VLOOKUP('READMIT Patient Registry'!O50,Key!$K$6:$L$8,2,FALSE)+VLOOKUP('READMIT Patient Registry'!P50,Key!$M$2:$N$5,2,FALSE),\"\")","v":""},{"$f":"IFERROR(VLOOKUP(Q50,Key!$A$17:$B$20,2,TRUE),\"\")","v":""}]
[null,null,null,null,null,null,null,null,null,null,null,null,null,null,null,null,{"$f":"IFERROR(VLOOKUP(E51,Key!$A$2:$B$6,2,FALSE)+VLOOKUP(F51,Key!$C$2:$D$4,2,FALSE)+VLOOKUP(G51,Key!$C$6:$D$8,2,FALSE)+VLOOKUP('READMIT Patient Registry'!H51,Key!$C$10:$D$12,2,FALSE)+VLOOKUP('READMIT Patient Registry'!I51,Key!$E$2:$F$11,2,FALSE)+VLOOKUP('READMIT Patient Registry'!J51,Key!$G$2:$H$6,2,FALSE)+VLOOKUP('READMIT Patient Registry'!K51,Key!$G$8:$H$10,2,FALSE)+VLOOKUP('READMIT Patient Registry'!L51,Key!$G$12:$H$14,2,FALSE)+VLOOKUP('READMIT Patient Registry'!M51,Key!$I$2:$J$5,2,FALSE)+VLOOKUP('READMIT Patient Registry'!N51,Key!$K$2:$L$4,2,FALSE)+VLOOKUP('READMIT Patient Registry'!O51,Key!$K$6:$L$8,2,FALSE)+VLOOKUP('READMIT Patient Registry'!P51,Key!$M$2:$N$5,2,FALSE),\"\")","v":""},{"$f":"IFERROR(VLOOKUP(Q51,Key!$A$17:$B$20,2,TRUE),\"\")","v":""}]
[null,null,null,null,null,null,null,null,null,null,null,null,null,null,null,null,{"$f":"IFERROR(VLOOKUP(E52,Key!$A$2:$B$6,2,FALSE)+VLOOKUP(F52,Key!$C$2:$D$4,2,FALSE)+VLOOKUP(G52,Key!$C$6:$D$8,2,FALSE)+VLOOKUP('READMIT Patient Registry'!H52,Key!$C$10:$D$12,2,FALSE)+VLOOKUP('READMIT Patient Registry'!I52,Key!$E$2:$F$11,2,FALSE)+VLOOKUP('READMIT Patient Registry'!J52,Key!$G$2:$H$6,2,FALSE)+VLOOKUP('READMIT Patient Registry'!K52,Key!$G$8:$H$10,2,FALSE)+VLOOKUP('READMIT Patient Registry'!L52,Key!$G$12:$H$14,2,FALSE)+VLOOKUP('READMIT Patient Registry'!M52,Key!$I$2:$J$5,2,FALSE)+VLOOKUP('READMIT Patient Registry'!N52,Key!$K$2:$L$4,2,FALSE)+VLOOKUP('READMIT Patient Registry'!O52,Key!$K$6:$L$8,2,FALSE)+VLOOKUP('READMIT Patient Registry'!P52,Key!$M$2:$N$5,2,FALSE),\"\")","v":""},{"$f":"IFERROR(VLOOKUP(Q52,Key!$A$17:$B$20,2,TRUE),\"\")","v":""}]
[null,null,null,null,null,null,null,null,null,null,null,null,null,null,null,null,{"$f":"IFERROR(VLOOKUP(E53,Key!$A$2:$B$6,2,FALSE)+VLOOKUP(F53,Key!$C$2:$D$4,2,FALSE)+VLOOKUP(G53,Key!$C$6:$D$8,2,FALSE)+VLOOKUP('READMIT Patient Registry'!H53,Key!$C$10:$D$12,2,FALSE)+VLOOKUP('READMIT Patient Registry'!I53,Key!$E$2:$F$11,2,FALSE)+VLOOKUP('READMIT Patient Registry'!J53,Key!$G$2:$H$6,2,FALSE)+VLOOKUP('READMIT Patient Registry'!K53,Key!$G$8:$H$10,2,FALSE)+VLOOKUP('READMIT Patient Registry'!L53,Key!$G$12:$H$14,2,FALSE)+VLOOKUP('READMIT Patient Registry'!M53,Key!$I$2:$J$5,2,FALSE)+VLOOKUP('READMIT Patient Registry'!N53,Key!$K$2:$L$4,2,FALSE)+VLOOKUP('READMIT Patient Registry'!O53,Key!$K$6:$L$8,2,FALSE)+VLOOKUP('READMIT Patient Registry'!P53,Key!$M$2:$N$5,2,FALSE),\"\")","v":""},{"$f":"IFERROR(VLOOKUP(Q53,Key!$A$17:$B$20,2,TRUE),\"\")","v":""}]
[null,null,null,null,null,null,null,null,null,null,null,null,null,null,null,null,{"$f":"IFERROR(VLOOKUP(E54,Key!$A$2:$B$6,2,FALSE)+VLOOKUP(F54,Key!$C$2:$D$4,2,FALSE)+VLOOKUP(G54,Key!$C$6:$D$8,2,FALSE)+VLOOKUP('READMIT Patient Registry'!H54,Key!$C$10:$D$12,2,FALSE)+VLOOKUP('READMIT Patient Registry'!I54,Key!$E$2:$F$11,2,FALSE)+VLOOKUP('READMIT Patient Registry'!J54,Key!$G$2:$H$6,2,FALSE)+VLOOKUP('READMIT Patient Registry'!K54,Key!$G$8:$H$10,2,FALSE)+VLOOKUP('READMIT Patient Registry'!L54,Key!$G$12:$H$14,2,FALSE)+VLOOKUP('READMIT Patient Registry'!M54,Key!$I$2:$J$5,2,FALSE)+VLOOKUP('READMIT Patient Registry'!N54,Key!$K$2:$L$4,2,FALSE)+VLOOKUP('READMIT Patient Registry'!O54,Key!$K$6:$L$8,2,FALSE)+VLOOKUP('READMIT Patient Registry'!P54,Key!$M$2:$N$5,2,FALSE),\"\")","v":""},{"$f":"IFERROR(VLOOKUP(Q54,Key!$A$17:$B$20,2,TRUE),\"\")","v":""}]
[null,null,null,null,null,null,null,null,null,null,null,null,null,null,null,null,{"$f":"IFERROR(VLOOKUP(E55,Key!$A$2:$B$6,2,FALSE)+VLOOKUP(F55,Key!$C$2:$D$4,2,FALSE)+VLOOKUP(G55,Key!$C$6:$D$8,2,FALSE)+VLOOKUP('READMIT Patient Registry'!H55,Key!$C$10:$D$12,2,FALSE)+VLOOKUP('READMIT Patient Registry'!I55,Key!$E$2:$F$11,2,FALSE)+VLOOKUP('READMIT Patient Registry'!J55,Key!$G$2:$H$6,2,FALSE)+VLOOKUP('READMIT Patient Registry'!K55,Key!$G$8:$H$10,2,FALSE)+VLOOKUP('READMIT Patient Registry'!L55,Key!$G$12:$H$14,2,FALSE)+VLOOKUP('READMIT Patient Registry'!M55,Key!$I$2:$J$5,2,FALSE)+VLOOKUP('READMIT Patient Registry'!N55,Key!$K$2:$L$4,2,FALSE)+VLOOKUP('READMIT Patient Registry'!O55,Key!$K$6:$L$8,2,FALSE)+VLOOKUP('READMIT Patient Registry'!P55,Key!$M$2:$N$5,2,FALSE),\"\")","v":""},{"$f":"IFERROR(VLOOKUP(Q55,Key!$A$17:$B$20,2,TRUE),\"\")","v":""}]
[null,null,null,null,null,null,null,null,null,null,null,null,null,null,null,null,{"$f":"IFERROR(VLOOKUP(E56,Key!$A$2:$B$6,2,FALSE)+VLOOKUP(F56,Key!$C$2:$D$4,2,FALSE)+VLOOKUP(G56,Key!$C$6:$D$8,2,FALSE)+VLOOKUP('READMIT Patient Registry'!H56,Key!$C$10:$D$12,2,FALSE)+VLOOKUP('READMIT Patient Registry'!I56,Key!$E$2:$F$11,2,FALSE)+VLOOKUP('READMIT Patient Registry'!J56,Key!$G$2:$H$6,2,FALSE)+VLOOKUP('READMIT Patient Registry'!K56,Key!$G$8:$H$10,2,FALSE)+VLOOKUP('READMIT Patient Registry'!L56,Key!$G$12:$H$14,2,FALSE)+VLOOKUP('READMIT Patient Registry'!M56,Key!$I$2:$J$5,2,FALSE)+VLOOKUP('READMIT Patient Registry'!N56,Key!$K$2:$L$4,2,FALSE)+VLOOKUP('READMIT Patient Registry'!O56,Key!$K$6:$L$8,2,FALSE)+VLOOKUP('READMIT Patient Registry'!P56,Key!$M$2:$N$5,2,FALSE),\"\")","v":""},{"$f":"IFERROR(VLOOKUP(Q56,Key!$A$17:$B$20,2,TRUE),\"\")","v":""}]
[null,null,null,null,null,null,null,null,null,null,null,null,null,null,null,null,{"$f":"IFERROR(VLOOKUP(E57,Key!$A$2:$B$6,2,FALSE)+VLOOKUP(F57,Key!$C$2:$D$4,2,FALSE)+VLOOKUP(G57,Key!$C$6:$D$8,2,FALSE)+VLOOKUP('READMIT Patient Registry'!H57,Key!$C$10:$D$12,2,FALSE)+VLOOKUP('READMIT Patient Registry'!I57,Key!$E$2:$F$11,2,FALSE)+VLOOKUP('READMIT Patient Registry'!J57,Key!$G$2:$H$6,2,FALSE)+VLOOKUP('READMIT Patient Registry'!K57,Key!$G$8:$H$10,2,FALSE)+VLOOKUP('READMIT Patient Registry'!L57,Key!$G$12:$H$14,2,FALSE)+VLOOKUP('READMIT Patient Registry'!M57,Key!$I$2:$J$5,2,FALSE)+VLOOKUP('READMIT Patient Registry'!N57,Key!$K$2:$L$4,2,FALSE)+VLOOKUP('READMIT Patient Registry'!O57,Key!$K$6:$L$8,2,FALSE)+VLOOKUP('READMIT Patient Registry'!P57,Key!$M$2:$N$5,2,FALSE),\"\")","v":""},{"$f":"IFERROR(VLOOKUP(Q57,Key!$A$17:$B$20,2,TRUE),\"\")","v":""}]
[null,null,null,null,null,null,null,null,null,null,null,null,null,null,null,null,{"$f":"IFERROR(VLOOKUP(E58,Key!$A$2:$B$6,2,FALSE)+VLOOKUP(F58,Key!$C$2:$D$4,2,FALSE)+VLOOKUP(G58,Key!$C$6:$D$8,2,FALSE)+VLOOKUP('READMIT Patient Registry'!H58,Key!$C$10:$D$12,2,FALSE)+VLOOKUP('READMIT Patient Registry'!I58,Key!$E$2:$F$11,2,FALSE)+VLOOKUP('READMIT Patient Registry'!J58,Key!$G$2:$H$6,2,FALSE)+VLOOKUP('READMIT Patient Registry'!K58,Key!$G$8:$H$10,2,FALSE)+VLOOKUP('READMIT Patient Registry'!L58,Key!$G$12:$H$14,2,FALSE)+VLOOKUP('READMIT Patient Registry'!M58,Key!$I$2:$J$5,2,FALSE)+VLOOKUP('READMIT Patient Registry'!N58,Key!$K$2:$L$4,2,FALSE)+VLOOKUP('READMIT Patient Registry'!O58,Key!$K$6:$L$8,2,FALSE)+VLOOKUP('READMIT Patient Registry'!P58,Key!$M$2:$N$5,2,FALSE),\"\")","v":""},{"$f":"IFERROR(VLOOKUP(Q58,Key!$A$17:$B$20,2,TRUE),\"\")","v":""}]
[null,null,null,null,null,null,null,null,null,null,null,null,null,null,null,null,{"$f":"IFERROR(VLOOKUP(E59,Key!$A$2:$B$6,2,FALSE)+VLOOKUP(F59,Key!$C$2:$D$4,2,FALSE)+VLOOKUP(G59,Key!$C$6:$D$8,2,FALSE)+VLOOKUP('READMIT Patient Registry'!H59,Key!$C$10:$D$12,2,FALSE)+VLOOKUP('READMIT Patient Registry'!I59,Key!$E$2:$F$11,2,FALSE)+VLOOKUP('READMIT Patient Registry'!J59,Key!$G$2:$H$6,2,FALSE)+VLOOKUP('READMIT Patient Registry'!K59,Key!$G$8:$H$10,2,FALSE)+VLOOKUP('READMIT Patient Registry'!L59,Key!$G$12:$H$14,2,FALSE)+VLOOKUP('READMIT Patient Registry'!M59,Key!$I$2:$J$5,2,FALSE)+VLOOKUP('READMIT Patient Registry'!N59,Key!$K$2:$L$4,2,FALSE)+VLOOKUP('READMIT Patient Registry'!O59,Key!$K$6:$L$8,2,FALSE)+VLOOKUP('READMIT Patient Registry'!P59,Key!$M$2:$N$5,2,FALSE),\"\")","v":""},{"$f":"IFERROR(VLOOKUP(Q59,Key!$A$17:$B$20,2,TRUE),\"\")","v":""}]
[null,null,null,null,null,null,null,null,null,null,null,null,null,null,null,null,{"$f":"IFERROR(VLOOKUP(E60,Key!$A$2:$B$6,2,FALSE)+VLOOKUP(F60,Key!$C$2:$D$4,2,FALSE)+VLOOKUP(G60,Key!$C$6:$D$8,2,FALSE)+VLOOKUP('READMIT Patient Registry'!H60,Key!$C$10:$D$12,2,FALSE)+VLOOKUP('READMIT Patient Registry'!I60,Key!$E$2:$F$11,2,FALSE)+VLOOKUP('READMIT Patient Registry'!J60,Key!$G$2:$H$6,2,FALSE)+VLOOKUP('READMIT Patient Registry'!K60,Key!$G$8:$H$10,2,FALSE)+VLOOKUP('READMIT Patient Registry'!L60,Key!$G$12:$H$14,2,FALSE)+VLOOKUP('READMIT Patient Registry'!M60,Key!$I$2:$J$5,2,FALSE)+VLOOKUP('READMIT Patient Registry'!N60,Key!$K$2:$L$4,2,FALSE)+VLOOKUP('READMIT Patient Registry'!O60,Key!$K$6:$L$8,2,FALSE)+VLOOKUP('READMIT Patient Registry'!P60,Key!$M$2:$N$5,2,FALSE),\"\")","v":""},{"$f":"IFERROR(VLOOKUP(Q60,Key!$A$17:$B$20,2,TRUE),\"\")","v":""}]
[null,null,null,null,null,null,null,null,null,null,null,null,null,null,null,null,{"$f":"IFERROR(VLOOKUP(E61,Key!$A$2:$B$6,2,FALSE)+VLOOKUP(F61,Key!$C$2:$D$4,2,FALSE)+VLOOKUP(G61,Key!$C$6:$D$8,2,FALSE)+VLOOKUP('READMIT Patient Registry'!H61,Key!$C$10:$D$12,2,FALSE)+VLOOKUP('READMIT Patient Registry'!I61,Key!$E$2:$F$11,2,FALSE)+VLOOKUP('READMIT Patient Registry'!J61,Key!$G$2:$H$6,2,FALSE)+VLOOKUP('READMIT Patient Registry'!K61,Key!$G$8:$H$10,2,FALSE)+VLOOKUP('READMIT Patient Registry'!L61,Key!$G$12:$H$14,2,FALSE)+VLOOKUP('READMIT Patient Registry'!M61,Key!$I$2:$J$5,2,FALSE)+VLOOKUP('READMIT Patient Registry'!N61,Key!$K$2:$L$4,2,FALSE)+VLOOKUP('READMIT Patient Registry'!O61,Key!$K$6:$L$8,2,FALSE)+VLOOKUP('READMIT Patient Registry'!P61,Key!$M$2:$N$5,2,FALSE),\"\")","v":""},{"$f":"IFERROR(VLOOKUP(Q61,Key!$A$17:$B$20,2,TRUE),\"\")","v":""}]
[null,null,null,null,null,null,null,null,null,null,null,null,null,null,null,null,{"$f":"IFERROR(VLOOKUP(E62,Key!$A$2:$B$6,2,FALSE)+VLOOKUP(F62,Key!$C$2:$D$4,2,FALSE)+VLOOKUP(G62,Key!$C$6:$D$8,2,FALSE)+VLOOKUP('READMIT Patient Registry'!H62,Key!$C$10:$D$12,2,FALSE)+VLOOKUP('READMIT Patient Registry'!I62,Key!$E$2:$F$11,2,FALSE)+VLOOKUP('READMIT Patient Registry'!J62,Key!$G$2:$H$6,2,FALSE)+VLOOKUP('READMIT Patient Registry'!K62,Key!$G$8:$H$10,2,FALSE)+VLOOKUP('READMIT Patient Registry'!L62,Key!$G$12:$H$14,2,FALSE)+VLOOKUP('READMIT Patient Registry'!M62,Key!$I$2:$J$5,2,FALSE)+VLOOKUP('READMIT Patient Registry'!N62,Key!$K$2:$L$4,2,FALSE)+VLOOKUP('READMIT Patient Registry'!O62,Key!$K$6:$L$8,2,FALSE)+VLOOKUP('READMIT Patient Registry'!P62,Key!$M$2:$N$5,2,FALSE),\"\")","v":""},{"$f":"IFERROR(VLOOKUP(Q62,Key!$A$17:$B$20,2,TRUE),\"\")","v":""}]
[null,null,null,null,null,null,null,null,null,null,null,null,null,null,null,null,{"$f":"IFERROR(VLOOKUP(E63,Key!$A$2:$B$6,2,FALSE)+VLOOKUP(F63,Key!$C$2:$D$4,2,FALSE)+VLOOKUP(G63,Key!$C$6:$D$8,2,FALSE)+VLOOKUP('READMIT Patient Registry'!H63,Key!$C$10:$D$12,2,FALSE)+VLOOKUP('READMIT Patient Registry'!I63,Key!$E$2:$F$11,2,FALSE)+VLOOKUP('READMIT Patient Registry'!J63,Key!$G$2:$H$6,2,FALSE)+VLOOKUP('READMIT Patient Registry'!K63,Key!$G$8:$H$10,2,FALSE)+VLOOKUP('READMIT Patient Registry'!L63,Key!$G$12:$H$14,2,FALSE)+VLOOKUP('READMIT Patient Registry'!M63,Key!$I$2:$J$5,2,FALSE)+VLOOKUP('READMIT Patient Registry'!N63,Key!$K$2:$L$4,2,FALSE)+VLOOKUP('READMIT Patient Registry'!O63,Key!$K$6:$L$8,2,FALSE)+VLOOKUP('READMIT Patient Registry'!P63,Key!$M$2:$N$5,2,FALSE),\"\")","v":""},{"$f":"IFERROR(VLOOKUP(Q63,Key!$A$17:$B$20,2,TRUE),\"\")","v":""}]
[null,null,null,null,null,null,null,null,null,null,null,null,null,null,null,null,{"$f":"IFERROR(VLOOKUP(E64,Key!$A$2:$B$6,2,FALSE)+VLOOKUP(F64,Key!$C$2:$D$4,2,FALSE)+VLOOKUP(G64,Key!$C$6:$D$8,2,FALSE)+VLOOKUP('READMIT Patient Registry'!H64,Key!$C$10:$D$12,2,FALSE)+VLOOKUP('READMIT Patient Registry'!I64,Key!$E$2:$F$11,2,FALSE)+VLOOKUP('READMIT Patient Registry'!J64,Key!$G$2:$H$6,2,FALSE)+VLOOKUP('READMIT Patient Registry'!K64,Key!$G$8:$H$10,2,FALSE)+VLOOKUP('READMIT Patient Registry'!L64,Key!$G$12:$H$14,2,FALSE)+VLOOKUP('READMIT Patient Registry'!M64,Key!$I$2:$J$5,2,FALSE)+VLOOKUP('READMIT Patient Registry'!N64,Key!$K$2:$L$4,2,FALSE)+VLOOKUP('READMIT Patient Registry'!O64,Key!$K$6:$L$8,2,FALSE)+VLOOKUP('READMIT Patient Registry'!P64,Key!$M$2:$N$5,2,FALSE),\"\")","v":""},{"$f":"IFERROR(VLOOKUP(Q64,Key!$A$17:$B$20,2,TRUE),\"\")","v":""}]
[null,null,null,null,null,null,null,null,null,null,null,null,null,null,null,null,{"$f":"IFERROR(VLOOKUP(E65,Key!$A$2:$B$6,2,FALSE)+VLOOKUP(F65,Key!$C$2:$D$4,2,FALSE)+VLOOKUP(G65,Key!$C$6:$D$8,2,FALSE)+VLOOKUP('READMIT Patient Registry'!H65,Key!$C$10:$D$12,2,FALSE)+VLOOKUP('READMIT Patient Registry'!I65,Key!$E$2:$F$11,2,FALSE)+VLOOKUP('READMIT Patient Registry'!J65,Key!$G$2:$H$6,2,FALSE)+VLOOKUP('READMIT Patient Registry'!K65,Key!$G$8:$H$10,2,FALSE)+VLOOKUP('READMIT Patient Registry'!L65,Key!$G$12:$H$14,2,FALSE)+VLOOKUP('READMIT Patient Registry'!M65,Key!$I$2:$J$5,2,FALSE)+VLOOKUP('READMIT Patient Registry'!N65,Key!$K$2:$L$4,2,FALSE)+VLOOKUP('READMIT Patient Registry'!O65,Key!$K$6:$L$8,2,FALSE)+VLOOKUP('READMIT Patient Registry'!P65,Key!$M$2:$N$5,2,FALSE),\"\")","v":""},{"$f":"IFERROR(VLOOKUP(Q65,Key!$A$17:$B$20,2,TRUE),\"\")","v":""}]
[null,null,null,null,null,null,null,null,null,null,null,null,null,null,null,null,{"$f":"IFERROR(VLOOKUP(E66,Key!$A$2:$B$6,2,FALSE)+VLOOKUP(F66,Key!$C$2:$D$4,2,FALSE)+VLOOKUP(G66,Key!$C$6:$D$8,2,FALSE)+VLOOKUP('READMIT Patient Registry'!H66,Key!$C$10:$D$12,2,FALSE)+VLOOKUP('READMIT Patient Registry'!I66,Key!$E$2:$F$11,2,FALSE)+VLOOKUP('READMIT Patient Registry'!J66,Key!$G$2:$H$6,2,FALSE)+VLOOKUP('READMIT Patient Registry'!K66,Key!$G$8:$H$10,2,FALSE)+VLOOKUP('READMIT Patient Registry'!L66,Key!$G$12:$H$14,2,FALSE)+VLOOKUP('READMIT Patient Registry'!M66,Key!$I$2:$J$5,2,FALSE)+VLOOKUP('READMIT Patient Registry'!N66,Key!$K$2:$L$4,2,FALSE)+VLOOKUP('READMIT Patient Registry'!O66,Key!$K$6:$L$8,2,FALSE)+VLOOKUP('READMIT Patient Registry'!P66,Key!$M$2:$N$5,2,FALSE),\"\")","v":""},{"$f":"IFERROR(VLOOKUP(Q66,Key!$A$17:$B$20,2,TRUE),\"\")","v":""}]
[null,null,null,null,null,null,null,null,null,null,null,null,null,null,null,null,{"$f":"IFERROR(VLOOKUP(E67,Key!$A$2:$B$6,2,FALSE)+VLOOKUP(F67,Key!$C$2:$D$4,2,FALSE)+VLOOKUP(G67,Key!$C$6:$D$8,2,FALSE)+VLOOKUP('READMIT Patient Registry'!H67,Key!$C$10:$D$12,2,FALSE)+VLOOKUP('READMIT Patient Registry'!I67,Key!$E$2:$F$11,2,FALSE)+VLOOKUP('READMIT Patient Registry'!J67,Key!$G$2:$H$6,2,FALSE)+VLOOKUP('READMIT Patient Registry'!K67,Key!$G$8:$H$10,2,FALSE)+VLOOKUP('READMIT Patient Registry'!L67,Key!$G$12:$H$14,2,FALSE)+VLOOKUP('READMIT Patient Registry'!M67,Key!$I$2:$J$5,2,FALSE)+VLOOKUP('READMIT Patient Registry'!N67,Key!$K$2:$L$4,2,FALSE)+VLOOKUP('READMIT Patient Registry'!O67,Key!$K$6:$L$8,2,FALSE)+VLOOKUP('READMIT Patient Registry'!P67,Key!$M$2:$N$5,2,FALSE),\"\")","v":""},{"$f":"IFERROR(VLOOKUP(Q67,Key!$A$17:$B$20,2,TRUE),\"\")","v":""}]
[null,null,null,null,null,null,null,null,null,null,null,null,null,null,null,null,{"$f":"IFERROR(VLOOKUP(E68,Key!$A$2:$B$6,2,FALSE)+VLOOKUP(F68,Key!$C$2:$D$4,2,FALSE)+VLOOKUP(G68,Key!$C$6:$D$8,2,FALSE)+VLOOKUP('READMIT Patient Registry'!H68,Key!$C$10:$D$12,2,FALSE)+VLOOKUP('READMIT Patient Registry'!I68,Key!$E$2:$F$11,2,FALSE)+VLOOKUP('READMIT Patient Registry'!J68,Key!$G$2:$H$6,2,FALSE)+VLOOKUP('READMIT Patient Registry'!K68,Key!$G$8:$H$10,2,FALSE)+VLOOKUP('READMIT Patient Registry'!L68,Key!$G$12:$H$14,2,FALSE)+VLOOKUP('READMIT Patient Registry'!M68,Key!$I$2:$J$5,2,FALSE)+VLOOKUP('READMIT Patient Registry'!N68,Key!$K$2:$L$4,2,FALSE)+VLOOKUP('READMIT Patient Registry'!O68,Key!$K$6:$L$8,2,FALSE)+VLOOKUP('READMIT Patient Registry'!P68,Key!$M$2:$N$5,2,FALSE),\"\")","v":""},{"$f":"IFERROR(VLOOKUP(Q68,Key!$A$17:$B$20,2,TRUE),\"\")","v":""}]
[null,null,null,null,null,null,null,null,null,null,null,null,null,null,null,null,{"$f":"IFERROR(VLOOKUP(E69,Key!$A$2:$B$6,2,FALSE)+VLOOKUP(F69,Key!$C$2:$D$4,2,FALSE)+VLOOKUP(G69,Key!$C$6:$D$8,2,FALSE)+VLOOKUP('READMIT Patient Registry'!H69,Key!$C$10:$D$12,2,FALSE)+VLOOKUP('READMIT Patient Registry'!I69,Key!$E$2:$F$11,2,FALSE)+VLOOKUP('READMIT Patient Registry'!J69,Key!$G$2:$H$6,2,FALSE)+VLOOKUP('READMIT Patient Registry'!K69,Key!$G$8:$H$10,2,FALSE)+VLOOKUP('READMIT Patient Registry'!L69,Key!$G$12:$H$14,2,FALSE)+VLOOKUP('READMIT Patient Registry'!M69,Key!$I$2:$J$5,2,FALSE)+VLOOKUP('READMIT Patient Registry'!N69,Key!$K$2:$L$4,2,FALSE)+VLOOKUP('READMIT Patient Registry'!O69,Key!$K$6:$L$8,2,FALSE)+VLOOKUP('READMIT Patient Registry'!P69,Key!$M$2:$N$5,2,FALSE),\"\")","v":""},{"$f":"IFERROR(VLOOKUP(Q69,Key!$A$17:$B$20,2,TRUE),\"\")","v":""}]
[null,null,null,null,null,null,null,null,null,null,null,null,null,null,null,null,{"$f":"IFERROR(VLOOKUP(E70,Key!$A$2:$B$6,2,FALSE)+VLOOKUP(F70,Key!$C$2:$D$4,2,FALSE)+VLOOKUP(G70,Key!$C$6:$D$8,2,FALSE)+VLOOKUP('READMIT Patient Registry'!H70,Key!$C$10:$D$12,2,FALSE)+VLOOKUP('READMIT Patient Registry'!I70,Key!$E$2:$F$11,2,FALSE)+VLOOKUP('READMIT Patient Registry'!J70,Key!$G$2:$H$6,2,FALSE)+VLOOKUP('READMIT Patient Registry'!K70,Key!$G$8:$H$10,2,FALSE)+VLOOKUP('READMIT Patient Registry'!L70,Key!$G$12:$H$14,2,FALSE)+VLOOKUP('READMIT Patient Registry'!M70,Key!$I$2:$J$5,2,FALSE)+VLOOKUP('READMIT Patient Registry'!N70,Key!$K$2:$L$4,2,FALSE)+VLOOKUP('READMIT Patient Registry'!O70,Key!$K$6:$L$8,2,FALSE)+VLOOKUP('READMIT Patient Registry'!P70,Key!$M$2:$N$5,2,FALSE),\"\")","v":""},{"$f":"IFERROR(VLOOKUP(Q70,Key!$A$17:$B$20,2,TRUE),\"\")","v":""}]
[null,null,null,null,null,null,null,null,null,null,null,null,null,null,null,null,{"$f":"IFERROR(VLOOKUP(E71,Key!$A$2:$B$6,2,FALSE)+VLOOKUP(F71,Key!$C$2:$D$4,2,FALSE)+VLOOKUP(G71,Key!$C$6:$D$8,2,FALSE)+VLOOKUP('READMIT Patient Registry'!H71,Key!$C$10:$D$12,2,FALSE)+VLOOKUP('READMIT Patient Registry'!I71,Key!$E$2:$F$11,2,FALSE)+VLOOKUP('READMIT Patient Registry'!J71,Key!$G$2:$H$6,2,FALSE)+VLOOKUP('READMIT Patient Registry'!K71,Key!$G$8:$H$10,2,FALSE)+VLOOKUP('READMIT Patient Registry'!L71,Key!$G$12:$H$14,2,FALSE)+VLOOKUP('READMIT Patient Registry'!M71,Key!$I$2:$J$5,2,FALSE)+VLOOKUP('READMIT Patient Registry'!N71,Key!$K$2:$L$4,2,FALSE)+VLOOKUP('READMIT Patient Registry'!O71,Key!$K$6:$L$8,2,FALSE)+VLOOKUP('READMIT Patient Registry'!P71,Key!$M$2:$N$5,2,FALSE),\"\")","v":""},{"$f":"IFERROR(VLOOKUP(Q71,Key!$A$17:$B$20,2,TRUE),\"\")","v":""}]
[null,null,null,null,null,null,null,null,null,null,null,null,null,null,null,null,{"$f":"IFERROR(VLOOKUP(E72,Key!$A$2:$B$6,2,FALSE)+VLOOKUP(F72,Key!$C$2:$D$4,2,FALSE)+VLOOKUP(G72,Key!$C$6:$D$8,2,FALSE)+VLOOKUP('READMIT Patient Registry'!H72,Key!$C$10:$D$12,2,FALSE)+VLOOKUP('READMIT Patient Registry'!I72,Key!$E$2:$F$11,2,FALSE)+VLOOKUP('READMIT Patient Registry'!J72,Key!$G$2:$H$6,2,FALSE)+VLOOKUP('READMIT Patient Registry'!K72,Key!$G$8:$H$10,2,FALSE)+VLOOKUP('READMIT Patient Registry'!L72,Key!$G$12:$H$14,2,FALSE)+VLOOKUP('READMIT Patient Registry'!M72,Key!$I$2:$J$5,2,FALSE)+VLOOKUP('READMIT Patient Registry'!N72,Key!$K$2:$L$4,2,FALSE)+VLOOKUP('READMIT Patient Registry'!O72,Key!$K$6:$L$8,2,FALSE)+VLOOKUP('READMIT Patient Registry'!P72,Key!$M$2:$N$5,2,FALSE),\"\")","v":""},{"$f":"IFERROR(VLOOKUP(Q72,Key!$A$17:$B$20,2,TRUE),\"\")","v":""}]
[null,null,null,null,null,null,null,null,null,null,null,null,null,null,null,null,{"$f":"IFERROR(VLOOKUP(E73,Key!$A$2:$B$6,2,FALSE)+VLOOKUP(F73,Key!$C$2:$D$4,2,FALSE)+VLOOKUP(G73,Key!$C$6:$D$8,2,FALSE)+VLOOKUP('READMIT Patient Registry'!H73,Key!$C$10:$D$12,2,FALSE)+VLOOKUP('READMIT Patient Registry'!I73,Key!$E$2:$F$11,2,FALSE)+VLOOKUP('READMIT Patient Registry'!J73,Key!$G$2:$H$6,2,FALSE)+VLOOKUP('READMIT Patient Registry'!K73,Key!$G$8:$H$10,2,FALSE)+VLOOKUP('READMIT Patient Registry'!L73,Key!$G$12:$H$14,2,FALSE)+VLOOKUP('READMIT Patient Registry'!M73,Key!$I$2:$J$5,2,FALSE)+VLOOKUP('READMIT Patient Registry'!N73,Key!$K$2:$L$4,2,FALSE)+VLOOKUP('READMIT Patient Registry'!O73,Key!$K$6:$L$8,2,FALSE)+VLOOKUP('READMIT Patient Registry'!P73,Key!$M$2:$N$5,2,FALSE),\"\")","v":""},{"$f":"IFERROR(VLOOKUP(Q73,Key!$A$17:$B$20,2,TRUE),\"\")","v":""}]
[null,null,null,null,null,null,null,null,null,null,null,null,null,null,null,null,{"$f":"IFERROR(VLOOKUP(E74,Key!$A$2:$B$6,2,FALSE)+VLOOKUP(F74,Key!$C$2:$D$4,2,FALSE)+VLOOKUP(G74,Key!$C$6:$D$8,2,FALSE)+VLOOKUP('READMIT Patient Registry'!H74,Key!$C$10:$D$12,2,FALSE)+VLOOKUP('READMIT Patient Registry'!I74,Key!$E$2:$F$11,2,FALSE)+VLOOKUP('READMIT Patient Registry'!J74,Key!$G$2:$H$6,2,FALSE)+VLOOKUP('READMIT Patient Registry'!K74,Key!$G$8:$H$10,2,FALSE)+VLOOKUP('READMIT Patient Registry'!L74,Key!$G$12:$H$14,2,FALSE)+VLOOKUP('READMIT Patient Registry'!M74,Key!$I$2:$J$5,2,FALSE)+VLOOKUP('READMIT Patient Registry'!N74,Key!$K$2:$L$4,2,FALSE)+VLOOKUP('READMIT Patient Registry'!O74,Key!$K$6:$L$8,2,FALSE)+VLOOKUP('READMIT Patient Registry'!P74,Key!$M$2:$N$5,2,FALSE),\"\")","v":""},{"$f":"IFERROR(VLOOKUP(Q74,Key!$A$17:$B$20,2,TRUE),\"\")","v":""}]
[null,null,null,null,null,null,null,null,null,null,null,null,null,null,null,null,{"$f":"IFERROR(VLOOKUP(E75,Key!$A$2:$B$6,2,FALSE)+VLOOKUP(F75,Key!$C$2:$D$4,2,FALSE)+VLOOKUP(G75,Key!$C$6:$D$8,2,FALSE)+VLOOKUP('READMIT Patient Registry'!H75,Key!$C$10:$D$12,2,FALSE)+VLOOKUP('READMIT Patient Registry'!I75,Key!$E$2:$F$11,2,FALSE)+VLOOKUP('READMIT Patient Registry'!J75,Key!$G$2:$H$6,2,FALSE)+VLOOKUP('READMIT Patient Registry'!K75,Key!$G$8:$H$10,2,FALSE)+VLOOKUP('READMIT Patient Registry'!L75,Key!$G$12:$H$14,2,FALSE)+VLOOKUP('READMIT Patient Registry'!M75,Key!$I$2:$J$5,2,FALSE)+VLOOKUP('READMIT Patient Registry'!N75,Key!$K$2:$L$4,2,FALSE)+VLOOKUP('READMIT Patient Registry'!O75,Key!$K$6:$L$8,2,FALSE)+VLOOKUP('READMIT Patient Registry'!P75,Key!$M$2:$N$5,2,FALSE),\"\")","v":""},{"$f":"IFERROR(VLOOKUP(Q75,Key!$A$17:$B$20,2,TRUE),\"\")","v":""}]
[null,null,null,null,null,null,null,null,null,null,null,null,null,null,null,null,{"$f":"IFERROR(VLOOKUP(E76,Key!$A$2:$B$6,2,FALSE)+VLOOKUP(F76,Key!$C$2:$D$4,2,FALSE)+VLOOKUP(G76,Key!$C$6:$D$8,2,FALSE)+VLOOKUP('READMIT Patient Registry'!H76,Key!$C$10:$D$12,2,FALSE)+VLOOKUP('READMIT Patient Registry'!I76,Key!$E$2:$F$11,2,FALSE)+VLOOKUP('READMIT Patient Registry'!J76,Key!$G$2:$H$6,2,FALSE)+VLOOKUP('READMIT Patient Registry'!K76,Key!$G$8:$H$10,2,FALSE)+VLOOKUP('READMIT Patient Registry'!L76,Key!$G$12:$H$14,2,FALSE)+VLOOKUP('READMIT Patient Registry'!M76,Key!$I$2:$J$5,2,FALSE)+VLOOKUP('READMIT Patient Registry'!N76,Key!$K$2:$L$4,2,FALSE)+VLOOKUP('READMIT Patient Registry'!O76,Key!$K$6:$L$8,2,FALSE)+VLOOKUP('READMIT Patient Registry'!P76,Key!$M$2:$N$5,2,FALSE),\"\")","v":""},{"$f":"IFERROR(VLOOKUP(Q76,Key!$A$17:$B$20,2,TRUE),\"\")","v":""}]
[null,null,null,null,null,null,null,null,null,null,null,null,null,null,null,null,{"$f":"IFERROR(VLOOKUP(E77,Key!$A$2:$B$6,2,FALSE)+VLOOKUP(F77,Key!$C$2:$D$4,2,FALSE)+VLOOKUP(G77,Key!$C$6:$D$8,2,FALSE)+VLOOKUP('READMIT Patient Registry'!H77,Key!$C$10:$D$12,2,FALSE)+VLOOKUP('READMIT Patient Registry'!I77,Key!$E$2:$F$11,2,FALSE)+VLOOKUP('READMIT Patient Registry'!J77,Key!$G$2:$H$6,2,FALSE)+VLOOKUP('READMIT Patient Registry'!K77,Key!$G$8:$H$10,2,FALSE)+VLOOKUP('READMIT Patient Registry'!L77,Key!$G$12:$H$14,2,FALSE)+VLOOKUP('READMIT Patient Registry'!M77,Key!$I$2:$J$5,2,FALSE)+VLOOKUP('READMIT Patient Registry'!N77,Key!$K$2:$L$4,2,FALSE)+VLOOKUP('READMIT Patient Registry'!O77,Key!$K$6:$L$8,2,FALSE)+VLOOKUP('READMIT Patient Registry'!P77,Key!$M$2:$N$5,2,FALSE),\"\")","v":""},{"$f":"IFERROR(VLOOKUP(Q77,Key!$A$17:$B$20,2,TRUE),\"\")","v":""}]
[null,null,null,null,null,null,null,null,null,null,null,null,null,null,null,null,{"$f":"IFERROR(VLOOKUP(E78,Key!$A$2:$B$6,2,FALSE)+VLOOKUP(F78,Key!$C$2:$D$4,2,FALSE)+VLOOKUP(G78,Key!$C$6:$D$8,2,FALSE)+VLOOKUP('READMIT Patient Registry'!H78,Key!$C$10:$D$12,2,FALSE)+VLOOKUP('READMIT Patient Registry'!I78,Key!$E$2:$F$11,2,FALSE)+VLOOKUP('READMIT Patient Registry'!J78,Key!$G$2:$H$6,2,FALSE)+VLOOKUP('READMIT Patient Registry'!K78,Key!$G$8:$H$10,2,FALSE)+VLOOKUP('READMIT Patient Registry'!L78,Key!$G$12:$H$14,2,FALSE)+VLOOKUP('READMIT Patient Registry'!M78,Key!$I$2:$J$5,2,FALSE)+VLOOKUP('READMIT Patient Registry'!N78,Key!$K$2:$L$4,2,FALSE)+VLOOKUP('READMIT Patient Registry'!O78,Key!$K$6:$L$8,2,FALSE)+VLOOKUP('READMIT Patient Registry'!P78,Key!$M$2:$N$5,2,FALSE),\"\")","v":""},{"$f":"IFERROR(VLOOKUP(Q78,Key!$A$17:$B$20,2,TRUE),\"\")","v":""}]
[null,null,null,null,null,null,null,null,null,null,null,null,null,null,null,null,{"$f":"IFERROR(VLOOKUP(E79,Key!$A$2:$B$6,2,FALSE)+VLOOKUP(F79,Key!$C$2:$D$4,2,FALSE)+VLOOKUP(G79,Key!$C$6:$D$8,2,FALSE)+VLOOKUP('READMIT Patient Registry'!H79,Key!$C$10:$D$12,2,FALSE)+VLOOKUP('READMIT Patient Registry'!I79,Key!$E$2:$F$11,2,FALSE)+VLOOKUP('READMIT Patient Registry'!J79,Key!$G$2:$H$6,2,FALSE)+VLOOKUP('READMIT Patient Registry'!K79,Key!$G$8:$H$10,2,FALSE)+VLOOKUP('READMIT Patient Registry'!L79,Key!$G$12:$H$14,2,FALSE)+VLOOKUP('READMIT Patient Registry'!M79,Key!$I$2:$J$5,2,FALSE)+VLOOKUP('READMIT Patient Registry'!N79,Key!$K$2:$L$4,2,FALSE)+VLOOKUP('READMIT Patient Registry'!O79,Key!$K$6:$L$8,2,FALSE)+VLOOKUP('READMIT Patient Registry'!P79,Key!$M$2:$N$5,2,FALSE),\"\")","v":""},{"$f":"IFERROR(VLOOKUP(Q79,Key!$A$17:$B$20,2,TRUE),\"\")","v":""}]
[null,null,null,null,null,null,null,null,null,null,null,null,null,null,null,null,{"$f":"IFERROR(VLOOKUP(E80,Key!$A$2:$B$6,2,FALSE)+VLOOKUP(F80,Key!$C$2:$D$4,2,FALSE)+VLOOKUP(G80,Key!$C$6:$D$8,2,FALSE)+VLOOKUP('READMIT Patient Registry'!H80,Key!$C$10:$D$12,2,FALSE)+VLOOKUP('READMIT Patient Registry'!I80,Key!$E$2:$F$11,2,FALSE)+VLOOKUP('READMIT Patient Registry'!J80,Key!$G$2:$H$6,2,FALSE)+VLOOKUP('READMIT Patient Registry'!K80,Key!$G$8:$H$10,2,FALSE)+VLOOKUP('READMIT Patient Registry'!L80,Key!$G$12:$H$14,2,FALSE)+VLOOKUP('READMIT Patient Registry'!M80,Key!$I$2:$J$5,2,FALSE)+VLOOKUP('READMIT Patient Registry'!N80,Key!$K$2:$L$4,2,FALSE)+VLOOKUP('READMIT Patient Registry'!O80,Key!$K$6:$L$8,2,FALSE)+VLOOKUP('READMIT Patient Registry'!P80,Key!$M$2:$N$5,2,FALSE),\"\")","v":""},{"$f":"IFERROR(VLOOKUP(Q80,Key!$A$17:$B$20,2,TRUE),\"\")","v":""}]
[null,null,null,null,null,null,null,null,null,null,null,null,null,null,null,null,{"$f":"IFERROR(VLOOKUP(E81,Key!$A$2:$B$6,2,FALSE)+VLOOKUP(F81,Key!$C$2:$D$4,2,FALSE)+VLOOKUP(G81,Key!$C$6:$D$8,2,FALSE)+VLOOKUP('READMIT Patient Registry'!H81,Key!$C$10:$D$12,2,FALSE)+VLOOKUP('READMIT Patient Registry'!I81,Key!$E$2:$F$11,2,FALSE)+VLOOKUP('READMIT Patient Registry'!J81,Key!$G$2:$H$6,2,FALSE)+VLOOKUP('READMIT Patient Registry'!K81,Key!$G$8:$H$10,2,FALSE)+VLOOKUP('READMIT Patient Registry'!L81,Key!$G$12:$H$14,2,FALSE)+VLOOKUP('READMIT Patient Registry'!M81,Key!$I$2:$J$5,2,FALSE)+VLOOKUP('READMIT Patient Registry'!N81,Key!$K$2:$L$4,2,FALSE)+VLOOKUP('READMIT Patient Registry'!O81,Key!$K$6:$L$8,2,FALSE)+VLOOKUP('READMIT Patient Registry'!P81,Key!$M$2:$N$5,2,FALSE),\"\")","v":""},{"$f":"IFERROR(VLOOKUP(Q81,Key!$A$17:$B$20,2,TRUE),\"\")","v":""}]
[null,null,null,null,null,null,null,null,null,null,null,null,null,null,null,null,{"$f":"IFERROR(VLOOKUP(E82,Key!$A$2:$B$6,2,FALSE)+VLOOKUP(F82,Key!$C$2:$D$4,2,FALSE)+VLOOKUP(G82,Key!$C$6:$D$8,2,FALSE)+VLOOKUP('READMIT Patient Registry'!H82,Key!$C$10:$D$12,2,FALSE)+VLOOKUP('READMIT Patient Registry'!I82,Key!$E$2:$F$11,2,FALSE)+VLOOKUP('READMIT Patient Registry'!J82,Key!$G$2:$H$6,2,FALSE)+VLOOKUP('READMIT Patient Registry'!K82,Key!$G$8:$H$10,2,FALSE)+VLOOKUP('READMIT Patient Registry'!L82,Key!$G$12:$H$14,2,FALSE)+VLOOKUP('READMIT Patient Registry'!M82,Key!$I$2:$J$5,2,FALSE)+VLOOKUP('READMIT Patient Registry'!N82,Key!$K$2:$L$4,2,FALSE)+VLOOKUP('READMIT Patient Registry'!O82,Key!$K$6:$L$8,2,FALSE)+VLOOKUP('READMIT Patient Registry'!P82,Key!$M$2:$N$5,2,FALSE),\"\")","v":""},{"$f":"IFERROR(VLOOKUP(Q82,Key!$A$17:$B$20,2,TRUE),\"\")","v":""}]
[null,null,null,null,null,null,null,null,null,null,null,null,null,null,null,null,{"$f":"IFERROR(VLOOKUP(E83,Key!$A$2:$B$6,2,FALSE)+VLOOKUP(F83,Key!$C$2:$D$4,2,FALSE)+VLOOKUP(G83,Key!$C$6:$D$8,2,FALSE)+VLOOKUP('READMIT Patient Registry'!H83,Key!$C$10:$D$12,2,FALSE)+VLOOKUP('READMIT Patient Registry'!I83,Key!$E$2:$F$11,2,FALSE)+VLOOKUP('READMIT Patient Registry'!J83,Key!$G$2:$H$6,2,FALSE)+VLOOKUP('READMIT Patient Registry'!K83,Key!$G$8:$H$10,2,FALSE)+VLOOKUP('READMIT Patient Registry'!L83,Key!$G$12:$H$14,2,FALSE)+VLOOKUP('READMIT Patient Registry'!M83,Key!$I$2:$J$5,2,FALSE)+VLOOKUP('READMIT Patient Registry'!N83,Key!$K$2:$L$4,2,FALSE)+VLOOKUP('READMIT Patient Registry'!O83,Key!$K$6:$L$8,2,FALSE)+VLOOKUP('READMIT Patient Registry'!P83,Key!$M$2:$N$5,2,FALSE),\"\")","v":""},{"$f":"IFERROR(VLOOKUP(Q83,Key!$A$17:$B$20,2,TRUE),\"\")","v":""}]
[null,null,null,null,null,null,null,null,null,null,null,null,null,null,null,null,{"$f":"IFERROR(VLOOKUP(E84,Key!$A$2:$B$6,2,FALSE)+VLOOKUP(F84,Key!$C$2:$D$4,2,FALSE)+VLOOKUP(G84,Key!$C$6:$D$8,2,FALSE)+VLOOKUP('READMIT Patient Registry'!H84,Key!$C$10:$D$12,2,FALSE)+VLOOKUP('READMIT Patient Registry'!I84,Key!$E$2:$F$11,2,FALSE)+VLOOKUP('READMIT Patient Registry'!J84,Key!$G$2:$H$6,2,FALSE)+VLOOKUP('READMIT Patient Registry'!K84,Key!$G$8:$H$10,2,FALSE)+VLOOKUP('READMIT Patient Registry'!L84,Key!$G$12:$H$14,2,FALSE)+VLOOKUP('READMIT Patient Registry'!M84,Key!$I$2:$J$5,2,FALSE)+VLOOKUP('READMIT Patient Registry'!N84,Key!$K$2:$L$4,2,FALSE)+VLOOKUP('READMIT Patient Registry'!O84,Key!$K$6:$L$8,2,FALSE)+VLOOKUP('READMIT Patient Registry'!P84,Key!$M$2:$N$5,2,FALSE),\"\")","v":""},{"$f":"IFERROR(VLOOKUP(Q84,Key!$A$17:$B$20,2,TRUE),\"\")","v":""}]
[null,null,null,null,null,null,null,null,null,null,null,null,null,null,null,null,{"$f":"IFERROR(VLOOKUP(E85,Key!$A$2:$B$6,2,FALSE)+VLOOKUP(F85,Key!$C$2:$D$4,2,FALSE)+VLOOKUP(G85,Key!$C$6:$D$8,2,FALSE)+VLOOKUP('READMIT Patient Registry'!H85,Key!$C$10:$D$12,2,FALSE)+VLOOKUP('READMIT Patient Registry'!I85,Key!$E$2:$F$11,2,FALSE)+VLOOKUP('READMIT Patient Registry'!J85,Key!$G$2:$H$6,2,FALSE)+VLOOKUP('READMIT Patient Registry'!K85,Key!$G$8:$H$10,2,FALSE)+VLOOKUP('READMIT Patient Registry'!L85,Key!$G$12:$H$14,2,FALSE)+VLOOKUP('READMIT Patient Registry'!M85,Key!$I$2:$J$5,2,FALSE)+VLOOKUP('READMIT Patient Registry'!N85,Key!$K$2:$L$4,2,FALSE)+VLOOKUP('READMIT Patient Registry'!O85,Key!$K$6:$L$8,2,FALSE)+VLOOKUP('READMIT Patient Registry'!P85,Key!$M$2:$N$5,2,FALSE),\"\")","v":""},{"$f":"IFERROR(VLOOKUP(Q85,Key!$A$17:$B$20,2,TRUE),\"\")","v":""}]
[null,null,null,null,null,null,null,null,null,null,null,null,null,null,null,null,{"$f":"IFERROR(VLOOKUP(E86,Key!$A$2:$B$6,2,FALSE)+VLOOKUP(F86,Key!$C$2:$D$4,2,FALSE)+VLOOKUP(G86,Key!$C$6:$D$8,2,FALSE)+VLOOKUP('READMIT Patient Registry'!H86,Key!$C$10:$D$12,2,FALSE)+VLOOKUP('READMIT Patient Registry'!I86,Key!$E$2:$F$11,2,FALSE)+VLOOKUP('READMIT Patient Registry'!J86,Key!$G$2:$H$6,2,FALSE)+VLOOKUP('READMIT Patient Registry'!K86,Key!$G$8:$H$10,2,FALSE)+VLOOKUP('READMIT Patient Registry'!L86,Key!$G$12:$H$14,2,FALSE)+VLOOKUP('READMIT Patient Registry'!M86,Key!$I$2:$J$5,2,FALSE)+VLOOKUP('READMIT Patient Registry'!N86,Key!$K$2:$L$4,2,FALSE)+VLOOKUP('READMIT Patient Registry'!O86,Key!$K$6:$L$8,2,FALSE)+VLOOKUP('READMIT Patient Registry'!P86,Key!$M$2:$N$5,2,FALSE),\"\")","v":""},{"$f":"IFERROR(VLOOKUP(Q86,Key!$A$17:$B$20,2,TRUE),\"\")","v":""}]
[null,null,null,null,null,null,null,null,null,null,null,null,null,null,null,null,{"$f":"IFERROR(VLOOKUP(E87,Key!$A$2:$B$6,2,FALSE)+VLOOKUP(F87,Key!$C$2:$D$4,2,FALSE)+VLOOKUP(G87,Key!$C$6:$D$8,2,FALSE)+VLOOKUP('READMIT Patient Registry'!H87,Key!$C$10:$D$12,2,FALSE)+VLOOKUP('READMIT Patient Registry'!I87,Key!$E$2:$F$11,2,FALSE)+VLOOKUP('READMIT Patient Registry'!J87,Key!$G$2:$H$6,2,FALSE)+VLOOKUP('READMIT Patient Registry'!K87,Key!$G$8:$H$10,2,FALSE)+VLOOKUP('READMIT Patient Registry'!L87,Key!$G$12:$H$14,2,FALSE)+VLOOKUP('READMIT Patient Registry'!M87,Key!$I$2:$J$5,2,FALSE)+VLOOKUP('READMIT Patient Registry'!N87,Key!$K$2:$L$4,2,FALSE)+VLOOKUP('READMIT Patient Registry'!O87,Key!$K$6:$L$8,2,FALSE)+VLOOKUP('READMIT Patient Registry'!P87,Key!$M$2:$N$5,2,FALSE),\"\")","v":""},{"$f":"IFERROR(VLOOKUP(Q87,Key!$A$17:$B$20,2,TRUE),\"\")","v":""}]
[null,null,null,null,null,null,null,null,null,null,null,null,null,null,null,null,{"$f":"IFERROR(VLOOKUP(E88,Key!$A$2:$B$6,2,FALSE)+VLOOKUP(F88,Key!$C$2:$D$4,2,FALSE)+VLOOKUP(G88,Key!$C$6:$D$8,2,FALSE)+VLOOKUP('READMIT Patient Registry'!H88,Key!$C$10:$D$12,2,FALSE)+VLOOKUP('READMIT Patient Registry'!I88,Key!$E$2:$F$11,2,FALSE)+VLOOKUP('READMIT Patient Registry'!J88,Key!$G$2:$H$6,2,FALSE)+VLOOKUP('READMIT Patient Registry'!K88,Key!$G$8:$H$10,2,FALSE)+VLOOKUP('READMIT Patient Registry'!L88,Key!$G$12:$H$14,2,FALSE)+VLOOKUP('READMIT Patient Registry'!M88,Key!$I$2:$J$5,2,FALSE)+VLOOKUP('READMIT Patient Registry'!N88,Key!$K$2:$L$4,2,FALSE)+VLOOKUP('READMIT Patient Registry'!O88,Key!$K$6:$L$8,2,FALSE)+VLOOKUP('READMIT Patient Registry'!P88,Key!$M$2:$N$5,2,FALSE),\"\")","v":""},{"$f":"IFERROR(VLOOKUP(Q88,Key!$A$17:$B$20,2,TRUE),\"\")","v":""}]
[null,null,null,null,null,null,null,null,null,null,null,null,null,null,null,null,{"$f":"IFERROR(VLOOKUP(E89,Key!$A$2:$B$6,2,FALSE)+VLOOKUP(F89,Key!$C$2:$D$4,2,FALSE)+VLOOKUP(G89,Key!$C$6:$D$8,2,FALSE)+VLOOKUP('READMIT Patient Registry'!H89,Key!$C$10:$D$12,2,FALSE)+VLOOKUP('READMIT Patient Registry'!I89,Key!$E$2:$F$11,2,FALSE)+VLOOKUP('READMIT Patient Registry'!J89,Key!$G$2:$H$6,2,FALSE)+VLOOKUP('READMIT Patient Registry'!K89,Key!$G$8:$H$10,2,FALSE)+VLOOKUP('READMIT Patient Registry'!L89,Key!$G$12:$H$14,2,FALSE)+VLOOKUP('READMIT Patient Registry'!M89,Key!$I$2:$J$5,2,FALSE)+VLOOKUP('READMIT Patient Registry'!N89,Key!$K$2:$L$4,2,FALSE)+VLOOKUP('READMIT Patient Registry'!O89,Key!$K$6:$L$8,2,FALSE)+VLOOKUP('READMIT Patient Registry'!P89,Key!$M$2:$N$5,2,FALSE),\"\")","v":""},{"$f":"IFERROR(VLOOKUP(Q89,Key!$A$17:$B$20,2,TRUE),\"\")","v":""}]
[null,null,null,null,null,null,null,null,null,null,null,null,null,null,null,null,{"$f":"IFERROR(VLOOKUP(E90,Key!$A$2:$B$6,2,FALSE)+VLOOKUP(F90,Key!$C$2:$D$4,2,FALSE)+VLOOKUP(G90,Key!$C$6:$D$8,2,FALSE)+VLOOKUP('READMIT Patient Registry'!H90,Key!$C$10:$D$12,2,FALSE)+VLOOKUP('READMIT Patient Registry'!I90,Key!$E$2:$F$11,2,FALSE)+VLOOKUP('READMIT Patient Registry'!J90,Key!$G$2:$H$6,2,FALSE)+VLOOKUP('READMIT Patient Registry'!K90,Key!$G$8:$H$10,2,FALSE)+VLOOKUP('READMIT Patient Registry'!L90,Key!$G$12:$H$14,2,FALSE)+VLOOKUP('READMIT Patient Registry'!M90,Key!$I$2:$J$5,2,FALSE)+VLOOKUP('READMIT Patient Registry'!N90,Key!$K$2:$L$4,2,FALSE)+VLOOKUP('READMIT Patient Registry'!O90,Key!$K$6:$L$8,2,FALSE)+VLOOKUP('READMIT Patient Registry'!P90,Key!$M$2:$N$5,2,FALSE),\"\")","v":""},{"$f":"IFERROR(VLOOKUP(Q90,Key!$A$17:$B$20,2,TRUE),\"\")","v":""}]
[null,null,null,null,null,null,null,null,null,null,null,null,null,null,null,null,{"$f":"IFERROR(VLOOKUP(E91,Key!$A$2:$B$6,2,FALSE)+VLOOKUP(F91,Key!$C$2:$D$4,2,FALSE)+VLOOKUP(G91,Key!$C$6:$D$8,2,FALSE)+VLOOKUP('READMIT Patient Registry'!H91,Key!$C$10:$D$12,2,FALSE)+VLOOKUP('READMIT Patient Registry'!I91,Key!$E$2:$F$11,2,FALSE)+VLOOKUP('READMIT Patient Registry'!J91,Key!$G$2:$H$6,2,FALSE)+VLOOKUP('READMIT Patient Registry'!K91,Key!$G$8:$H$10,2,FALSE)+VLOOKUP('READMIT Patient Registry'!L91,Key!$G$12:$H$14,2,FALSE)+VLOOKUP('READMIT Patient Registry'!M91,Key!$I$2:$J$5,2,FALSE)+VLOOKUP('READMIT Patient Registry'!N91,Key!$K$2:$L$4,2,FALSE)+VLOOKUP('READMIT Patient Registry'!O91,Key!$K$6:$L$8,2,FALSE)+VLOOKUP('READMIT Patient Registry'!P91,Key!$M$2:$N$5,2,FALSE),\"\")","v":""},{"$f":"IFERROR(VLOOKUP(Q91,Key!$A$17:$B$20,2,TRUE),\"\")","v":""}]
[null,null,null,null,null,null,null,null,null,null,null,null,null,null,null,null,{"$f":"IFERROR(VLOOKUP(E92,Key!$A$2:$B$6,2,FALSE)+VLOOKUP(F92,Key!$C$2:$D$4,2,FALSE)+VLOOKUP(G92,Key!$C$6:$D$8,2,FALSE)+VLOOKUP('READMIT Patient Registry'!H92,Key!$C$10:$D$12,2,FALSE)+VLOOKUP('READMIT Patient Registry'!I92,Key!$E$2:$F$11,2,FALSE)+VLOOKUP('READMIT Patient Registry'!J92,Key!$G$2:$H$6,2,FALSE)+VLOOKUP('READMIT Patient Registry'!K92,Key!$G$8:$H$10,2,FALSE)+VLOOKUP('READMIT Patient Registry'!L92,Key!$G$12:$H$14,2,FALSE)+VLOOKUP('READMIT Patient Registry'!M92,Key!$I$2:$J$5,2,FALSE)+VLOOKUP('READMIT Patient Registry'!N92,Key!$K$2:$L$4,2,FALSE)+VLOOKUP('READMIT Patient Registry'!O92,Key!$K$6:$L$8,2,FALSE)+VLOOKUP('READMIT Patient Registry'!P92,Key!$M$2:$N$5,2,FALSE),\"\")","v":""},{"$f":"IFERROR(VLOOKUP(Q92,Key!$A$17:$B$20,2,TRUE),\"\")","v":""}]
[null,null,null,null,null,null,null,null,null,null,null,null,null,null,null,null,{"$f":"IFERROR(VLOOKUP(E93,Key!$A$2:$B$6,2,FALSE)+VLOOKUP(F93,Key!$C$2:$D$4,2,FALSE)+VLOOKUP(G93,Key!$C$6:$D$8,2,FALSE)+VLOOKUP('READMIT Patient Registry'!H93,Key!$C$10:$D$12,2,FALSE)+VLOOKUP('READMIT Patient Registry'!I93,Key!$E$2:$F$11,2,FALSE)+VLOOKUP('READMIT Patient Registry'!J93,Key!$G$2:$H$6,2,FALSE)+VLOOKUP('READMIT Patient Registry'!K93,Key!$G$8:$H$10,2,FALSE)+VLOOKUP('READMIT Patient Registry'!L93,Key!$G$12:$H$14,2,FALSE)+VLOOKUP('READMIT Patient Registry'!M93,Key!$I$2:$J$5,2,FALSE)+VLOOKUP('READMIT Patient Registry'!N93,Key!$K$2:$L$4,2,FALSE)+VLOOKUP('READMIT Patient Registry'!O93,Key!$K$6:$L$8,2,FALSE)+VLOOKUP('READMIT Patient Registry'!P93,Key!$M$2:$N$5,2,FALSE),\"\")","v":""},{"$f":"IFERROR(VLOOKUP(Q93,Key!$A$17:$B$20,2,TRUE),\"\")","v":""}]
[null,null,null,null,null,null,null,null,null,null,null,null,null,null,null,null,{"$f":"IFERROR(VLOOKUP(E94,Key!$A$2:$B$6,2,FALSE)+VLOOKUP(F94,Key!$C$2:$D$4,2,FALSE)+VLOOKUP(G94,Key!$C$6:$D$8,2,FALSE)+VLOOKUP('READMIT Patient Registry'!H94,Key!$C$10:$D$12,2,FALSE)+VLOOKUP('READMIT Patient Registry'!I94,Key!$E$2:$F$11,2,FALSE)+VLOOKUP('READMIT Patient Registry'!J94,Key!$G$2:$H$6,2,FALSE)+VLOOKUP('READMIT Patient Registry'!K94,Key!$G$8:$H$10,2,FALSE)+VLOOKUP('READMIT Patient Registry'!L94,Key!$G$12:$H$14,2,FALSE)+VLOOKUP('READMIT Patient Registry'!M94,Key!$I$2:$J$5,2,FALSE)+VLOOKUP('READMIT Patient Registry'!N94,Key!$K$2:$L$4,2,FALSE)+VLOOKUP('READMIT Patient Registry'!O94,Key!$K$6:$L$8,2,FALSE)+VLOOKUP('READMIT Patient Registry'!P94,Key!$M$2:$N$5,2,FALSE),\"\")","v":""},{"$f":"IFERROR(VLOOKUP(Q94,Key!$A$17:$B$20,2,TRUE),\"\")","v":""}]
[null,null,null,null,null,null,null,null,null,null,null,null,null,null,null,null,{"$f":"IFERROR(VLOOKUP(E95,Key!$A$2:$B$6,2,FALSE)+VLOOKUP(F95,Key!$C$2:$D$4,2,FALSE)+VLOOKUP(G95,Key!$C$6:$D$8,2,FALSE)+VLOOKUP('READMIT Patient Registry'!H95,Key!$C$10:$D$12,2,FALSE)+VLOOKUP('READMIT Patient Registry'!I95,Key!$E$2:$F$11,2,FALSE)+VLOOKUP('READMIT Patient Registry'!J95,Key!$G$2:$H$6,2,FALSE)+VLOOKUP('READMIT Patient Registry'!K95,Key!$G$8:$H$10,2,FALSE)+VLOOKUP('READMIT Patient Registry'!L95,Key!$G$12:$H$14,2,FALSE)+VLOOKUP('READMIT Patient Registry'!M95,Key!$I$2:$J$5,2,FALSE)+VLOOKUP('READMIT Patient Registry'!N95,Key!$K$2:$L$4,2,FALSE)+VLOOKUP('READMIT Patient Registry'!O95,Key!$K$6:$L$8,2,FALSE)+VLOOKUP('READMIT Patient Registry'!P95,Key!$M$2:$N$5,2,FALSE),\"\")","v":""},{"$f":"IFERROR(VLOOKUP(Q95,Key!$A$17:$B$20,2,TRUE),\"\")","v":""}]
[null,null,null,null,null,null,null,null,null,null,null,null,null,null,null,null,{"$f":"IFERROR(VLOOKUP(E96,Key!$A$2:$B$6,2,FALSE)+VLOOKUP(F96,Key!$C$2:$D$4,2,FALSE)+VLOOKUP(G96,Key!$C$6:$D$8,2,FALSE)+VLOOKUP('READMIT Patient Registry'!H96,Key!$C$10:$D$12,2,FALSE)+VLOOKUP('READMIT Patient Registry'!I96,Key!$E$2:$F$11,2,FALSE)+VLOOKUP('READMIT Patient Registry'!J96,Key!$G$2:$H$6,2,FALSE)+VLOOKUP('READMIT Patient Registry'!K96,Key!$G$8:$H$10,2,FALSE)+VLOOKUP('READMIT Patient Registry'!L96,Key!$G$12:$H$14,2,FALSE)+VLOOKUP('READMIT Patient Registry'!M96,Key!$I$2:$J$5,2,FALSE)+VLOOKUP('READMIT Patient Registry'!N96,Key!$K$2:$L$4,2,FALSE)+VLOOKUP('READMIT Patient Registry'!O96,Key!$K$6:$L$8,2,FALSE)+VLOOKUP('READMIT Patient Registry'!P96,Key!$M$2:$N$5,2,FALSE),\"\")","v":""},{"$f":"IFERROR(VLOOKUP(Q96,Key!$A$17:$B$20,2,TRUE),\"\")","v":""}]
[null,null,null,null,null,null,null,null,null,null,null,null,null,null,null,null,{"$f":"IFERROR(VLOOKUP(E97,Key!$A$2:$B$6,2,FALSE)+VLOOKUP(F97,Key!$C$2:$D$4,2,FALSE)+VLOOKUP(G97,Key!$C$6:$D$8,2,FALSE)+VLOOKUP('READMIT Patient Registry'!H97,Key!$C$10:$D$12,2,FALSE)+VLOOKUP('READMIT Patient Registry'!I97,Key!$E$2:$F$11,2,FALSE)+VLOOKUP('READMIT Patient Registry'!J97,Key!$G$2:$H$6,2,FALSE)+VLOOKUP('READMIT Patient Registry'!K97,Key!$G$8:$H$10,2,FALSE)+VLOOKUP('READMIT Patient Registry'!L97,Key!$G$12:$H$14,2,FALSE)+VLOOKUP('READMIT Patient Registry'!M97,Key!$I$2:$J$5,2,FALSE)+VLOOKUP('READMIT Patient Registry'!N97,Key!$K$2:$L$4,2,FALSE)+VLOOKUP('READMIT Patient Registry'!O97,Key!$K$6:$L$8,2,FALSE)+VLOOKUP('READMIT Patient Registry'!P97,Key!$M$2:$N$5,2,FALSE),\"\")","v":""},{"$f":"IFERROR(VLOOKUP(Q97,Key!$A$17:$B$20,2,TRUE),\"\")","v":""}]
[null,null,null,null,null,null,null,null,null,null,null,null,null,null,null,null,{"$f":"IFERROR(VLOOKUP(E98,Key!$A$2:$B$6,2,FALSE)+VLOOKUP(F98,Key!$C$2:$D$4,2,FALSE)+VLOOKUP(G98,Key!$C$6:$D$8,2,FALSE)+VLOOKUP('READMIT Patient Registry'!H98,Key!$C$10:$D$12,2,FALSE)+VLOOKUP('READMIT Patient Registry'!I98,Key!$E$2:$F$11,2,FALSE)+VLOOKUP('READMIT Patient Registry'!J98,Key!$G$2:$H$6,2,FALSE)+VLOOKUP('READMIT Patient Registry'!K98,Key!$G$8:$H$10,2,FALSE)+VLOOKUP('READMIT Patient Registry'!L98,Key!$G$12:$H$14,2,FALSE)+VLOOKUP('READMIT Patient Registry'!M98,Key!$I$2:$J$5,2,FALSE)+VLOOKUP('READMIT Patient Registry'!N98,Key!$K$2:$L$4,2,FALSE)+VLOOKUP('READMIT Patient Registry'!O98,Key!$K$6:$L$8,2,FALSE)+VLOOKUP('READMIT Patient Registry'!P98,Key!$M$2:$N$5,2,FALSE),\"\")","v":""},{"$f":"IFERROR(VLOOKUP(Q98,Key!$A$17:$B$20,2,TRUE),\"\")","v":""}]
[null,null,null,null,null,null,null,null,null,null,null,null,null,null,null,null,{"$f":"IFERROR(VLOOKUP(E99,Key!$A$2:$B$6,2,FALSE)+VLOOKUP(F99,Key!$C$2:$D$4,2,FALSE)+VLOOKUP(G99,Key!$C$6:$D$8,2,FALSE)+VLOOKUP('READMIT Patient Registry'!H99,Key!$C$10:$D$12,2,FALSE)+VLOOKUP('READMIT Patient Registry'!I99,Key!$E$2:$F$11,2,FALSE)+VLOOKUP('READMIT Patient Registry'!J99,Key!$G$2:$H$6,2,FALSE)+VLOOKUP('READMIT Patient Registry'!K99,Key!$G$8:$H$10,2,FALSE)+VLOOKUP('READMIT Patient Registry'!L99,Key!$G$12:$H$14,2,FALSE)+VLOOKUP('READMIT Patient Registry'!M99,Key!$I$2:$J$5,2,FALSE)+VLOOKUP('READMIT Patient Registry'!N99,Key!$K$2:$L$4,2,FALSE)+VLOOKUP('READMIT Patient Registry'!O99,Key!$K$6:$L$8,2,FALSE)+VLOOKUP('READMIT Patient Registry'!P99,Key!$M$2:$N$5,2,FALSE),\"\")","v":""},{"$f":"IFERROR(VLOOKUP(Q99,Key!$A$17:$B$20,2,TRUE),\"\")","v":""}]
[null,null,null,null,null,null,null,null,null,null,null,null,null,null,null,null,{"$f":"IFERROR(VLOOKUP(E100,Key!$A$2:$B$6,2,FALSE)+VLOOKUP(F100,Key!$C$2:$D$4,2,FALSE)+VLOOKUP(G100,Key!$C$6:$D$8,2,FALSE)+VLOOKUP('READMIT Patient Registry'!H100,Key!$C$10:$D$12,2,FALSE)+VLOOKUP('READMIT Patient Registry'!I100,Key!$E$2:$F$11,2,FALSE)+VLOOKUP('READMIT Patient Registry'!J100,Key!$G$2:$H$6,2,FALSE)+VLOOKUP('READMIT Patient Registry'!K100,Key!$G$8:$H$10,2,FALSE)+VLOOKUP('READMIT Patient Registry'!L100,Key!$G$12:$H$14,2,FALSE)+VLOOKUP('READMIT Patient Registry'!M100,Key!$I$2:$J$5,2,FALSE)+VLOOKUP('READMIT Patient Registry'!N100,Key!$K$2:$L$4,2,FALSE)+VLOOKUP('READMIT Patient Registry'!O100,Key!$K$6:$L$8,2,FALSE)+VLOOKUP('READMIT Patient Registry'!P100,Key!$M$2:$N$5,2,FALSE),\"\")","v":""},{"$f":"IFERROR(VLOOKUP(Q100,Key!$A$17:$B$20,2,TRUE),\"\")","v":""}]
[null,null,null,null,null,null,null,null,null,null,null,null,null,null,null,null,{"$f":"IFERROR(VLOOKUP(E101,Key!$A$2:$B$6,2,FALSE)+VLOOKUP(F101,Key!$C$2:$D$4,2,FALSE)+VLOOKUP(G101,Key!$C$6:$D$8,2,FALSE)+VLOOKUP('READMIT Patient Registry'!H101,Key!$C$10:$D$12,2,FALSE)+VLOOKUP('READMIT Patient Registry'!I101,Key!$E$2:$F$11,2,FALSE)+VLOOKUP('READMIT Patient Registry'!J101,Key!$G$2:$H$6,2,FALSE)+VLOOKUP('READMIT Patient Registry'!K101,Key!$G$8:$H$10,2,FALSE)+VLOOKUP('READMIT Patient Registry'!L101,Key!$G$12:$H$14,2,FALSE)+VLOOKUP('READMIT Patient Registry'!M101,Key!$I$2:$J$5,2,FALSE)+VLOOKUP('READMIT Patient Registry'!N101,Key!$K$2:$L$4,2,FALSE)+VLOOKUP('READMIT Patient Registry'!O101,Key!$K$6:$L$8,2,FALSE)+VLOOKUP('READMIT Patient Registry'!P101,Key!$M$2:$N$5,2,FALSE),\"\")","v":""},{"$f":"IFERROR(VLOOKUP(Q101,Key!$A$17:$B$20,2,TRUE),\"\")","v":""}]
[null,null,null,null,null,null,null,null,null,null,null,null,null,null,null,null,{"$f":"IFERROR(VLOOKUP(E102,Key!$A$2:$B$6,2,FALSE)+VLOOKUP(F102,Key!$C$2:$D$4,2,FALSE)+VLOOKUP(G102,Key!$C$6:$D$8,2,FALSE)+VLOOKUP('READMIT Patient Registry'!H102,Key!$C$10:$D$12,2,FALSE)+VLOOKUP('READMIT Patient Registry'!I102,Key!$E$2:$F$11,2,FALSE)+VLOOKUP('READMIT Patient Registry'!J102,Key!$G$2:$H$6,2,FALSE)+VLOOKUP('READMIT Patient Registry'!K102,Key!$G$8:$H$10,2,FALSE)+VLOOKUP('READMIT Patient Registry'!L102,Key!$G$12:$H$14,2,FALSE)+VLOOKUP('READMIT Patient Registry'!M102,Key!$I$2:$J$5,2,FALSE)+VLOOKUP('READMIT Patient Registry'!N102,Key!$K$2:$L$4,2,FALSE)+VLOOKUP('READMIT Patient Registry'!O102,Key!$K$6:$L$8,2,FALSE)+VLOOKUP('READMIT Patient Registry'!P102,Key!$M$2:$N$5,2,FALSE),\"\")","v":""},{"$f":"IFERROR(VLOOKUP(Q102,Key!$A$17:$B$20,2,TRUE),\"\")","v":""}]
[null,null,null,null,null,null,null,null,null,null,null,null,null,null,null,null,{"$f":"IFERROR(VLOOKUP(E103,Key!$A$2:$B$6,2,FALSE)+VLOOKUP(F103,Key!$C$2:$D$4,2,FALSE)+VLOOKUP(G103,Key!$C$6:$D$8,2,FALSE)+VLOOKUP('READMIT Patient Registry'!H103,Key!$C$10:$D$12,2,FALSE)+VLOOKUP('READMIT Patient Registry'!I103,Key!$E$2:$F$11,2,FALSE)+VLOOKUP('READMIT Patient Registry'!J103,Key!$G$2:$H$6,2,FALSE)+VLOOKUP('READMIT Patient Registry'!K103,Key!$G$8:$H$10,2,FALSE)+VLOOKUP('READMIT Patient Registry'!L103,Key!$G$12:$H$14,2,FALSE)+VLOOKUP('READMIT Patient Registry'!M103,Key!$I$2:$J$5,2,FALSE)+VLOOKUP('READMIT Patient Registry'!N103,Key!$K$2:$L$4,2,FALSE)+VLOOKUP('READMIT Patient Registry'!O103,Key!$K$6:$L$8,2,FALSE)+VLOOKUP('READMIT Patient Registry'!P103,Key!$M$2:$N$5,2,FALSE),\"\")","v":""},{"$f":"IFERROR(VLOOKUP(Q103,Key!$A$17:$B$20,2,TRUE),\"\")","v":""}]
[null,null,null,null,null,null,null,null,null,null,null,null,null,null,null,null,{"$f":"IFERROR(VLOOKUP(E104,Key!$A$2:$B$6,2,FALSE)+VLOOKUP(F104,Key!$C$2:$D$4,2,FALSE)+VLOOKUP(G104,Key!$C$6:$D$8,2,FALSE)+VLOOKUP('READMIT Patient Registry'!H104,Key!$C$10:$D$12,2,FALSE)+VLOOKUP('READMIT Patient Registry'!I104,Key!$E$2:$F$11,2,FALSE)+VLOOKUP('READMIT Patient Registry'!J104,Key!$G$2:$H$6,2,FALSE)+VLOOKUP('READMIT Patient Registry'!K104,Key!$G$8:$H$10,2,FALSE)+VLOOKUP('READMIT Patient Registry'!L104,Key!$G$12:$H$14,2,FALSE)+VLOOKUP('READMIT Patient Registry'!M104,Key!$I$2:$J$5,2,FALSE)+VLOOKUP('READMIT Patient Registry'!N104,Key!$K$2:$L$4,2,FALSE)+VLOOKUP('READMIT Patient Registry'!O104,Key!$K$6:$L$8,2,FALSE)+VLOOKUP('READMIT Patient Registry'!P104,Key!$M$2:$N$5,2,FALSE),\"\")","v":""},{"$f":"IFERROR(VLOOKUP(Q104,Key!$A$17:$B$20,2,TRUE),\"\")","v":""}]
[null,null,null,null,null,null,null,null,null,null,null,null,null,null,null,null,{"$f":"IFERROR(VLOOKUP(E105,Key!$A$2:$B$6,2,FALSE)+VLOOKUP(F105,Key!$C$2:$D$4,2,FALSE)+VLOOKUP(G105,Key!$C$6:$D$8,2,FALSE)+VLOOKUP('READMIT Patient Registry'!H105,Key!$C$10:$D$12,2,FALSE)+VLOOKUP('READMIT Patient Registry'!I105,Key!$E$2:$F$11,2,FALSE)+VLOOKUP('READMIT Patient Registry'!J105,Key!$G$2:$H$6,2,FALSE)+VLOOKUP('READMIT Patient Registry'!K105,Key!$G$8:$H$10,2,FALSE)+VLOOKUP('READMIT Patient Registry'!L105,Key!$G$12:$H$14,2,FALSE)+VLOOKUP('READMIT Patient Registry'!M105,Key!$I$2:$J$5,2,FALSE)+VLOOKUP('READMIT Patient Registry'!N105,Key!$K$2:$L$4,2,FALSE)+VLOOKUP('READMIT Patient Registry'!O105,Key!$K$6:$L$8,2,FALSE)+VLOOKUP('READMIT Patient Registry'!P105,Key!$M$2:$N$5,2,FALSE),\"\")","v":""},{"$f":"IFERROR(VLOOKUP(Q105,Key!$A$17:$B$20,2,TRUE),\"\")","v":""}]
[null,null,null,null,null,null,null,null,null,null,null,null,null,null,null,null,{"$f":"IFERROR(VLOOKUP(E106,Key!$A$2:$B$6,2,FALSE)+VLOOKUP(F106,Key!$C$2:$D$4,2,FALSE)+VLOOKUP(G106,Key!$C$6:$D$8,2,FALSE)+VLOOKUP('READMIT Patient Registry'!H106,Key!$C$10:$D$12,2,FALSE)+VLOOKUP('READMIT Patient Registry'!I106,Key!$E$2:$F$11,2,FALSE)+VLOOKUP('READMIT Patient Registry'!J106,Key!$G$2:$H$6,2,FALSE)+VLOOKUP('READMIT Patient Registry'!K106,Key!$G$8:$H$10,2,FALSE)+VLOOKUP('READMIT Patient Registry'!L106,Key!$G$12:$H$14,2,FALSE)+VLOOKUP('READMIT Patient Registry'!M106,Key!$I$2:$J$5,2,FALSE)+VLOOKUP('READMIT Patient Registry'!N106,Key!$K$2:$L$4,2,FALSE)+VLOOKUP('READMIT Patient Registry'!O106,Key!$K$6:$L$8,2,FALSE)+VLOOKUP('READMIT Patient Registry'!P106,Key!$M$2:$N$5,2,FALSE),\"\")","v":""},{"$f":"IFERROR(VLOOKUP(Q106,Key!$A$17:$B$20,2,TRUE),\"\")","v":""}]
[null,null,null,null,null,null,null,null,null,null,null,null,null,null,null,null,{"$f":"IFERROR(VLOOKUP(E107,Key!$A$2:$B$6,2,FALSE)+VLOOKUP(F107,Key!$C$2:$D$4,2,FALSE)+VLOOKUP(G107,Key!$C$6:$D$8,2,FALSE)+VLOOKUP('READMIT Patient Registry'!H107,Key!$C$10:$D$12,2,FALSE)+VLOOKUP('READMIT Patient Registry'!I107,Key!$E$2:$F$11,2,FALSE)+VLOOKUP('READMIT Patient Registry'!J107,Key!$G$2:$H$6,2,FALSE)+VLOOKUP('READMIT Patient Registry'!K107,Key!$G$8:$H$10,2,FALSE)+VLOOKUP('READMIT Patient Registry'!L107,Key!$G$12:$H$14,2,FALSE)+VLOOKUP('READMIT Patient Registry'!M107,Key!$I$2:$J$5,2,FALSE)+VLOOKUP('READMIT Patient Registry'!N107,Key!$K$2:$L$4,2,FALSE)+VLOOKUP('READMIT Patient Registry'!O107,Key!$K$6:$L$8,2,FALSE)+VLOOKUP('READMIT Patient Registry'!P107,Key!$M$2:$N$5,2,FALSE),\"\")","v":""},{"$f":"IFERROR(VLOOKUP(Q107,Key!$A$17:$B$20,2,TRUE),\"\")","v":""}]
[null,null,null,null,null,null,null,null,null,null,null,null,null,null,null,null,{"$f":"IFERROR(VLOOKUP(E108,Key!$A$2:$B$6,2,FALSE)+VLOOKUP(F108,Key!$C$2:$D$4,2,FALSE)+VLOOKUP(G108,Key!$C$6:$D$8,2,FALSE)+VLOOKUP('READMIT Patient Registry'!H108,Key!$C$10:$D$12,2,FALSE)+VLOOKUP('READMIT Patient Registry'!I108,Key!$E$2:$F$11,2,FALSE)+VLOOKUP('READMIT Patient Registry'!J108,Key!$G$2:$H$6,2,FALSE)+VLOOKUP('READMIT Patient Registry'!K108,Key!$G$8:$H$10,2,FALSE)+VLOOKUP('READMIT Patient Registry'!L108,Key!$G$12:$H$14,2,FALSE)+VLOOKUP('READMIT Patient Registry'!M108,Key!$I$2:$J$5,2,FALSE)+VLOOKUP('READMIT Patient Registry'!N108,Key!$K$2:$L$4,2,FALSE)+VLOOKUP('READMIT Patient Registry'!O108,Key!$K$6:$L$8,2,FALSE)+VLOOKUP('READMIT Patient Registry'!P108,Key!$M$2:$N$5,2,FALSE),\"\")","v":""},{"$f":"IFERROR(VLOOKUP(Q108,Key!$A$17:$B$20,2,TRUE),\"\")","v":""}]
[null,null,null,null,null,null,null,null,null,null,null,null,null,null,null,null,{"$f":"IFERROR(VLOOKUP(E109,Key!$A$2:$B$6,2,FALSE)+VLOOKUP(F109,Key!$C$2:$D$4,2,FALSE)+VLOOKUP(G109,Key!$C$6:$D$8,2,FALSE)+VLOOKUP('READMIT Patient Registry'!H109,Key!$C$10:$D$12,2,FALSE)+VLOOKUP('READMIT Patient Registry'!I109,Key!$E$2:$F$11,2,FALSE)+VLOOKUP('READMIT Patient Registry'!J109,Key!$G$2:$H$6,2,FALSE)+VLOOKUP('READMIT Patient Registry'!K109,Key!$G$8:$H$10,2,FALSE)+VLOOKUP('READMIT Patient Registry'!L109,Key!$G$12:$H$14,2,FALSE)+VLOOKUP('READMIT Patient Registry'!M109,Key!$I$2:$J$5,2,FALSE)+VLOOKUP('READMIT Patient Registry'!N109,Key!$K$2:$L$4,2,FALSE)+VLOOKUP('READMIT Patient Registry'!O109,Key!$K$6:$L$8,2,FALSE)+VLOOKUP('READMIT Patient Registry'!P109,Key!$M$2:$N$5,2,FALSE),\"\")","v":""},{"$f":"IFERROR(VLOOKUP(Q109,Key!$A$17:$B$20,2,TRUE),\"\")","v":""}]
[null,null,null,null,null,null,null,null,null,null,null,null,null,null,null,null,{"$f":"IFERROR(VLOOKUP(E110,Key!$A$2:$B$6,2,FALSE)+VLOOKUP(F110,Key!$C$2:$D$4,2,FALSE)+VLOOKUP(G110,Key!$C$6:$D$8,2,FALSE)+VLOOKUP('READMIT Patient Registry'!H110,Key!$C$10:$D$12,2,FALSE)+VLOOKUP('READMIT Patient Registry'!I110,Key!$E$2:$F$11,2,FALSE)+VLOOKUP('READMIT Patient Registry'!J110,Key!$G$2:$H$6,2,FALSE)+VLOOKUP('READMIT Patient Registry'!K110,Key!$G$8:$H$10,2,FALSE)+VLOOKUP('READMIT Patient Registry'!L110,Key!$G$12:$H$14,2,FALSE)+VLOOKUP('READMIT Patient Registry'!M110,Key!$I$2:$J$5,2,FALSE)+VLOOKUP('READMIT Patient Registry'!N110,Key!$K$2:$L$4,2,FALSE)+VLOOKUP('READMIT Patient Registry'!O110,Key!$K$6:$L$8,2,FALSE)+VLOOKUP('READMIT Patient Registry'!P110,Key!$M$2:$N$5,2,FALSE),\"\")","v":""},{"$f":"IFERROR(VLOOKUP(Q110,Key!$A$17:$B$20,2,TRUE),\"\")","v":""}]
[null,null,null,null,null,null,null,null,null,null,null,null,null,null,null,null,{"$f":"IFERROR(VLOOKUP(E111,Key!$A$2:$B$6,2,FALSE)+VLOOKUP(F111,Key!$C$2:$D$4,2,FALSE)+VLOOKUP(G111,Key!$C$6:$D$8,2,FALSE)+VLOOKUP('READMIT Patient Registry'!H111,Key!$C$10:$D$12,2,FALSE)+VLOOKUP('READMIT Patient Registry'!I111,Key!$E$2:$F$11,2,FALSE)+VLOOKUP('READMIT Patient Registry'!J111,Key!$G$2:$H$6,2,FALSE)+VLOOKUP('READMIT Patient Registry'!K111,Key!$G$8:$H$10,2,FALSE)+VLOOKUP('READMIT Patient Registry'!L111,Key!$G$12:$H$14,2,FALSE)+VLOOKUP('READMIT Patient Registry'!M111,Key!$I$2:$J$5,2,FALSE)+VLOOKUP('READMIT Patient Registry'!N111,Key!$K$2:$L$4,2,FALSE)+VLOOKUP('READMIT Patient Registry'!O111,Key!$K$6:$L$8,2,FALSE)+VLOOKUP('READMIT Patient Registry'!P111,Key!$M$2:$N$5,2,FALSE),\"\")","v":""},{"$f":"IFERROR(VLOOKUP(Q111,Key!$A$17:$B$20,2,TRUE),\"\")","v":""}]
[null,null,null,null,null,null,null,null,null,null,null,null,null,null,null,null,{"$f":"IFERROR(VLOOKUP(E112,Key!$A$2:$B$6,2,FALSE)+VLOOKUP(F112,Key!$C$2:$D$4,2,FALSE)+VLOOKUP(G112,Key!$C$6:$D$8,2,FALSE)+VLOOKUP('READMIT Patient Registry'!H112,Key!$C$10:$D$12,2,FALSE)+VLOOKUP('READMIT Patient Registry'!I112,Key!$E$2:$F$11,2,FALSE)+VLOOKUP('READMIT Patient Registry'!J112,Key!$G$2:$H$6,2,FALSE)+VLOOKUP('READMIT Patient Registry'!K112,Key!$G$8:$H$10,2,FALSE)+VLOOKUP('READMIT Patient Registry'!L112,Key!$G$12:$H$14,2,FALSE)+VLOOKUP('READMIT Patient Registry'!M112,Key!$I$2:$J$5,2,FALSE)+VLOOKUP('READMIT Patient Registry'!N112,Key!$K$2:$L$4,2,FALSE)+VLOOKUP('READMIT Patient Registry'!O112,Key!$K$6:$L$8,2,FALSE)+VLOOKUP('READMIT Patient Registry'!P112,Key!$M$2:$N$5,2,FALSE),\"\")","v":""},{"$f":"IFERROR(VLOOKUP(Q112,Key!$A$17:$B$20,2,TRUE),\"\")","v":""}]
[null,null,null,null,null,null,null,null,null,null,null,null,null,null,null,null,{"$f":"IFERROR(VLOOKUP(E113,Key!$A$2:$B$6,2,FALSE)+VLOOKUP(F113,Key!$C$2:$D$4,2,FALSE)+VLOOKUP(G113,Key!$C$6:$D$8,2,FALSE)+VLOOKUP('READMIT Patient Registry'!H113,Key!$C$10:$D$12,2,FALSE)+VLOOKUP('READMIT Patient Registry'!I113,Key!$E$2:$F$11,2,FALSE)+VLOOKUP('READMIT Patient Registry'!J113,Key!$G$2:$H$6,2,FALSE)+VLOOKUP('READMIT Patient Registry'!K113,Key!$G$8:$H$10,2,FALSE)+VLOOKUP('READMIT Patient Registry'!L113,Key!$G$12:$H$14,2,FALSE)+VLOOKUP('READMIT Patient Registry'!M113,Key!$I$2:$J$5,2,FALSE)+VLOOKUP('READMIT Patient Registry'!N113,Key!$K$2:$L$4,2,FALSE)+VLOOKUP('READMIT Patient Registry'!O113,Key!$K$6:$L$8,2,FALSE)+VLOOKUP('READMIT Patient Registry'!P113,Key!$M$2:$N$5,2,FALSE),\"\")","v":""},{"$f":"IFERROR(VLOOKUP(Q113,Key!$A$17:$B$20,2,TRUE),\"\")","v":""}]
[null,null,null,null,null,null,null,null,null,null,null,null,null,null,null,null,{"$f":"IFERROR(VLOOKUP(E114,Key!$A$2:$B$6,2,FALSE)+VLOOKUP(F114,Key!$C$2:$D$4,2,FALSE)+VLOOKUP(G114,Key!$C$6:$D$8,2,FALSE)+VLOOKUP('READMIT Patient Registry'!H114,Key!$C$10:$D$12,2,FALSE)+VLOOKUP('READMIT Patient Registry'!I114,Key!$E$2:$F$11,2,FALSE)+VLOOKUP('READMIT Patient Registry'!J114,Key!$G$2:$H$6,2,FALSE)+VLOOKUP('READMIT Patient Registry'!K114,Key!$G$8:$H$10,2,FALSE)+VLOOKUP('READMIT Patient Registry'!L114,Key!$G$12:$H$14,2,FALSE)+VLOOKUP('READMIT Patient Registry'!M114,Key!$I$2:$J$5,2,FALSE)+VLOOKUP('READMIT Patient Registry'!N114,Key!$K$2:$L$4,2,FALSE)+VLOOKUP('READMIT Patient Registry'!O114,Key!$K$6:$L$8,2,FALSE)+VLOOKUP('READMIT Patient Registry'!P114,Key!$M$2:$N$5,2,FALSE),\"\")","v":""},{"$f":"IFERROR(VLOOKUP(Q114,Key!$A$17:$B$20,2,TRUE),\"\")","v":""}]
[null,null,null,null,null,null,null,null,null,null,null,null,null,null,null,null,{"$f":"IFERROR(VLOOKUP(E115,Key!$A$2:$B$6,2,FALSE)+VLOOKUP(F115,Key!$C$2:$D$4,2,FALSE)+VLOOKUP(G115,Key!$C$6:$D$8,2,FALSE)+VLOOKUP('READMIT Patient Registry'!H115,Key!$C$10:$D$12,2,FALSE)+VLOOKUP('READMIT Patient Registry'!I115,Key!$E$2:$F$11,2,FALSE)+VLOOKUP('READMIT Patient Registry'!J115,Key!$G$2:$H$6,2,FALSE)+VLOOKUP('READMIT Patient Registry'!K115,Key!$G$8:$H$10,2,FALSE)+VLOOKUP('READMIT Patient Registry'!L115,Key!$G$12:$H$14,2,FALSE)+VLOOKUP('READMIT Patient Registry'!M115,Key!$I$2:$J$5,2,FALSE)+VLOOKUP('READMIT Patient Registry'!N115,Key!$K$2:$L$4,2,FALSE)+VLOOKUP('READMIT Patient Registry'!O115,Key!$K$6:$L$8,2,FALSE)+VLOOKUP('READMIT Patient Registry'!P115,Key!$M$2:$N$5,2,FALSE),\"\")","v":""},{"$f":"IFERROR(VLOOKUP(Q115,Key!$A$17:$B$20,2,TRUE),\"\")","v":""}]
[null,null,null,null,null,null,null,null,null,null,null,null,null,null,null,null,{"$f":"IFERROR(VLOOKUP(E116,Key!$A$2:$B$6,2,FALSE)+VLOOKUP(F116,Key!$C$2:$D$4,2,FALSE)+VLOOKUP(G116,Key!$C$6:$D$8,2,FALSE)+VLOOKUP('READMIT Patient Registry'!H116,Key!$C$10:$D$12,2,FALSE)+VLOOKUP('READMIT Patient Registry'!I116,Key!$E$2:$F$11,2,FALSE)+VLOOKUP('READMIT Patient Registry'!J116,Key!$G$2:$H$6,2,FALSE)+VLOOKUP('READMIT Patient Registry'!K116,Key!$G$8:$H$10,2,FALSE)+VLOOKUP('READMIT Patient Registry'!L116,Key!$G$12:$H$14,2,FALSE)+VLOOKUP('READMIT Patient Registry'!M116,Key!$I$2:$J$5,2,FALSE)+VLOOKUP('READMIT Patient Registry'!N116,Key!$K$2:$L$4,2,FALSE)+VLOOKUP('READMIT Patient Registry'!O116,Key!$K$6:$L$8,2,FALSE)+VLOOKUP('READMIT Patient Registry'!P116,Key!$M$2:$N$5,2,FALSE),\"\")","v":""},{"$f":"IFERROR(VLOOKUP(Q116,Key!$A$17:$B$20,2,TRUE),\"\")","v":""}]
[null,null,null,null,null,null,null,null,null,null,null,null,null,null,null,null,{"$f":"IFERROR(VLOOKUP(E117,Key!$A$2:$B$6,2,FALSE)+VLOOKUP(F117,Key!$C$2:$D$4,2,FALSE)+VLOOKUP(G117,Key!$C$6:$D$8,2,FALSE)+VLOOKUP('READMIT Patient Registry'!H117,Key!$C$10:$D$12,2,FALSE)+VLOOKUP('READMIT Patient Registry'!I117,Key!$E$2:$F$11,2,FALSE)+VLOOKUP('READMIT Patient Registry'!J117,Key!$G$2:$H$6,2,FALSE)+VLOOKUP('READMIT Patient Registry'!K117,Key!$G$8:$H$10,2,FALSE)+VLOOKUP('READMIT Patient Registry'!L117,Key!$G$12:$H$14,2,FALSE)+VLOOKUP('READMIT Patient Registry'!M117,Key!$I$2:$J$5,2,FALSE)+VLOOKUP('READMIT Patient Registry'!N117,Key!$K$2:$L$4,2,FALSE)+VLOOKUP('READMIT Patient Registry'!O117,Key!$K$6:$L$8,2,FALSE)+VLOOKUP('READMIT Patient Registry'!P117,Key!$M$2:$N$5,2,FALSE),\"\")","v":""},{"$f":"IFERROR(VLOOKUP(Q117,Key!$A$17:$B$20,2,TRUE),\"\")","v":""}]
[null,null,null,null,null,null,null,null,null,null,null,null,null,null,null,null,{"$f":"IFERROR(VLOOKUP(E118,Key!$A$2:$B$6,2,FALSE)+VLOOKUP(F118,Key!$C$2:$D$4,2,FALSE)+VLOOKUP(G118,Key!$C$6:$D$8,2,FALSE)+VLOOKUP('READMIT Patient Registry'!H118,Key!$C$10:$D$12,2,FALSE)+VLOOKUP('READMIT Patient Registry'!I118,Key!$E$2:$F$11,2,FALSE)+VLOOKUP('READMIT Patient Registry'!J118,Key!$G$2:$H$6,2,FALSE)+VLOOKUP('READMIT Patient Registry'!K118,Key!$G$8:$H$10,2,FALSE)+VLOOKUP('READMIT Patient Registry'!L118,Key!$G$12:$H$14,2,FALSE)+VLOOKUP('READMIT Patient Registry'!M118,Key!$I$2:$J$5,2,FALSE)+VLOOKUP('READMIT Patient Registry'!N118,Key!$K$2:$L$4,2,FALSE)+VLOOKUP('READMIT Patient Registry'!O118,Key!$K$6:$L$8,2,FALSE)+VLOOKUP('READMIT Patient Registry'!P118,Key!$M$2:$N$5,2,FALSE),\"\")","v":""},{"$f":"IFERROR(VLOOKUP(Q118,Key!$A$17:$B$20,2,TRUE),\"\")","v":""}]
[null,null,null,null,null,null,null,null,null,null,null,null,null,null,null,null,{"$f":"IFERROR(VLOOKUP(E119,Key!$A$2:$B$6,2,FALSE)+VLOOKUP(F119,Key!$C$2:$D$4,2,FALSE)+VLOOKUP(G119,Key!$C$6:$D$8,2,FALSE)+VLOOKUP('READMIT Patient Registry'!H119,Key!$C$10:$D$12,2,FALSE)+VLOOKUP('READMIT Patient Registry'!I119,Key!$E$2:$F$11,2,FALSE)+VLOOKUP('READMIT Patient Registry'!J119,Key!$G$2:$H$6,2,FALSE)+VLOOKUP('READMIT Patient Registry'!K119,Key!$G$8:$H$10,2,FALSE)+VLOOKUP('READMIT Patient Registry'!L119,Key!$G$12:$H$14,2,FALSE)+VLOOKUP('READMIT Patient Registry'!M119,Key!$I$2:$J$5,2,FALSE)+VLOOKUP('READMIT Patient Registry'!N119,Key!$K$2:$L$4,2,FALSE)+VLOOKUP('READMIT Patient Registry'!O119,Key!$K$6:$L$8,2,FALSE)+VLOOKUP('READMIT Patient Registry'!P119,Key!$M$2:$N$5,2,FALSE),\"\")","v":""},{"$f":"IFERROR(VLOOKUP(Q119,Key!$A$17:$B$20,2,TRUE),\"\")","v":""}]
[null,null,null,null,null,null,null,null,null,null,null,null,null,null,null,null,{"$f":"IFERROR(VLOOKUP(E120,Key!$A$2:$B$6,2,FALSE)+VLOOKUP(F120,Key!$C$2:$D$4,2,FALSE)+VLOOKUP(G120,Key!$C$6:$D$8,2,FALSE)+VLOOKUP('READMIT Patient Registry'!H120,Key!$C$10:$D$12,2,FALSE)+VLOOKUP('READMIT Patient Registry'!I120,Key!$E$2:$F$11,2,FALSE)+VLOOKUP('READMIT Patient Registry'!J120,Key!$G$2:$H$6,2,FALSE)+VLOOKUP('READMIT Patient Registry'!K120,Key!$G$8:$H$10,2,FALSE)+VLOOKUP('READMIT Patient Registry'!L120,Key!$G$12:$H$14,2,FALSE)+VLOOKUP('READMIT Patient Registry'!M120,Key!$I$2:$J$5,2,FALSE)+VLOOKUP('READMIT Patient Registry'!N120,Key!$K$2:$L$4,2,FALSE)+VLOOKUP('READMIT Patient Registry'!O120,Key!$K$6:$L$8,2,FALSE)+VLOOKUP('READMIT Patient Registry'!P120,Key!$M$2:$N$5,2,FALSE),\"\")","v":""},{"$f":"IFERROR(VLOOKUP(Q120,Key!$A$17:$B$20,2,TRUE),\"\")","v":""}]
[null,null,null,null,null,null,null,null,null,null,null,null,null,null,null,null,{"$f":"IFERROR(VLOOKUP(E121,Key!$A$2:$B$6,2,FALSE)+VLOOKUP(F121,Key!$C$2:$D$4,2,FALSE)+VLOOKUP(G121,Key!$C$6:$D$8,2,FALSE)+VLOOKUP('READMIT Patient Registry'!H121,Key!$C$10:$D$12,2,FALSE)+VLOOKUP('READMIT Patient Registry'!I121,Key!$E$2:$F$11,2,FALSE)+VLOOKUP('READMIT Patient Registry'!J121,Key!$G$2:$H$6,2,FALSE)+VLOOKUP('READMIT Patient Registry'!K121,Key!$G$8:$H$10,2,FALSE)+VLOOKUP('READMIT Patient Registry'!L121,Key!$G$12:$H$14,2,FALSE)+VLOOKUP('READMIT Patient Registry'!M121,Key!$I$2:$J$5,2,FALSE)+VLOOKUP('READMIT Patient Registry'!N121,Key!$K$2:$L$4,2,FALSE)+VLOOKUP('READMIT Patient Registry'!O121,Key!$K$6:$L$8,2,FALSE)+VLOOKUP('READMIT Patient Registry'!P121,Key!$M$2:$N$5,2,FALSE),\"\")","v":""},{"$f":"IFERROR(VLOOKUP(Q121,Key!$A$17:$B$20,2,TRUE),\"\")","v":""}]
[null,null,null,null,null,null,null,null,null,null,null,null,null,null,null,null,{"$f":"IFERROR(VLOOKUP(E122,Key!$A$2:$B$6,2,FALSE)+VLOOKUP(F122,Key!$C$2:$D$4,2,FALSE)+VLOOKUP(G122,Key!$C$6:$D$8,2,FALSE)+VLOOKUP('READMIT Patient Registry'!H122,Key!$C$10:$D$12,2,FALSE)+VLOOKUP('READMIT Patient Registry'!I122,Key!$E$2:$F$11,2,FALSE)+VLOOKUP('READMIT Patient Registry'!J122,Key!$G$2:$H$6,2,FALSE)+VLOOKUP('READMIT Patient Registry'!K122,Key!$G$8:$H$10,2,FALSE)+VLOOKUP('READMIT Patient Registry'!L122,Key!$G$12:$H$14,2,FALSE)+VLOOKUP('READMIT Patient Registry'!M122,Key!$I$2:$J$5,2,FALSE)+VLOOKUP('READMIT Patient Registry'!N122,Key!$K$2:$L$4,2,FALSE)+VLOOKUP('READMIT Patient Registry'!O122,Key!$K$6:$L$8,2,FALSE)+VLOOKUP('READMIT Patient Registry'!P122,Key!$M$2:$N$5,2,FALSE),\"\")","v":""},{"$f":"IFERROR(VLOOKUP(Q122,Key!$A$17:$B$20,2,TRUE),\"\")","v":""}]
[null,null,null,null,null,null,null,null,null,null,null,null,null,null,null,null,{"$f":"IFERROR(VLOOKUP(E123,Key!$A$2:$B$6,2,FALSE)+VLOOKUP(F123,Key!$C$2:$D$4,2,FALSE)+VLOOKUP(G123,Key!$C$6:$D$8,2,FALSE)+VLOOKUP('READMIT Patient Registry'!H123,Key!$C$10:$D$12,2,FALSE)+VLOOKUP('READMIT Patient Registry'!I123,Key!$E$2:$F$11,2,FALSE)+VLOOKUP('READMIT Patient Registry'!J123,Key!$G$2:$H$6,2,FALSE)+VLOOKUP('READMIT Patient Registry'!K123,Key!$G$8:$H$10,2,FALSE)+VLOOKUP('READMIT Patient Registry'!L123,Key!$G$12:$H$14,2,FALSE)+VLOOKUP('READMIT Patient Registry'!M123,Key!$I$2:$J$5,2,FALSE)+VLOOKUP('READMIT Patient Registry'!N123,Key!$K$2:$L$4,2,FALSE)+VLOOKUP('READMIT Patient Registry'!O123,Key!$K$6:$L$8,2,FALSE)+VLOOKUP('READMIT Patient Registry'!P123,Key!$M$2:$N$5,2,FALSE),\"\")","v":""},{"$f":"IFERROR(VLOOKUP(Q123,Key!$A$17:$B$20,2,TRUE),\"\")","v":""}]
[null,null,null,null,null,null,null,null,null,null,null,null,null,null,null,null,{"$f":"IFERROR(VLOOKUP(E124,Key!$A$2:$B$6,2,FALSE)+VLOOKUP(F124,Key!$C$2:$D$4,2,FALSE)+VLOOKUP(G124,Key!$C$6:$D$8,2,FALSE)+VLOOKUP('READMIT Patient Registry'!H124,Key!$C$10:$D$12,2,FALSE)+VLOOKUP('READMIT Patient Registry'!I124,Key!$E$2:$F$11,2,FALSE)+VLOOKUP('READMIT Patient Registry'!J124,Key!$G$2:$H$6,2,FALSE)+VLOOKUP('READMIT Patient Registry'!K124,Key!$G$8:$H$10,2,FALSE)+VLOOKUP('READMIT Patient Registry'!L124,Key!$G$12:$H$14,2,FALSE)+VLOOKUP('READMIT Patient Registry'!M124,Key!$I$2:$J$5,2,FALSE)+VLOOKUP('READMIT Patient Registry'!N124,Key!$K$2:$L$4,2,FALSE)+VLOOKUP('READMIT Patient Registry'!O124,Key!$K$6:$L$8,2,FALSE)+VLOOKUP('READMIT Patient Registry'!P124,Key!$M$2:$N$5,2,FALSE),\"\")","v":""},{"$f":"IFERROR(VLOOKUP(Q124,Key!$A$17:$B$20,2,TRUE),\"\")","v":""}]
[null,null,null,null,null,null,null,null,null,null,null,null,null,null,null,null,{"$f":"IFERROR(VLOOKUP(E125,Key!$A$2:$B$6,2,FALSE)+VLOOKUP(F125,Key!$C$2:$D$4,2,FALSE)+VLOOKUP(G125,Key!$C$6:$D$8,2,FALSE)+VLOOKUP('READMIT Patient Registry'!H125,Key!$C$10:$D$12,2,FALSE)+VLOOKUP('READMIT Patient Registry'!I125,Key!$E$2:$F$11,2,FALSE)+VLOOKUP('READMIT Patient Registry'!J125,Key!$G$2:$H$6,2,FALSE)+VLOOKUP('READMIT Patient Registry'!K125,Key!$G$8:$H$10,2,FALSE)+VLOOKUP('READMIT Patient Registry'!L125,Key!$G$12:$H$14,2,FALSE)+VLOOKUP('READMIT Patient Registry'!M125,Key!$I$2:$J$5,2,FALSE)+VLOOKUP('READMIT Patient Registry'!N125,Key!$K$2:$L$4,2,FALSE)+VLOOKUP('READMIT Patient Registry'!O125,Key!$K$6:$L$8,2,FALSE)+VLOOKUP('READMIT Patient Registry'!P125,Key!$M$2:$N$5,2,FALSE),\"\")","v":""},{"$f":"IFERROR(VLOOKUP(Q125,Key!$A$17:$B$20,2,TRUE),\"\")","v":""}]
[null,null,null,null,null,null,null,null,null,null,null,null,null,null,null,null,{"$f":"IFERROR(VLOOKUP(E126,Key!$A$2:$B$6,2,FALSE)+VLOOKUP(F126,Key!$C$2:$D$4,2,FALSE)+VLOOKUP(G126,Key!$C$6:$D$8,2,FALSE)+VLOOKUP('READMIT Patient Registry'!H126,Key!$C$10:$D$12,2,FALSE)+VLOOKUP('READMIT Patient Registry'!I126,Key!$E$2:$F$11,2,FALSE)+VLOOKUP('READMIT Patient Registry'!J126,Key!$G$2:$H$6,2,FALSE)+VLOOKUP('READMIT Patient Registry'!K126,Key!$G$8:$H$10,2,FALSE)+VLOOKUP('READMIT Patient Registry'!L126,Key!$G$12:$H$14,2,FALSE)+VLOOKUP('READMIT Patient Registry'!M126,Key!$I$2:$J$5,2,FALSE)+VLOOKUP('READMIT Patient Registry'!N126,Key!$K$2:$L$4,2,FALSE)+VLOOKUP('READMIT Patient Registry'!O126,Key!$K$6:$L$8,2,FALSE)+VLOOKUP('READMIT Patient Registry'!P126,Key!$M$2:$N$5,2,FALSE),\"\")","v":""},{"$f":"IFERROR(VLOOKUP(Q126,Key!$A$17:$B$20,2,TRUE),\"\")","v":""}]
[null,null,null,null,null,null,null,null,null,null,null,null,null,null,null,null,{"$f":"IFERROR(VLOOKUP(E127,Key!$A$2:$B$6,2,FALSE)+VLOOKUP(F127,Key!$C$2:$D$4,2,FALSE)+VLOOKUP(G127,Key!$C$6:$D$8,2,FALSE)+VLOOKUP('READMIT Patient Registry'!H127,Key!$C$10:$D$12,2,FALSE)+VLOOKUP('READMIT Patient Registry'!I127,Key!$E$2:$F$11,2,FALSE)+VLOOKUP('READMIT Patient Registry'!J127,Key!$G$2:$H$6,2,FALSE)+VLOOKUP('READMIT Patient Registry'!K127,Key!$G$8:$H$10,2,FALSE)+VLOOKUP('READMIT Patient Registry'!L127,Key!$G$12:$H$14,2,FALSE)+VLOOKUP('READMIT Patient Registry'!M127,Key!$I$2:$J$5,2,FALSE)+VLOOKUP('READMIT Patient Registry'!N127,Key!$K$2:$L$4,2,FALSE)+VLOOKUP('READMIT Patient Registry'!O127,Key!$K$6:$L$8,2,FALSE)+VLOOKUP('READMIT Patient Registry'!P127,Key!$M$2:$N$5,2,FALSE),\"\")","v":""},{"$f":"IFERROR(VLOOKUP(Q127,Key!$A$17:$B$20,2,TRUE),\"\")","v":""}]
[null,null,null,null,null,null,null,null,null,null,null,null,null,null,null,null,{"$f":"IFERROR(VLOOKUP(E128,Key!$A$2:$B$6,2,FALSE)+VLOOKUP(F128,Key!$C$2:$D$4,2,FALSE)+VLOOKUP(G128,Key!$C$6:$D$8,2,FALSE)+VLOOKUP('READMIT Patient Registry'!H128,Key!$C$10:$D$12,2,FALSE)+VLOOKUP('READMIT Patient Registry'!I128,Key!$E$2:$F$11,2,FALSE)+VLOOKUP('READMIT Patient Registry'!J128,Key!$G$2:$H$6,2,FALSE)+VLOOKUP('READMIT Patient Registry'!K128,Key!$G$8:$H$10,2,FALSE)+VLOOKUP('READMIT Patient Registry'!L128,Key!$G$12:$H$14,2,FALSE)+VLOOKUP('READMIT Patient Registry'!M128,Key!$I$2:$J$5,2,FALSE)+VLOOKUP('READMIT Patient Registry'!N128,Key!$K$2:$L$4,2,FALSE)+VLOOKUP('READMIT Patient Registry'!O128,Key!$K$6:$L$8,2,FALSE)+VLOOKUP('READMIT Patient Registry'!P128,Key!$M$2:$N$5,2,FALSE),\"\")","v":""},{"$f":"IFERROR(VLOOKUP(Q128,Key!$A$17:$B$20,2,TRUE),\"\")","v":""}]
[null,null,null,null,null,null,null,null,null,null,null,null,null,null,null,null,{"$f":"IFERROR(VLOOKUP(E129,Key!$A$2:$B$6,2,FALSE)+VLOOKUP(F129,Key!$C$2:$D$4,2,FALSE)+VLOOKUP(G129,Key!$C$6:$D$8,2,FALSE)+VLOOKUP('READMIT Patient Registry'!H129,Key!$C$10:$D$12,2,FALSE)+VLOOKUP('READMIT Patient Registry'!I129,Key!$E$2:$F$11,2,FALSE)+VLOOKUP('READMIT Patient Registry'!J129,Key!$G$2:$H$6,2,FALSE)+VLOOKUP('READMIT Patient Registry'!K129,Key!$G$8:$H$10,2,FALSE)+VLOOKUP('READMIT Patient Registry'!L129,Key!$G$12:$H$14,2,FALSE)+VLOOKUP('READMIT Patient Registry'!M129,Key!$I$2:$J$5,2,FALSE)+VLOOKUP('READMIT Patient Registry'!N129,Key!$K$2:$L$4,2,FALSE)+VLOOKUP('READMIT Patient Registry'!O129,Key!$K$6:$L$8,2,FALSE)+VLOOKUP('READMIT Patient Registry'!P129,Key!$M$2:$N$5,2,FALSE),\"\")","v":""},{"$f":"IFERROR(VLOOKUP(Q129,Key!$A$17:$B$20,2,TRUE),\"\")","v":""}]
[null,null,null,null,null,null,null,null,null,null,null,null,null,null,null,null,{"$f":"IFERROR(VLOOKUP(E130,Key!$A$2:$B$6,2,FALSE)+VLOOKUP(F130,Key!$C$2:$D$4,2,FALSE)+VLOOKUP(G130,Key!$C$6:$D$8,2,FALSE)+VLOOKUP('READMIT Patient Registry'!H130,Key!$C$10:$D$12,2,FALSE)+VLOOKUP('READMIT Patient Registry'!I130,Key!$E$2:$F$11,2,FALSE)+VLOOKUP('READMIT Patient Registry'!J130,Key!$G$2:$H$6,2,FALSE)+VLOOKUP('READMIT Patient Registry'!K130,Key!$G$8:$H$10,2,FALSE)+VLOOKUP('READMIT Patient Registry'!L130,Key!$G$12:$H$14,2,FALSE)+VLOOKUP('READMIT Patient Registry'!M130,Key!$I$2:$J$5,2,FALSE)+VLOOKUP('READMIT Patient Registry'!N130,Key!$K$2:$L$4,2,FALSE)+VLOOKUP('READMIT Patient Registry'!O130,Key!$K$6:$L$8,2,FALSE)+VLOOKUP('READMIT Patient Registry'!P130,Key!$M$2:$N$5,2,FALSE),\"\")","v":""},{"$f":"IFERROR(VLOOKUP(Q130,Key!$A$17:$B$20,2,TRUE),\"\")","v":""}]
[null,null,null,null,null,null,null,null,null,null,null,null,null,null,null,null,{"$f":"IFERROR(VLOOKUP(E131,Key!$A$2:$B$6,2,FALSE)+VLOOKUP(F131,Key!$C$2:$D$4,2,FALSE)+VLOOKUP(G131,Key!$C$6:$D$8,2,FALSE)+VLOOKUP('READMIT Patient Registry'!H131,Key!$C$10:$D$12,2,FALSE)+VLOOKUP('READMIT Patient Registry'!I131,Key!$E$2:$F$11,2,FALSE)+VLOOKUP('READMIT Patient Registry'!J131,Key!$G$2:$H$6,2,FALSE)+VLOOKUP('READMIT Patient Registry'!K131,Key!$G$8:$H$10,2,FALSE)+VLOOKUP('READMIT Patient Registry'!L131,Key!$G$12:$H$14,2,FALSE)+VLOOKUP('READMIT Patient Registry'!M131,Key!$I$2:$J$5,2,FALSE)+VLOOKUP('READMIT Patient Registry'!N131,Key!$K$2:$L$4,2,FALSE)+VLOOKUP('READMIT Patient Registry'!O131,Key!$K$6:$L$8,2,FALSE)+VLOOKUP('READMIT Patient Registry'!P131,Key!$M$2:$N$5,2,FALSE),\"\")","v":""},{"$f":"IFERROR(VLOOKUP(Q131,Key!$A$17:$B$20,2,TRUE),\"\")","v":""}]
[null,null,null,null,null,null,null,null,null,null,null,null,null,null,null,null,{"$f":"IFERROR(VLOOKUP(E132,Key!$A$2:$B$6,2,FALSE)+VLOOKUP(F132,Key!$C$2:$D$4,2,FALSE)+VLOOKUP(G132,Key!$C$6:$D$8,2,FALSE)+VLOOKUP('READMIT Patient Registry'!H132,Key!$C$10:$D$12,2,FALSE)+VLOOKUP('READMIT Patient Registry'!I132,Key!$E$2:$F$11,2,FALSE)+VLOOKUP('READMIT Patient Registry'!J132,Key!$G$2:$H$6,2,FALSE)+VLOOKUP('READMIT Patient Registry'!K132,Key!$G$8:$H$10,2,FALSE)+VLOOKUP('READMIT Patient Registry'!L132,Key!$G$12:$H$14,2,FALSE)+VLOOKUP('READMIT Patient Registry'!M132,Key!$I$2:$J$5,2,FALSE)+VLOOKUP('READMIT Patient Registry'!N132,Key!$K$2:$L$4,2,FALSE)+VLOOKUP('READMIT Patient Registry'!O132,Key!$K$6:$L$8,2,FALSE)+VLOOKUP('READMIT Patient Registry'!P132,Key!$M$2:$N$5,2,FALSE),\"\")","v":""},{"$f":"IFERROR(VLOOKUP(Q132,Key!$A$17:$B$20,2,TRUE),\"\")","v":""}]
[null,null,null,null,null,null,null,null,null,null,null,null,null,null,null,null,{"$f":"IFERROR(VLOOKUP(E133,Key!$A$2:$B$6,2,FALSE)+VLOOKUP(F133,Key!$C$2:$D$4,2,FALSE)+VLOOKUP(G133,Key!$C$6:$D$8,2,FALSE)+VLOOKUP('READMIT Patient Registry'!H133,Key!$C$10:$D$12,2,FALSE)+VLOOKUP('READMIT Patient Registry'!I133,Key!$E$2:$F$11,2,FALSE)+VLOOKUP('READMIT Patient Registry'!J133,Key!$G$2:$H$6,2,FALSE)+VLOOKUP('READMIT Patient Registry'!K133,Key!$G$8:$H$10,2,FALSE)+VLOOKUP('READMIT Patient Registry'!L133,Key!$G$12:$H$14,2,FALSE)+VLOOKUP('READMIT Patient Registry'!M133,Key!$I$2:$J$5,2,FALSE)+VLOOKUP('READMIT Patient Registry'!N133,Key!$K$2:$L$4,2,FALSE)+VLOOKUP('READMIT Patient Registry'!O133,Key!$K$6:$L$8,2,FALSE)+VLOOKUP('READMIT Patient Registry'!P133,Key!$M$2:$N$5,2,FALSE),\"\")","v":""},{"$f":"IFERROR(VLOOKUP(Q133,Key!$A$17:$B$20,2,TRUE),\"\")","v":""}]
[null,null,null,null,null,null,null,null,null,null,null,null,null,null,null,null,{"$f":"IFERROR(VLOOKUP(E134,Key!$A$2:$B$6,2,FALSE)+VLOOKUP(F134,Key!$C$2:$D$4,2,FALSE)+VLOOKUP(G134,Key!$C$6:$D$8,2,FALSE)+VLOOKUP('READMIT Patient Registry'!H134,Key!$C$10:$D$12,2,FALSE)+VLOOKUP('READMIT Patient Registry'!I134,Key!$E$2:$F$11,2,FALSE)+VLOOKUP('READMIT Patient Registry'!J134,Key!$G$2:$H$6,2,FALSE)+VLOOKUP('READMIT Patient Registry'!K134,Key!$G$8:$H$10,2,FALSE)+VLOOKUP('READMIT Patient Registry'!L134,Key!$G$12:$H$14,2,FALSE)+VLOOKUP('READMIT Patient Registry'!M134,Key!$I$2:$J$5,2,FALSE)+VLOOKUP('READMIT Patient Registry'!N134,Key!$K$2:$L$4,2,FALSE)+VLOOKUP('READMIT Patient Registry'!O134,Key!$K$6:$L$8,2,FALSE)+VLOOKUP('READMIT Patient Registry'!P134,Key!$M$2:$N$5,2,FALSE),\"\")","v":""},{"$f":"IFERROR(VLOOKUP(Q134,Key!$A$17:$B$20,2,TRUE),\"\")","v":""}]
[null,null,null,null,null,null,null,null,null,null,null,null,null,null,null,null,{"$f":"IFERROR(VLOOKUP(E135,Key!$A$2:$B$6,2,FALSE)+VLOOKUP(F135,Key!$C$2:$D$4,2,FALSE)+VLOOKUP(G135,Key!$C$6:$D$8,2,FALSE)+VLOOKUP('READMIT Patient Registry'!H135,Key!$C$10:$D$12,2,FALSE)+VLOOKUP('READMIT Patient Registry'!I135,Key!$E$2:$F$11,2,FALSE)+VLOOKUP('READMIT Patient Registry'!J135,Key!$G$2:$H$6,2,FALSE)+VLOOKUP('READMIT Patient Registry'!K135,Key!$G$8:$H$10,2,FALSE)+VLOOKUP('READMIT Patient Registry'!L135,Key!$G$12:$H$14,2,FALSE)+VLOOKUP('READMIT Patient Registry'!M135,Key!$I$2:$J$5,2,FALSE)+VLOOKUP('READMIT Patient Registry'!N135,Key!$K$2:$L$4,2,FALSE)+VLOOKUP('READMIT Patient Registry'!O135,Key!$K$6:$L$8,2,FALSE)+VLOOKUP('READMIT Patient Registry'!P135,Key!$M$2:$N$5,2,FALSE),\"\")","v":""},{"$f":"IFERROR(VLOOKUP(Q135,Key!$A$17:$B$20,2,TRUE),\"\")","v":""}]
[null,null,null,null,null,null,null,null,null,null,null,null,null,null,null,null,{"$f":"IFERROR(VLOOKUP(E136,Key!$A$2:$B$6,2,FALSE)+VLOOKUP(F136,Key!$C$2:$D$4,2,FALSE)+VLOOKUP(G136,Key!$C$6:$D$8,2,FALSE)+VLOOKUP('READMIT Patient Registry'!H136,Key!$C$10:$D$12,2,FALSE)+VLOOKUP('READMIT Patient Registry'!I136,Key!$E$2:$F$11,2,FALSE)+VLOOKUP('READMIT Patient Registry'!J136,Key!$G$2:$H$6,2,FALSE)+VLOOKUP('READMIT Patient Registry'!K136,Key!$G$8:$H$10,2,FALSE)+VLOOKUP('READMIT Patient Registry'!L136,Key!$G$12:$H$14,2,FALSE)+VLOOKUP('READMIT Patient Registry'!M136,Key!$I$2:$J$5,2,FALSE)+VLOOKUP('READMIT Patient Registry'!N136,Key!$K$2:$L$4,2,FALSE)+VLOOKUP('READMIT Patient Registry'!O136,Key!$K$6:$L$8,2,FALSE)+VLOOKUP('READMIT Patient Registry'!P136,Key!$M$2:$N$5,2,FALSE),\"\")","v":""},{"$f":"IFERROR(VLOOKUP(Q136,Key!$A$17:$B$20,2,TRUE),\"\")","v":""}]
[null,null,null,null,null,null,null,null,null,null,null,null,null,null,null,null,{"$f":"IFERROR(VLOOKUP(E137,Key!$A$2:$B$6,2,FALSE)+VLOOKUP(F137,Key!$C$2:$D$4,2,FALSE)+VLOOKUP(G137,Key!$C$6:$D$8,2,FALSE)+VLOOKUP('READMIT Patient Registry'!H137,Key!$C$10:$D$12,2,FALSE)+VLOOKUP('READMIT Patient Registry'!I137,Key!$E$2:$F$11,2,FALSE)+VLOOKUP('READMIT Patient Registry'!J137,Key!$G$2:$H$6,2,FALSE)+VLOOKUP('READMIT Patient Registry'!K137,Key!$G$8:$H$10,2,FALSE)+VLOOKUP('READMIT Patient Registry'!L137,Key!$G$12:$H$14,2,FALSE)+VLOOKUP('READMIT Patient Registry'!M137,Key!$I$2:$J$5,2,FALSE)+VLOOKUP('READMIT Patient Registry'!N137,Key!$K$2:$L$4,2,FALSE)+VLOOKUP('READMIT Patient Registry'!O137,Key!$K$6:$L$8,2,FALSE)+VLOOKUP('READMIT Patient Registry'!P137,Key!$M$2:$N$5,2,FALSE),\"\")","v":""},{"$f":"IFERROR(VLOOKUP(Q137,Key!$A$17:$B$20,2,TRUE),\"\")","v":""}]
[null,null,null,null,null,null,null,null,null,null,null,null,null,null,null,null,{"$f":"IFERROR(VLOOKUP(E138,Key!$A$2:$B$6,2,FALSE)+VLOOKUP(F138,Key!$C$2:$D$4,2,FALSE)+VLOOKUP(G138,Key!$C$6:$D$8,2,FALSE)+VLOOKUP('READMIT Patient Registry'!H138,Key!$C$10:$D$12,2,FALSE)+VLOOKUP('READMIT Patient Registry'!I138,Key!$E$2:$F$11,2,FALSE)+VLOOKUP('READMIT Patient Registry'!J138,Key!$G$2:$H$6,2,FALSE)+VLOOKUP('READMIT Patient Registry'!K138,Key!$G$8:$H$10,2,FALSE)+VLOOKUP('READMIT Patient Registry'!L138,Key!$G$12:$H$14,2,FALSE)+VLOOKUP('READMIT Patient Registry'!M138,Key!$I$2:$J$5,2,FALSE)+VLOOKUP('READMIT Patient Registry'!N138,Key!$K$2:$L$4,2,FALSE)+VLOOKUP('READMIT Patient Registry'!O138,Key!$K$6:$L$8,2,FALSE)+VLOOKUP('READMIT Patient Registry'!P138,Key!$M$2:$N$5,2,FALSE),\"\")","v":""},{"$f":"IFERROR(VLOOKUP(Q138,Key!$A$17:$B$20,2,TRUE),\"\")","v":""}]
[null,null,null,null,null,null,null,null,null,null,null,null,null,null,null,null,{"$f":"IFERROR(VLOOKUP(E139,Key!$A$2:$B$6,2,FALSE)+VLOOKUP(F139,Key!$C$2:$D$4,2,FALSE)+VLOOKUP(G139,Key!$C$6:$D$8,2,FALSE)+VLOOKUP('READMIT Patient Registry'!H139,Key!$C$10:$D$12,2,FALSE)+VLOOKUP('READMIT Patient Registry'!I139,Key!$E$2:$F$11,2,FALSE)+VLOOKUP('READMIT Patient Registry'!J139,Key!$G$2:$H$6,2,FALSE)+VLOOKUP('READMIT Patient Registry'!K139,Key!$G$8:$H$10,2,FALSE)+VLOOKUP('READMIT Patient Registry'!L139,Key!$G$12:$H$14,2,FALSE)+VLOOKUP('READMIT Patient Registry'!M139,Key!$I$2:$J$5,2,FALSE)+VLOOKUP('READMIT Patient Registry'!N139,Key!$K$2:$L$4,2,FALSE)+VLOOKUP('READMIT Patient Registry'!O139,Key!$K$6:$L$8,2,FALSE)+VLOOKUP('READMIT Patient Registry'!P139,Key!$M$2:$N$5,2,FALSE),\"\")","v":""},{"$f":"IFERROR(VLOOKUP(Q139,Key!$A$17:$B$20,2,TRUE),\"\")","v":""}]
[null,null,null,null,null,null,null,null,null,null,null,null,null,null,null,null,{"$f":"IFERROR(VLOOKUP(E140,Key!$A$2:$B$6,2,FALSE)+VLOOKUP(F140,Key!$C$2:$D$4,2,FALSE)+VLOOKUP(G140,Key!$C$6:$D$8,2,FALSE)+VLOOKUP('READMIT Patient Registry'!H140,Key!$C$10:$D$12,2,FALSE)+VLOOKUP('READMIT Patient Registry'!I140,Key!$E$2:$F$11,2,FALSE)+VLOOKUP('READMIT Patient Registry'!J140,Key!$G$2:$H$6,2,FALSE)+VLOOKUP('READMIT Patient Registry'!K140,Key!$G$8:$H$10,2,FALSE)+VLOOKUP('READMIT Patient Registry'!L140,Key!$G$12:$H$14,2,FALSE)+VLOOKUP('READMIT Patient Registry'!M140,Key!$I$2:$J$5,2,FALSE)+VLOOKUP('READMIT Patient Registry'!N140,Key!$K$2:$L$4,2,FALSE)+VLOOKUP('READMIT Patient Registry'!O140,Key!$K$6:$L$8,2,FALSE)+VLOOKUP('READMIT Patient Registry'!P140,Key!$M$2:$N$5,2,FALSE),\"\")","v":""},{"$f":"IFERROR(VLOOKUP(Q140,Key!$A$17:$B$20,2,TRUE),\"\")","v":""}]
[null,null,null,null,null,null,null,null,null,null,null,null,null,null,null,null,{"$f":"IFERROR(VLOOKUP(E141,Key!$A$2:$B$6,2,FALSE)+VLOOKUP(F141,Key!$C$2:$D$4,2,FALSE)+VLOOKUP(G141,Key!$C$6:$D$8,2,FALSE)+VLOOKUP('READMIT Patient Registry'!H141,Key!$C$10:$D$12,2,FALSE)+VLOOKUP('READMIT Patient Registry'!I141,Key!$E$2:$F$11,2,FALSE)+VLOOKUP('READMIT Patient Registry'!J141,Key!$G$2:$H$6,2,FALSE)+VLOOKUP('READMIT Patient Registry'!K141,Key!$G$8:$H$10,2,FALSE)+VLOOKUP('READMIT Patient Registry'!L141,Key!$G$12:$H$14,2,FALSE)+VLOOKUP('READMIT Patient Registry'!M141,Key!$I$2:$J$5,2,FALSE)+VLOOKUP('READMIT Patient Registry'!N141,Key!$K$2:$L$4,2,FALSE)+VLOOKUP('READMIT Patient Registry'!O141,Key!$K$6:$L$8,2,FALSE)+VLOOKUP('READMIT Patient Registry'!P141,Key!$M$2:$N$5,2,FALSE),\"\")","v":""},{"$f":"IFERROR(VLOOKUP(Q141,Key!$A$17:$B$20,2,TRUE),\"\")","v":""}]
[null,null,null,null,null,null,null,null,null,null,null,null,null,null,null,null,{"$f":"IFERROR(VLOOKUP(E142,Key!$A$2:$B$6,2,FALSE)+VLOOKUP(F142,Key!$C$2:$D$4,2,FALSE)+VLOOKUP(G142,Key!$C$6:$D$8,2,FALSE)+VLOOKUP('READMIT Patient Registry'!H142,Key!$C$10:$D$12,2,FALSE)+VLOOKUP('READMIT Patient Registry'!I142,Key!$E$2:$F$11,2,FALSE)+VLOOKUP('READMIT Patient Registry'!J142,Key!$G$2:$H$6,2,FALSE)+VLOOKUP('READMIT Patient Registry'!K142,Key!$G$8:$H$10,2,FALSE)+VLOOKUP('READMIT Patient Registry'!L142,Key!$G$12:$H$14,2,FALSE)+VLOOKUP('READMIT Patient Registry'!M142,Key!$I$2:$J$5,2,FALSE)+VLOOKUP('READMIT Patient Registry'!N142,Key!$K$2:$L$4,2,FALSE)+VLOOKUP('READMIT Patient Registry'!O142,Key!$K$6:$L$8,2,FALSE)+VLOOKUP('READMIT Patient Registry'!P142,Key!$M$2:$N$5,2,FALSE),\"\")","v":""},{"$f":"IFERROR(VLOOKUP(Q142,Key!$A$17:$B$20,2,TRUE),\"\")","v":""}]
[null,null,null,null,null,null,null,null,null,null,null,null,null,null,null,null,{"$f":"IFERROR(VLOOKUP(E143,Key!$A$2:$B$6,2,FALSE)+VLOOKUP(F143,Key!$C$2:$D$4,2,FALSE)+VLOOKUP(G143,Key!$C$6:$D$8,2,FALSE)+VLOOKUP('READMIT Patient Registry'!H143,Key!$C$10:$D$12,2,FALSE)+VLOOKUP('READMIT Patient Registry'!I143,Key!$E$2:$F$11,2,FALSE)+VLOOKUP('READMIT Patient Registry'!J143,Key!$G$2:$H$6,2,FALSE)+VLOOKUP('READMIT Patient Registry'!K143,Key!$G$8:$H$10,2,FALSE)+VLOOKUP('READMIT Patient Registry'!L143,Key!$G$12:$H$14,2,FALSE)+VLOOKUP('READMIT Patient Registry'!M143,Key!$I$2:$J$5,2,FALSE)+VLOOKUP('READMIT Patient Registry'!N143,Key!$K$2:$L$4,2,FALSE)+VLOOKUP('READMIT Patient Registry'!O143,Key!$K$6:$L$8,2,FALSE)+VLOOKUP('READMIT Patient Registry'!P143,Key!$M$2:$N$5,2,FALSE),\"\")","v":""},{"$f":"IFERROR(VLOOKUP(Q143,Key!$A$17:$B$20,2,TRUE),\"\")","v":""}]
[null,null,null,null,null,null,null,null,null,null,null,null,null,null,null,null,{"$f":"IFERROR(VLOOKUP(E144,Key!$A$2:$B$6,2,FALSE)+VLOOKUP(F144,Key!$C$2:$D$4,2,FALSE)+VLOOKUP(G144,Key!$C$6:$D$8,2,FALSE)+VLOOKUP('READMIT Patient Registry'!H144,Key!$C$10:$D$12,2,FALSE)+VLOOKUP('READMIT Patient Registry'!I144,Key!$E$2:$F$11,2,FALSE)+VLOOKUP('READMIT Patient Registry'!J144,Key!$G$2:$H$6,2,FALSE)+VLOOKUP('READMIT Patient Registry'!K144,Key!$G$8:$H$10,2,FALSE)+VLOOKUP('READMIT Patient Registry'!L144,Key!$G$12:$H$14,2,FALSE)+VLOOKUP('READMIT Patient Registry'!M144,Key!$I$2:$J$5,2,FALSE)+VLOOKUP('READMIT Patient Registry'!N144,Key!$K$2:$L$4,2,FALSE)+VLOOKUP('READMIT Patient Registry'!O144,Key!$K$6:$L$8,2,FALSE)+VLOOKUP('READMIT Patient Registry'!P144,Key!$M$2:$N$5,2,FALSE),\"\")","v":""},{"$f":"IFERROR(VLOOKUP(Q144,Key!$A$17:$B$20,2,TRUE),\"\")","v":""}]
[null,null,null,null,null,null,null,null,null,null,null,null,null,null,null,null,{"$f":"IFERROR(VLOOKUP(E145,Key!$A$2:$B$6,2,FALSE)+VLOOKUP(F145,Key!$C$2:$D$4,2,FALSE)+VLOOKUP(G145,Key!$C$6:$D$8,2,FALSE)+VLOOKUP('READMIT Patient Registry'!H145,Key!$C$10:$D$12,2,FALSE)+VLOOKUP('READMIT Patient Registry'!I145,Key!$E$2:$F$11,2,FALSE)+VLOOKUP('READMIT Patient Registry'!J145,Key!$G$2:$H$6,2,FALSE)+VLOOKUP('READMIT Patient Registry'!K145,Key!$G$8:$H$10,2,FALSE)+VLOOKUP('READMIT Patient Registry'!L145,Key!$G$12:$H$14,2,FALSE)+VLOOKUP('READMIT Patient Registry'!M145,Key!$I$2:$J$5,2,FALSE)+VLOOKUP('READMIT Patient Registry'!N145,Key!$K$2:$L$4,2,FALSE)+VLOOKUP('READMIT Patient Registry'!O145,Key!$K$6:$L$8,2,FALSE)+VLOOKUP('READMIT Patient Registry'!P145,Key!$M$2:$N$5,2,FALSE),\"\")","v":""},{"$f":"IFERROR(VLOOKUP(Q145,Key!$A$17:$B$20,2,TRUE),\"\")","v":""}]
[null,null,null,null,null,null,null,null,null,null,null,null,null,null,null,null,{"$f":"IFERROR(VLOOKUP(E146,Key!$A$2:$B$6,2,FALSE)+VLOOKUP(F146,Key!$C$2:$D$4,2,FALSE)+VLOOKUP(G146,Key!$C$6:$D$8,2,FALSE)+VLOOKUP('READMIT Patient Registry'!H146,Key!$C$10:$D$12,2,FALSE)+VLOOKUP('READMIT Patient Registry'!I146,Key!$E$2:$F$11,2,FALSE)+VLOOKUP('READMIT Patient Registry'!J146,Key!$G$2:$H$6,2,FALSE)+VLOOKUP('READMIT Patient Registry'!K146,Key!$G$8:$H$10,2,FALSE)+VLOOKUP('READMIT Patient Registry'!L146,Key!$G$12:$H$14,2,FALSE)+VLOOKUP('READMIT Patient Registry'!M146,Key!$I$2:$J$5,2,FALSE)+VLOOKUP('READMIT Patient Registry'!N146,Key!$K$2:$L$4,2,FALSE)+VLOOKUP('READMIT Patient Registry'!O146,Key!$K$6:$L$8,2,FALSE)+VLOOKUP('READMIT Patient Registry'!P146,Key!$M$2:$N$5,2,FALSE),\"\")","v":""},{"$f":"IFERROR(VLOOKUP(Q146,Key!$A$17:$B$20,2,TRUE),\"\")","v":""}]
[null,null,null,null,null,null,null,null,null,null,null,null,null,null,null,null,{"$f":"IFERROR(VLOOKUP(E147,Key!$A$2:$B$6,2,FALSE)+VLOOKUP(F147,Key!$C$2:$D$4,2,FALSE)+VLOOKUP(G147,Key!$C$6:$D$8,2,FALSE)+VLOOKUP('READMIT Patient Registry'!H147,Key!$C$10:$D$12,2,FALSE)+VLOOKUP('READMIT Patient Registry'!I147,Key!$E$2:$F$11,2,FALSE)+VLOOKUP('READMIT Patient Registry'!J147,Key!$G$2:$H$6,2,FALSE)+VLOOKUP('READMIT Patient Registry'!K147,Key!$G$8:$H$10,2,FALSE)+VLOOKUP('READMIT Patient Registry'!L147,Key!$G$12:$H$14,2,FALSE)+VLOOKUP('READMIT Patient Registry'!M147,Key!$I$2:$J$5,2,FALSE)+VLOOKUP('READMIT Patient Registry'!N147,Key!$K$2:$L$4,2,FALSE)+VLOOKUP('READMIT Patient Registry'!O147,Key!$K$6:$L$8,2,FALSE)+VLOOKUP('READMIT Patient Registry'!P147,Key!$M$2:$N$5,2,FALSE),\"\")","v":""},{"$f":"IFERROR(VLOOKUP(Q147,Key!$A$17:$B$20,2,TRUE),\"\")","v":""}]
[null,null,null,null,null,null,null,null,null,null,null,null,null,null,null,null,{"$f":"IFERROR(VLOOKUP(E148,Key!$A$2:$B$6,2,FALSE)+VLOOKUP(F148,Key!$C$2:$D$4,2,FALSE)+VLOOKUP(G148,Key!$C$6:$D$8,2,FALSE)+VLOOKUP('READMIT Patient Registry'!H148,Key!$C$10:$D$12,2,FALSE)+VLOOKUP('READMIT Patient Registry'!I148,Key!$E$2:$F$11,2,FALSE)+VLOOKUP('READMIT Patient Registry'!J148,Key!$G$2:$H$6,2,FALSE)+VLOOKUP('READMIT Patient Registry'!K148,Key!$G$8:$H$10,2,FALSE)+VLOOKUP('READMIT Patient Registry'!L148,Key!$G$12:$H$14,2,FALSE)+VLOOKUP('READMIT Patient Registry'!M148,Key!$I$2:$J$5,2,FALSE)+VLOOKUP('READMIT Patient Registry'!N148,Key!$K$2:$L$4,2,FALSE)+VLOOKUP('READMIT Patient Registry'!O148,Key!$K$6:$L$8,2,FALSE)+VLOOKUP('READMIT Patient Registry'!P148,Key!$M$2:$N$5,2,FALSE),\"\")","v":""},{"$f":"IFERROR(VLOOKUP(Q148,Key!$A$17:$B$20,2,TRUE),\"\")","v":""}]
[null,null,null,null,null,null,null,null,null,null,null,null,null,null,null,null,{"$f":"IFERROR(VLOOKUP(E149,Key!$A$2:$B$6,2,FALSE)+VLOOKUP(F149,Key!$C$2:$D$4,2,FALSE)+VLOOKUP(G149,Key!$C$6:$D$8,2,FALSE)+VLOOKUP('READMIT Patient Registry'!H149,Key!$C$10:$D$12,2,FALSE)+VLOOKUP('READMIT Patient Registry'!I149,Key!$E$2:$F$11,2,FALSE)+VLOOKUP('READMIT Patient Registry'!J149,Key!$G$2:$H$6,2,FALSE)+VLOOKUP('READMIT Patient Registry'!K149,Key!$G$8:$H$10,2,FALSE)+VLOOKUP('READMIT Patient Registry'!L149,Key!$G$12:$H$14,2,FALSE)+VLOOKUP('READMIT Patient Registry'!M149,Key!$I$2:$J$5,2,FALSE)+VLOOKUP('READMIT Patient Registry'!N149,Key!$K$2:$L$4,2,FALSE)+VLOOKUP('READMIT Patient Registry'!O149,Key!$K$6:$L$8,2,FALSE)+VLOOKUP('READMIT Patient Registry'!P149,Key!$M$2:$N$5,2,FALSE),\"\")","v":""},{"$f":"IFERROR(VLOOKUP(Q149,Key!$A$17:$B$20,2,TRUE),\"\")","v":""}]
[null,null,null,null,null,null,null,null,null,null,null,null,null,null,null,null,{"$f":"IFERROR(VLOOKUP(E150,Key!$A$2:$B$6,2,FALSE)+VLOOKUP(F150,Key!$C$2:$D$4,2,FALSE)+VLOOKUP(G150,Key!$C$6:$D$8,2,FALSE)+VLOOKUP('READMIT Patient Registry'!H150,Key!$C$10:$D$12,2,FALSE)+VLOOKUP('READMIT Patient Registry'!I150,Key!$E$2:$F$11,2,FALSE)+VLOOKUP('READMIT Patient Registry'!J150,Key!$G$2:$H$6,2,FALSE)+VLOOKUP('READMIT Patient Registry'!K150,Key!$G$8:$H$10,2,FALSE)+VLOOKUP('READMIT Patient Registry'!L150,Key!$G$12:$H$14,2,FALSE)+VLOOKUP('READMIT Patient Registry'!M150,Key!$I$2:$J$5,2,FALSE)+VLOOKUP('READMIT Patient Registry'!N150,Key!$K$2:$L$4,2,FALSE)+VLOOKUP('READMIT Patient Registry'!O150,Key!$K$6:$L$8,2,FALSE)+VLOOKUP('READMIT Patient Registry'!P150,Key!$M$2:$N$5,2,FALSE),\"\")","v":""},{"$f":"IFERROR(VLOOKUP(Q150,Key!$A$17:$B$20,2,TRUE),\"\")","v":""}]
[null,null,null,null,null,null,null,null,null,null,null,null,null,null,null,null,{"$f":"IFERROR(VLOOKUP(E151,Key!$A$2:$B$6,2,FALSE)+VLOOKUP(F151,Key!$C$2:$D$4,2,FALSE)+VLOOKUP(G151,Key!$C$6:$D$8,2,FALSE)+VLOOKUP('READMIT Patient Registry'!H151,Key!$C$10:$D$12,2,FALSE)+VLOOKUP('READMIT Patient Registry'!I151,Key!$E$2:$F$11,2,FALSE)+VLOOKUP('READMIT Patient Registry'!J151,Key!$G$2:$H$6,2,FALSE)+VLOOKUP('READMIT Patient Registry'!K151,Key!$G$8:$H$10,2,FALSE)+VLOOKUP('READMIT Patient Registry'!L151,Key!$G$12:$H$14,2,FALSE)+VLOOKUP('READMIT Patient Registry'!M151,Key!$I$2:$J$5,2,FALSE)+VLOOKUP('READMIT Patient Registry'!N151,Key!$K$2:$L$4,2,FALSE)+VLOOKUP('READMIT Patient Registry'!O151,Key!$K$6:$L$8,2,FALSE)+VLOOKUP('READMIT Patient Registry'!P151,Key!$M$2:$N$5,2,FALSE),\"\")","v":""},{"$f":"IFERROR(VLOOKUP(Q151,Key!$A$17:$B$20,2,TRUE),\"\")","v":""}]
[null,null,null,null,null,null,null,null,null,null,null,null,null,null,null,null,{"$f":"IFERROR(VLOOKUP(E152,Key!$A$2:$B$6,2,FALSE)+VLOOKUP(F152,Key!$C$2:$D$4,2,FALSE)+VLOOKUP(G152,Key!$C$6:$D$8,2,FALSE)+VLOOKUP('READMIT Patient Registry'!H152,Key!$C$10:$D$12,2,FALSE)+VLOOKUP('READMIT Patient Registry'!I152,Key!$E$2:$F$11,2,FALSE)+VLOOKUP('READMIT Patient Registry'!J152,Key!$G$2:$H$6,2,FALSE)+VLOOKUP('READMIT Patient Registry'!K152,Key!$G$8:$H$10,2,FALSE)+VLOOKUP('READMIT Patient Registry'!L152,Key!$G$12:$H$14,2,FALSE)+VLOOKUP('READMIT Patient Registry'!M152,Key!$I$2:$J$5,2,FALSE)+VLOOKUP('READMIT Patient Registry'!N152,Key!$K$2:$L$4,2,FALSE)+VLOOKUP('READMIT Patient Registry'!O152,Key!$K$6:$L$8,2,FALSE)+VLOOKUP('READMIT Patient Registry'!P152,Key!$M$2:$N$5,2,FALSE),\"\")","v":""},{"$f":"IFERROR(VLOOKUP(Q152,Key!$A$17:$B$20,2,TRUE),\"\")","v":""}]
[null,null,null,null,null,null,null,null,null,null,null,null,null,null,null,null,{"$f":"IFERROR(VLOOKUP(E153,Key!$A$2:$B$6,2,FALSE)+VLOOKUP(F153,Key!$C$2:$D$4,2,FALSE)+VLOOKUP(G153,Key!$C$6:$D$8,2,FALSE)+VLOOKUP('READMIT Patient Registry'!H153,Key!$C$10:$D$12,2,FALSE)+VLOOKUP('READMIT Patient Registry'!I153,Key!$E$2:$F$11,2,FALSE)+VLOOKUP('READMIT Patient Registry'!J153,Key!$G$2:$H$6,2,FALSE)+VLOOKUP('READMIT Patient Registry'!K153,Key!$G$8:$H$10,2,FALSE)+VLOOKUP('READMIT Patient Registry'!L153,Key!$G$12:$H$14,2,FALSE)+VLOOKUP('READMIT Patient Registry'!M153,Key!$I$2:$J$5,2,FALSE)+VLOOKUP('READMIT Patient Registry'!N153,Key!$K$2:$L$4,2,FALSE)+VLOOKUP('READMIT Patient Registry'!O153,Key!$K$6:$L$8,2,FALSE)+VLOOKUP('READMIT Patient Registry'!P153,Key!$M$2:$N$5,2,FALSE),\"\")","v":""},{"$f":"IFERROR(VLOOKUP(Q153,Key!$A$17:$B$20,2,TRUE),\"\")","v":""}]
[null,null,null,null,null,null,null,null,null,null,null,null,null,null,null,null,{"$f":"IFERROR(VLOOKUP(E154,Key!$A$2:$B$6,2,FALSE)+VLOOKUP(F154,Key!$C$2:$D$4,2,FALSE)+VLOOKUP(G154,Key!$C$6:$D$8,2,FALSE)+VLOOKUP('READMIT Patient Registry'!H154,Key!$C$10:$D$12,2,FALSE)+VLOOKUP('READMIT Patient Registry'!I154,Key!$E$2:$F$11,2,FALSE)+VLOOKUP('READMIT Patient Registry'!J154,Key!$G$2:$H$6,2,FALSE)+VLOOKUP('READMIT Patient Registry'!K154,Key!$G$8:$H$10,2,FALSE)+VLOOKUP('READMIT Patient Registry'!L154,Key!$G$12:$H$14,2,FALSE)+VLOOKUP('READMIT Patient Registry'!M154,Key!$I$2:$J$5,2,FALSE)+VLOOKUP('READMIT Patient Registry'!N154,Key!$K$2:$L$4,2,FALSE)+VLOOKUP('READMIT Patient Registry'!O154,Key!$K$6:$L$8,2,FALSE)+VLOOKUP('READMIT Patient Registry'!P154,Key!$M$2:$N$5,2,FALSE),\"\")","v":""},{"$f":"IFERROR(VLOOKUP(Q154,Key!$A$17:$B$20,2,TRUE),\"\")","v":""}]
[null,null,null,null,null,null,null,null,null,null,null,null,null,null,null,null,{"$f":"IFERROR(VLOOKUP(E155,Key!$A$2:$B$6,2,FALSE)+VLOOKUP(F155,Key!$C$2:$D$4,2,FALSE)+VLOOKUP(G155,Key!$C$6:$D$8,2,FALSE)+VLOOKUP('READMIT Patient Registry'!H155,Key!$C$10:$D$12,2,FALSE)+VLOOKUP('READMIT Patient Registry'!I155,Key!$E$2:$F$11,2,FALSE)+VLOOKUP('READMIT Patient Registry'!J155,Key!$G$2:$H$6,2,FALSE)+VLOOKUP('READMIT Patient Registry'!K155,Key!$G$8:$H$10,2,FALSE)+VLOOKUP('READMIT Patient Registry'!L155,Key!$G$12:$H$14,2,FALSE)+VLOOKUP('READMIT Patient Registry'!M155,Key!$I$2:$J$5,2,FALSE)+VLOOKUP('READMIT Patient Registry'!N155,Key!$K$2:$L$4,2,FALSE)+VLOOKUP('READMIT Patient Registry'!O155,Key!$K$6:$L$8,2,FALSE)+VLOOKUP('READMIT Patient Registry'!P155,Key!$M$2:$N$5,2,FALSE),\"\")","v":""},{"$f":"IFERROR(VLOOKUP(Q155,Key!$A$17:$B$20,2,TRUE),\"\")","v":""}]
[null,null,null,null,null,null,null,null,null,null,null,null,null,null,null,null,{"$f":"IFERROR(VLOOKUP(E156,Key!$A$2:$B$6,2,FALSE)+VLOOKUP(F156,Key!$C$2:$D$4,2,FALSE)+VLOOKUP(G156,Key!$C$6:$D$8,2,FALSE)+VLOOKUP('READMIT Patient Registry'!H156,Key!$C$10:$D$12,2,FALSE)+VLOOKUP('READMIT Patient Registry'!I156,Key!$E$2:$F$11,2,FALSE)+VLOOKUP('READMIT Patient Registry'!J156,Key!$G$2:$H$6,2,FALSE)+VLOOKUP('READMIT Patient Registry'!K156,Key!$G$8:$H$10,2,FALSE)+VLOOKUP('READMIT Patient Registry'!L156,Key!$G$12:$H$14,2,FALSE)+VLOOKUP('READMIT Patient Registry'!M156,Key!$I$2:$J$5,2,FALSE)+VLOOKUP('READMIT Patient Registry'!N156,Key!$K$2:$L$4,2,FALSE)+VLOOKUP('READMIT Patient Registry'!O156,Key!$K$6:$L$8,2,FALSE)+VLOOKUP('READMIT Patient Registry'!P156,Key!$M$2:$N$5,2,FALSE),\"\")","v":""},{"$f":"IFERROR(VLOOKUP(Q156,Key!$A$17:$B$20,2,TRUE),\"\")","v":""}]
[null,null,null,null,null,null,null,null,null,null,null,null,null,null,null,null,{"$f":"IFERROR(VLOOKUP(E157,Key!$A$2:$B$6,2,FALSE)+VLOOKUP(F157,Key!$C$2:$D$4,2,FALSE)+VLOOKUP(G157,Key!$C$6:$D$8,2,FALSE)+VLOOKUP('READMIT Patient Registry'!H157,Key!$C$10:$D$12,2,FALSE)+VLOOKUP('READMIT Patient Registry'!I157,Key!$E$2:$F$11,2,FALSE)+VLOOKUP('READMIT Patient Registry'!J157,Key!$G$2:$H$6,2,FALSE)+VLOOKUP('READMIT Patient Registry'!K157,Key!$G$8:$H$10,2,FALSE)+VLOOKUP('READMIT Patient Registry'!L157,Key!$G$12:$H$14,2,FALSE)+VLOOKUP('READMIT Patient Registry'!M157,Key!$I$2:$J$5,2,FALSE)+VLOOKUP('READMIT Patient Registry'!N157,Key!$K$2:$L$4,2,FALSE)+VLOOKUP('READMIT Patient Registry'!O157,Key!$K$6:$L$8,2,FALSE)+VLOOKUP('READMIT Patient Registry'!P157,Key!$M$2:$N$5,2,FALSE),\"\")","v":""},{"$f":"IFERROR(VLOOKUP(Q157,Key!$A$17:$B$20,2,TRUE),\"\")","v":""}]
[null,null,null,null,null,null,null,null,null,null,null,null,null,null,null,null,{"$f":"IFERROR(VLOOKUP(E158,Key!$A$2:$B$6,2,FALSE)+VLOOKUP(F158,Key!$C$2:$D$4,2,FALSE)+VLOOKUP(G158,Key!$C$6:$D$8,2,FALSE)+VLOOKUP('READMIT Patient Registry'!H158,Key!$C$10:$D$12,2,FALSE)+VLOOKUP('READMIT Patient Registry'!I158,Key!$E$2:$F$11,2,FALSE)+VLOOKUP('READMIT Patient Registry'!J158,Key!$G$2:$H$6,2,FALSE)+VLOOKUP('READMIT Patient Registry'!K158,Key!$G$8:$H$10,2,FALSE)+VLOOKUP('READMIT Patient Registry'!L158,Key!$G$12:$H$14,2,FALSE)+VLOOKUP('READMIT Patient Registry'!M158,Key!$I$2:$J$5,2,FALSE)+VLOOKUP('READMIT Patient Registry'!N158,Key!$K$2:$L$4,2,FALSE)+VLOOKUP('READMIT Patient Registry'!O158,Key!$K$6:$L$8,2,FALSE)+VLOOKUP('READMIT Patient Registry'!P158,Key!$M$2:$N$5,2,FALSE),\"\")","v":""},{"$f":"IFERROR(VLOOKUP(Q158,Key!$A$17:$B$20,2,TRUE),\"\")","v":""}]
[null,null,null,null,null,null,null,null,null,null,null,null,null,null,null,null,{"$f":"IFERROR(VLOOKUP(E159,Key!$A$2:$B$6,2,FALSE)+VLOOKUP(F159,Key!$C$2:$D$4,2,FALSE)+VLOOKUP(G159,Key!$C$6:$D$8,2,FALSE)+VLOOKUP('READMIT Patient Registry'!H159,Key!$C$10:$D$12,2,FALSE)+VLOOKUP('READMIT Patient Registry'!I159,Key!$E$2:$F$11,2,FALSE)+VLOOKUP('READMIT Patient Registry'!J159,Key!$G$2:$H$6,2,FALSE)+VLOOKUP('READMIT Patient Registry'!K159,Key!$G$8:$H$10,2,FALSE)+VLOOKUP('READMIT Patient Registry'!L159,Key!$G$12:$H$14,2,FALSE)+VLOOKUP('READMIT Patient Registry'!M159,Key!$I$2:$J$5,2,FALSE)+VLOOKUP('READMIT Patient Registry'!N159,Key!$K$2:$L$4,2,FALSE)+VLOOKUP('READMIT Patient Registry'!O159,Key!$K$6:$L$8,2,FALSE)+VLOOKUP('READMIT Patient Registry'!P159,Key!$M$2:$N$5,2,FALSE),\"\")","v":""},{"$f":"IFERROR(VLOOKUP(Q159,Key!$A$17:$B$20,2,TRUE),\"\")","v":""}]
[null,null,null,null,null,null,null,null,null,null,null,null,null,null,null,null,{"$f":"IFERROR(VLOOKUP(E160,Key!$A$2:$B$6,2,FALSE)+VLOOKUP(F160,Key!$C$2:$D$4,2,FALSE)+VLOOKUP(G160,Key!$C$6:$D$8,2,FALSE)+VLOOKUP('READMIT Patient Registry'!H160,Key!$C$10:$D$12,2,FALSE)+VLOOKUP('READMIT Patient Registry'!I160,Key!$E$2:$F$11,2,FALSE)+VLOOKUP('READMIT Patient Registry'!J160,Key!$G$2:$H$6,2,FALSE)+VLOOKUP('READMIT Patient Registry'!K160,Key!$G$8:$H$10,2,FALSE)+VLOOKUP('READMIT Patient Registry'!L160,Key!$G$12:$H$14,2,FALSE)+VLOOKUP('READMIT Patient Registry'!M160,Key!$I$2:$J$5,2,FALSE)+VLOOKUP('READMIT Patient Registry'!N160,Key!$K$2:$L$4,2,FALSE)+VLOOKUP('READMIT Patient Registry'!O160,Key!$K$6:$L$8,2,FALSE)+VLOOKUP('READMIT Patient Registry'!P160,Key!$M$2:$N$5,2,FALSE),\"\")","v":""},{"$f":"IFERROR(VLOOKUP(Q160,Key!$A$17:$B$20,2,TRUE),\"\")","v":""}]
[null,null,null,null,null,null,null,null,null,null,null,null,null,null,null,null,{"$f":"IFERROR(VLOOKUP(E161,Key!$A$2:$B$6,2,FALSE)+VLOOKUP(F161,Key!$C$2:$D$4,2,FALSE)+VLOOKUP(G161,Key!$C$6:$D$8,2,FALSE)+VLOOKUP('READMIT Patient Registry'!H161,Key!$C$10:$D$12,2,FALSE)+VLOOKUP('READMIT Patient Registry'!I161,Key!$E$2:$F$11,2,FALSE)+VLOOKUP('READMIT Patient Registry'!J161,Key!$G$2:$H$6,2,FALSE)+VLOOKUP('READMIT Patient Registry'!K161,Key!$G$8:$H$10,2,FALSE)+VLOOKUP('READMIT Patient Registry'!L161,Key!$G$12:$H$14,2,FALSE)+VLOOKUP('READMIT Patient Registry'!M161,Key!$I$2:$J$5,2,FALSE)+VLOOKUP('READMIT Patient Registry'!N161,Key!$K$2:$L$4,2,FALSE)+VLOOKUP('READMIT Patient Registry'!O161,Key!$K$6:$L$8,2,FALSE)+VLOOKUP('READMIT Patient Registry'!P161,Key!$M$2:$N$5,2,FALSE),\"\")","v":""},{"$f":"IFERROR(VLOOKUP(Q161,Key!$A$17:$B$20,2,TRUE),\"\")","v":""}]
[null,null,null,null,null,null,null,null,null,null,null,null,null,null,null,null,{"$f":"IFERROR(VLOOKUP(E162,Key!$A$2:$B$6,2,FALSE)+VLOOKUP(F162,Key!$C$2:$D$4,2,FALSE)+VLOOKUP(G162,Key!$C$6:$D$8,2,FALSE)+VLOOKUP('READMIT Patient Registry'!H162,Key!$C$10:$D$12,2,FALSE)+VLOOKUP('READMIT Patient Registry'!I162,Key!$E$2:$F$11,2,FALSE)+VLOOKUP('READMIT Patient Registry'!J162,Key!$G$2:$H$6,2,FALSE)+VLOOKUP('READMIT Patient Registry'!K162,Key!$G$8:$H$10,2,FALSE)+VLOOKUP('READMIT Patient Registry'!L162,Key!$G$12:$H$14,2,FALSE)+VLOOKUP('READMIT Patient Registry'!M162,Key!$I$2:$J$5,2,FALSE)+VLOOKUP('READMIT Patient Registry'!N162,Key!$K$2:$L$4,2,FALSE)+VLOOKUP('READMIT Patient Registry'!O162,Key!$K$6:$L$8,2,FALSE)+VLOOKUP('READMIT Patient Registry'!P162,Key!$M$2:$N$5,2,FALSE),\"\")","v":""},{"$f":"IFERROR(VLOOKUP(Q162,Key!$A$17:$B$20,2,TRUE),\"\")","v":""}]
[null,null,null,null,null,null,null,null,null,null,null,null,null,null,null,null,{"$f":"IFERROR(VLOOKUP(E163,Key!$A$2:$B$6,2,FALSE)+VLOOKUP(F163,Key!$C$2:$D$4,2,FALSE)+VLOOKUP(G163,Key!$C$6:$D$8,2,FALSE)+VLOOKUP('READMIT Patient Registry'!H163,Key!$C$10:$D$12,2,FALSE)+VLOOKUP('READMIT Patient Registry'!I163,Key!$E$2:$F$11,2,FALSE)+VLOOKUP('READMIT Patient Registry'!J163,Key!$G$2:$H$6,2,FALSE)+VLOOKUP('READMIT Patient Registry'!K163,Key!$G$8:$H$10,2,FALSE)+VLOOKUP('READMIT Patient Registry'!L163,Key!$G$12:$H$14,2,FALSE)+VLOOKUP('READMIT Patient Registry'!M163,Key!$I$2:$J$5,2,FALSE)+VLOOKUP('READMIT Patient Registry'!N163,Key!$K$2:$L$4,2,FALSE)+VLOOKUP('READMIT Patient Registry'!O163,Key!$K$6:$L$8,2,FALSE)+VLOOKUP('READMIT Patient Registry'!P163,Key!$M$2:$N$5,2,FALSE),\"\")","v":""},{"$f":"IFERROR(VLOOKUP(Q163,Key!$A$17:$B$20,2,TRUE),\"\")","v":""}]
[null,null,null,null,null,null,null,null,null,null,null,null,null,null,null,null,{"$f":"IFERROR(VLOOKUP(E164,Key!$A$2:$B$6,2,FALSE)+VLOOKUP(F164,Key!$C$2:$D$4,2,FALSE)+VLOOKUP(G164,Key!$C$6:$D$8,2,FALSE)+VLOOKUP('READMIT Patient Registry'!H164,Key!$C$10:$D$12,2,FALSE)+VLOOKUP('READMIT Patient Registry'!I164,Key!$E$2:$F$11,2,FALSE)+VLOOKUP('READMIT Patient Registry'!J164,Key!$G$2:$H$6,2,FALSE)+VLOOKUP('READMIT Patient Registry'!K164,Key!$G$8:$H$10,2,FALSE)+VLOOKUP('READMIT Patient Registry'!L164,Key!$G$12:$H$14,2,FALSE)+VLOOKUP('READMIT Patient Registry'!M164,Key!$I$2:$J$5,2,FALSE)+VLOOKUP('READMIT Patient Registry'!N164,Key!$K$2:$L$4,2,FALSE)+VLOOKUP('READMIT Patient Registry'!O164,Key!$K$6:$L$8,2,FALSE)+VLOOKUP('READMIT Patient Registry'!P164,Key!$M$2:$N$5,2,FALSE),\"\")","v":""},{"$f":"IFERROR(VLOOKUP(Q164,Key!$A$17:$B$20,2,TRUE),\"\")","v":""}]
[null,null,null,null,null,null,null,null,null,null,null,null,null,null,null,null,{"$f":"IFERROR(VLOOKUP(E165,Key!$A$2:$B$6,2,FALSE)+VLOOKUP(F165,Key!$C$2:$D$4,2,FALSE)+VLOOKUP(G165,Key!$C$6:$D$8,2,FALSE)+VLOOKUP('READMIT Patient Registry'!H165,Key!$C$10:$D$12,2,FALSE)+VLOOKUP('READMIT Patient Registry'!I165,Key!$E$2:$F$11,2,FALSE)+VLOOKUP('READMIT Patient Registry'!J165,Key!$G$2:$H$6,2,FALSE)+VLOOKUP('READMIT Patient Registry'!K165,Key!$G$8:$H$10,2,FALSE)+VLOOKUP('READMIT Patient Registry'!L165,Key!$G$12:$H$14,2,FALSE)+VLOOKUP('READMIT Patient Registry'!M165,Key!$I$2:$J$5,2,FALSE)+VLOOKUP('READMIT Patient Registry'!N165,Key!$K$2:$L$4,2,FALSE)+VLOOKUP('READMIT Patient Registry'!O165,Key!$K$6:$L$8,2,FALSE)+VLOOKUP('READMIT Patient Registry'!P165,Key!$M$2:$N$5,2,FALSE),\"\")","v":""},{"$f":"IFERROR(VLOOKUP(Q165,Key!$A$17:$B$20,2,TRUE),\"\")","v":""}]
[null,null,null,null,null,null,null,null,null,null,null,null,null,null,null,null,{"$f":"IFERROR(VLOOKUP(E166,Key!$A$2:$B$6,2,FALSE)+VLOOKUP(F166,Key!$C$2:$D$4,2,FALSE)+VLOOKUP(G166,Key!$C$6:$D$8,2,FALSE)+VLOOKUP('READMIT Patient Registry'!H166,Key!$C$10:$D$12,2,FALSE)+VLOOKUP('READMIT Patient Registry'!I166,Key!$E$2:$F$11,2,FALSE)+VLOOKUP('READMIT Patient Registry'!J166,Key!$G$2:$H$6,2,FALSE)+VLOOKUP('READMIT Patient Registry'!K166,Key!$G$8:$H$10,2,FALSE)+VLOOKUP('READMIT Patient Registry'!L166,Key!$G$12:$H$14,2,FALSE)+VLOOKUP('READMIT Patient Registry'!M166,Key!$I$2:$J$5,2,FALSE)+VLOOKUP('READMIT Patient Registry'!N166,Key!$K$2:$L$4,2,FALSE)+VLOOKUP('READMIT Patient Registry'!O166,Key!$K$6:$L$8,2,FALSE)+VLOOKUP('READMIT Patient Registry'!P166,Key!$M$2:$N$5,2,FALSE),\"\")","v":""},{"$f":"IFERROR(VLOOKUP(Q166,Key!$A$17:$B$20,2,TRUE),\"\")","v":""}]
[null,null,null,null,null,null,null,null,null,null,null,null,null,null,null,null,{"$f":"IFERROR(VLOOKUP(E167,Key!$A$2:$B$6,2,FALSE)+VLOOKUP(F167,Key!$C$2:$D$4,2,FALSE)+VLOOKUP(G167,Key!$C$6:$D$8,2,FALSE)+VLOOKUP('READMIT Patient Registry'!H167,Key!$C$10:$D$12,2,FALSE)+VLOOKUP('READMIT Patient Registry'!I167,Key!$E$2:$F$11,2,FALSE)+VLOOKUP('READMIT Patient Registry'!J167,Key!$G$2:$H$6,2,FALSE)+VLOOKUP('READMIT Patient Registry'!K167,Key!$G$8:$H$10,2,FALSE)+VLOOKUP('READMIT Patient Registry'!L167,Key!$G$12:$H$14,2,FALSE)+VLOOKUP('READMIT Patient Registry'!M167,Key!$I$2:$J$5,2,FALSE)+VLOOKUP('READMIT Patient Registry'!N167,Key!$K$2:$L$4,2,FALSE)+VLOOKUP('READMIT Patient Registry'!O167,Key!$K$6:$L$8,2,FALSE)+VLOOKUP('READMIT Patient Registry'!P167,Key!$M$2:$N$5,2,FALSE),\"\")","v":""},{"$f":"IFERROR(VLOOKUP(Q167,Key!$A$17:$B$20,2,TRUE),\"\")","v":""}]
[null,null,null,null,null,null,null,null,null,null,null,null,null,null,null,null,{"$f":"IFERROR(VLOOKUP(E168,Key!$A$2:$B$6,2,FALSE)+VLOOKUP(F168,Key!$C$2:$D$4,2,FALSE)+VLOOKUP(G168,Key!$C$6:$D$8,2,FALSE)+VLOOKUP('READMIT Patient Registry'!H168,Key!$C$10:$D$12,2,FALSE)+VLOOKUP('READMIT Patient Registry'!I168,Key!$E$2:$F$11,2,FALSE)+VLOOKUP('READMIT Patient Registry'!J168,Key!$G$2:$H$6,2,FALSE)+VLOOKUP('READMIT Patient Registry'!K168,Key!$G$8:$H$10,2,FALSE)+VLOOKUP('READMIT Patient Registry'!L168,Key!$G$12:$H$14,2,FALSE)+VLOOKUP('READMIT Patient Registry'!M168,Key!$I$2:$J$5,2,FALSE)+VLOOKUP('READMIT Patient Registry'!N168,Key!$K$2:$L$4,2,FALSE)+VLOOKUP('READMIT Patient Registry'!O168,Key!$K$6:$L$8,2,FALSE)+VLOOKUP('READMIT Patient Registry'!P168,Key!$M$2:$N$5,2,FALSE),\"\")","v":""},{"$f":"IFERROR(VLOOKUP(Q168,Key!$A$17:$B$20,2,TRUE),\"\")","v":""}]
[null,null,null,null,null,null,null,null,null,null,null,null,null,null,null,null,{"$f":"IFERROR(VLOOKUP(E169,Key!$A$2:$B$6,2,FALSE)+VLOOKUP(F169,Key!$C$2:$D$4,2,FALSE)+VLOOKUP(G169,Key!$C$6:$D$8,2,FALSE)+VLOOKUP('READMIT Patient Registry'!H169,Key!$C$10:$D$12,2,FALSE)+VLOOKUP('READMIT Patient Registry'!I169,Key!$E$2:$F$11,2,FALSE)+VLOOKUP('READMIT Patient Registry'!J169,Key!$G$2:$H$6,2,FALSE)+VLOOKUP('READMIT Patient Registry'!K169,Key!$G$8:$H$10,2,FALSE)+VLOOKUP('READMIT Patient Registry'!L169,Key!$G$12:$H$14,2,FALSE)+VLOOKUP('READMIT Patient Registry'!M169,Key!$I$2:$J$5,2,FALSE)+VLOOKUP('READMIT Patient Registry'!N169,Key!$K$2:$L$4,2,FALSE)+VLOOKUP('READMIT Patient Registry'!O169,Key!$K$6:$L$8,2,FALSE)+VLOOKUP('READMIT Patient Registry'!P169,Key!$M$2:$N$5,2,FALSE),\"\")","v":""},{"$f":"IFERROR(VLOOKUP(Q169,Key!$A$17:$B$20,2,TRUE),\"\")","v":""}]
[null,null,null,null,null,null,null,null,null,null,null,null,null,null,null,null,{"$f":"IFERROR(VLOOKUP(E170,Key!$A$2:$B$6,2,FALSE)+VLOOKUP(F170,Key!$C$2:$D$4,2,FALSE)+VLOOKUP(G170,Key!$C$6:$D$8,2,FALSE)+VLOOKUP('READMIT Patient Registry'!H170,Key!$C$10:$D$12,2,FALSE)+VLOOKUP('READMIT Patient Registry'!I170,Key!$E$2:$F$11,2,FALSE)+VLOOKUP('READMIT Patient Registry'!J170,Key!$G$2:$H$6,2,FALSE)+VLOOKUP('READMIT Patient Registry'!K170,Key!$G$8:$H$10,2,FALSE)+VLOOKUP('READMIT Patient Registry'!L170,Key!$G$12:$H$14,2,FALSE)+VLOOKUP('READMIT Patient Registry'!M170,Key!$I$2:$J$5,2,FALSE)+VLOOKUP('READMIT Patient Registry'!N170,Key!$K$2:$L$4,2,FALSE)+VLOOKUP('READMIT Patient Registry'!O170,Key!$K$6:$L$8,2,FALSE)+VLOOKUP('READMIT Patient Registry'!P170,Key!$M$2:$N$5,2,FALSE),\"\")","v":""},{"$f":"IFERROR(VLOOKUP(Q170,Key!$A$17:$B$20,2,TRUE),\"\")","v":""}]
[null,null,null,null,null,null,null,null,null,null,null,null,null,null,null,null,{"$f":"IFERROR(VLOOKUP(E171,Key!$A$2:$B$6,2,FALSE)+VLOOKUP(F171,Key!$C$2:$D$4,2,FALSE)+VLOOKUP(G171,Key!$C$6:$D$8,2,FALSE)+VLOOKUP('READMIT Patient Registry'!H171,Key!$C$10:$D$12,2,FALSE)+VLOOKUP('READMIT Patient Registry'!I171,Key!$E$2:$F$11,2,FALSE)+VLOOKUP('READMIT Patient Registry'!J171,Key!$G$2:$H$6,2,FALSE)+VLOOKUP('READMIT Patient Registry'!K171,Key!$G$8:$H$10,2,FALSE)+VLOOKUP('READMIT Patient Registry'!L171,Key!$G$12:$H$14,2,FALSE)+VLOOKUP('READMIT Patient Registry'!M171,Key!$I$2:$J$5,2,FALSE)+VLOOKUP('READMIT Patient Registry'!N171,Key!$K$2:$L$4,2,FALSE)+VLOOKUP('READMIT Patient Registry'!O171,Key!$K$6:$L$8,2,FALSE)+VLOOKUP('READMIT Patient Registry'!P171,Key!$M$2:$N$5,2,FALSE),\"\")","v":""},{"$f":"IFERROR(VLOOKUP(Q171,Key!$A$17:$B$20,2,TRUE),\"\")","v":""}]
[null,null,null,null,null,null,null,null,null,null,null,null,null,null,null,null,{"$f":"IFERROR(VLOOKUP(E172,Key!$A$2:$B$6,2,FALSE)+VLOOKUP(F172,Key!$C$2:$D$4,2,FALSE)+VLOOKUP(G172,Key!$C$6:$D$8,2,FALSE)+VLOOKUP('READMIT Patient Registry'!H172,Key!$C$10:$D$12,2,FALSE)+VLOOKUP('READMIT Patient Registry'!I172,Key!$E$2:$F$11,2,FALSE)+VLOOKUP('READMIT Patient Registry'!J172,Key!$G$2:$H$6,2,FALSE)+VLOOKUP('READMIT Patient Registry'!K172,Key!$G$8:$H$10,2,FALSE)+VLOOKUP('READMIT Patient Registry'!L172,Key!$G$12:$H$14,2,FALSE)+VLOOKUP('READMIT Patient Registry'!M172,Key!$I$2:$J$5,2,FALSE)+VLOOKUP('READMIT Patient Registry'!N172,Key!$K$2:$L$4,2,FALSE)+VLOOKUP('READMIT Patient Registry'!O172,Key!$K$6:$L$8,2,FALSE)+VLOOKUP('READMIT Patient Registry'!P172,Key!$M$2:$N$5,2,FALSE),\"\")","v":""},{"$f":"IFERROR(VLOOKUP(Q172,Key!$A$17:$B$20,2,TRUE),\"\")","v":""}]
[null,null,null,null,null,null,null,null,null,null,null,null,null,null,null,null,{"$f":"IFERROR(VLOOKUP(E173,Key!$A$2:$B$6,2,FALSE)+VLOOKUP(F173,Key!$C$2:$D$4,2,FALSE)+VLOOKUP(G173,Key!$C$6:$D$8,2,FALSE)+VLOOKUP('READMIT Patient Registry'!H173,Key!$C$10:$D$12,2,FALSE)+VLOOKUP('READMIT Patient Registry'!I173,Key!$E$2:$F$11,2,FALSE)+VLOOKUP('READMIT Patient Registry'!J173,Key!$G$2:$H$6,2,FALSE)+VLOOKUP('READMIT Patient Registry'!K173,Key!$G$8:$H$10,2,FALSE)+VLOOKUP('READMIT Patient Registry'!L173,Key!$G$12:$H$14,2,FALSE)+VLOOKUP('READMIT Patient Registry'!M173,Key!$I$2:$J$5,2,FALSE)+VLOOKUP('READMIT Patient Registry'!N173,Key!$K$2:$L$4,2,FALSE)+VLOOKUP('READMIT Patient Registry'!O173,Key!$K$6:$L$8,2,FALSE)+VLOOKUP('READMIT Patient Registry'!P173,Key!$M$2:$N$5,2,FALSE),\"\")","v":""},{"$f":"IFERROR(VLOOKUP(Q173,Key!$A$17:$B$20,2,TRUE),\"\")","v":""}]
[null,null,null,null,null,null,null,null,null,null,null,null,null,null,null,null,{"$f":"IFERROR(VLOOKUP(E174,Key!$A$2:$B$6,2,FALSE)+VLOOKUP(F174,Key!$C$2:$D$4,2,FALSE)+VLOOKUP(G174,Key!$C$6:$D$8,2,FALSE)+VLOOKUP('READMIT Patient Registry'!H174,Key!$C$10:$D$12,2,FALSE)+VLOOKUP('READMIT Patient Registry'!I174,Key!$E$2:$F$11,2,FALSE)+VLOOKUP('READMIT Patient Registry'!J174,Key!$G$2:$H$6,2,FALSE)+VLOOKUP('READMIT Patient Registry'!K174,Key!$G$8:$H$10,2,FALSE)+VLOOKUP('READMIT Patient Registry'!L174,Key!$G$12:$H$14,2,FALSE)+VLOOKUP('READMIT Patient Registry'!M174,Key!$I$2:$J$5,2,FALSE)+VLOOKUP('READMIT Patient Registry'!N174,Key!$K$2:$L$4,2,FALSE)+VLOOKUP('READMIT Patient Registry'!O174,Key!$K$6:$L$8,2,FALSE)+VLOOKUP('READMIT Patient Registry'!P174,Key!$M$2:$N$5,2,FALSE),\"\")","v":""},{"$f":"IFERROR(VLOOKUP(Q174,Key!$A$17:$B$20,2,TRUE),\"\")","v":""}]
[null,null,null,null,null,null,null,null,null,null,null,null,null,null,null,null,{"$f":"IFERROR(VLOOKUP(E175,Key!$A$2:$B$6,2,FALSE)+VLOOKUP(F175,Key!$C$2:$D$4,2,FALSE)+VLOOKUP(G175,Key!$C$6:$D$8,2,FALSE)+VLOOKUP('READMIT Patient Registry'!H175,Key!$C$10:$D$12,2,FALSE)+VLOOKUP('READMIT Patient Registry'!I175,Key!$E$2:$F$11,2,FALSE)+VLOOKUP('READMIT Patient Registry'!J175,Key!$G$2:$H$6,2,FALSE)+VLOOKUP('READMIT Patient Registry'!K175,Key!$G$8:$H$10,2,FALSE)+VLOOKUP('READMIT Patient Registry'!L175,Key!$G$12:$H$14,2,FALSE)+VLOOKUP('READMIT Patient Registry'!M175,Key!$I$2:$J$5,2,FALSE)+VLOOKUP('READMIT Patient Registry'!N175,Key!$K$2:$L$4,2,FALSE)+VLOOKUP('READMIT Patient Registry'!O175,Key!$K$6:$L$8,2,FALSE)+VLOOKUP('READMIT Patient Registry'!P175,Key!$M$2:$N$5,2,FALSE),\"\")","v":""},{"$f":"IFERROR(VLOOKUP(Q175,Key!$A$17:$B$20,2,TRUE),\"\")","v":""}]
[null,null,null,null,null,null,null,null,null,null,null,null,null,null,null,null,{"$f":"IFERROR(VLOOKUP(E176,Key!$A$2:$B$6,2,FALSE)+VLOOKUP(F176,Key!$C$2:$D$4,2,FALSE)+VLOOKUP(G176,Key!$C$6:$D$8,2,FALSE)+VLOOKUP('READMIT Patient Registry'!H176,Key!$C$10:$D$12,2,FALSE)+VLOOKUP('READMIT Patient Registry'!I176,Key!$E$2:$F$11,2,FALSE)+VLOOKUP('READMIT Patient Registry'!J176,Key!$G$2:$H$6,2,FALSE)+VLOOKUP('READMIT Patient Registry'!K176,Key!$G$8:$H$10,2,FALSE)+VLOOKUP('READMIT Patient Registry'!L176,Key!$G$12:$H$14,2,FALSE)+VLOOKUP('READMIT Patient Registry'!M176,Key!$I$2:$J$5,2,FALSE)+VLOOKUP('READMIT Patient Registry'!N176,Key!$K$2:$L$4,2,FALSE)+VLOOKUP('READMIT Patient Registry'!O176,Key!$K$6:$L$8,2,FALSE)+VLOOKUP('READMIT Patient Registry'!P176,Key!$M$2:$N$5,2,FALSE),\"\")","v":""},{"$f":"IFERROR(VLOOKUP(Q176,Key!$A$17:$B$20,2,TRUE),\"\")","v":""}]
[null,null,null,null,null,null,null,null,null,null,null,null,null,null,null,null,{"$f":"IFERROR(VLOOKUP(E177,Key!$A$2:$B$6,2,FALSE)+VLOOKUP(F177,Key!$C$2:$D$4,2,FALSE)+VLOOKUP(G177,Key!$C$6:$D$8,2,FALSE)+VLOOKUP('READMIT Patient Registry'!H177,Key!$C$10:$D$12,2,FALSE)+VLOOKUP('READMIT Patient Registry'!I177,Key!$E$2:$F$11,2,FALSE)+VLOOKUP('READMIT Patient Registry'!J177,Key!$G$2:$H$6,2,FALSE)+VLOOKUP('READMIT Patient Registry'!K177,Key!$G$8:$H$10,2,FALSE)+VLOOKUP('READMIT Patient Registry'!L177,Key!$G$12:$H$14,2,FALSE)+VLOOKUP('READMIT Patient Registry'!M177,Key!$I$2:$J$5,2,FALSE)+VLOOKUP('READMIT Patient Registry'!N177,Key!$K$2:$L$4,2,FALSE)+VLOOKUP('READMIT Patient Registry'!O177,Key!$K$6:$L$8,2,FALSE)+VLOOKUP('READMIT Patient Registry'!P177,Key!$M$2:$N$5,2,FALSE),\"\")","v":""},{"$f":"IFERROR(VLOOKUP(Q177,Key!$A$17:$B$20,2,TRUE),\"\")","v":""}]
[null,null,null,null,null,null,null,null,null,null,null,null,null,null,null,null,{"$f":"IFERROR(VLOOKUP(E178,Key!$A$2:$B$6,2,FALSE)+VLOOKUP(F178,Key!$C$2:$D$4,2,FALSE)+VLOOKUP(G178,Key!$C$6:$D$8,2,FALSE)+VLOOKUP('READMIT Patient Registry'!H178,Key!$C$10:$D$12,2,FALSE)+VLOOKUP('READMIT Patient Registry'!I178,Key!$E$2:$F$11,2,FALSE)+VLOOKUP('READMIT Patient Registry'!J178,Key!$G$2:$H$6,2,FALSE)+VLOOKUP('READMIT Patient Registry'!K178,Key!$G$8:$H$10,2,FALSE)+VLOOKUP('READMIT Patient Registry'!L178,Key!$G$12:$H$14,2,FALSE)+VLOOKUP('READMIT Patient Registry'!M178,Key!$I$2:$J$5,2,FALSE)+VLOOKUP('READMIT Patient Registry'!N178,Key!$K$2:$L$4,2,FALSE)+VLOOKUP('READMIT Patient Registry'!O178,Key!$K$6:$L$8,2,FALSE)+VLOOKUP('READMIT Patient Registry'!P178,Key!$M$2:$N$5,2,FALSE),\"\")","v":""},{"$f":"IFERROR(VLOOKUP(Q178,Key!$A$17:$B$20,2,TRUE),\"\")","v":""}]
[null,null,null,null,null,null,null,null,null,null,null,null,null,null,null,null,{"$f":"IFERROR(VLOOKUP(E179,Key!$A$2:$B$6,2,FALSE)+VLOOKUP(F179,Key!$C$2:$D$4,2,FALSE)+VLOOKUP(G179,Key!$C$6:$D$8,2,FALSE)+VLOOKUP('READMIT Patient Registry'!H179,Key!$C$10:$D$12,2,FALSE)+VLOOKUP('READMIT Patient Registry'!I179,Key!$E$2:$F$11,2,FALSE)+VLOOKUP('READMIT Patient Registry'!J179,Key!$G$2:$H$6,2,FALSE)+VLOOKUP('READMIT Patient Registry'!K179,Key!$G$8:$H$10,2,FALSE)+VLOOKUP('READMIT Patient Registry'!L179,Key!$G$12:$H$14,2,FALSE)+VLOOKUP('READMIT Patient Registry'!M179,Key!$I$2:$J$5,2,FALSE)+VLOOKUP('READMIT Patient Registry'!N179,Key!$K$2:$L$4,2,FALSE)+VLOOKUP('READMIT Patient Registry'!O179,Key!$K$6:$L$8,2,FALSE)+VLOOKUP('READMIT Patient Registry'!P179,Key!$M$2:$N$5,2,FALSE),\"\")","v":""},{"$f":"IFERROR(VLOOKUP(Q179,Key!$A$17:$B$20,2,TRUE),\"\")","v":""}]
[null,null,null,null,null,null,null,null,null,null,null,null,null,null,null,null,{"$f":"IFERROR(VLOOKUP(E180,Key!$A$2:$B$6,2,FALSE)+VLOOKUP(F180,Key!$C$2:$D$4,2,FALSE)+VLOOKUP(G180,Key!$C$6:$D$8,2,FALSE)+VLOOKUP('READMIT Patient Registry'!H180,Key!$C$10:$D$12,2,FALSE)+VLOOKUP('READMIT Patient Registry'!I180,Key!$E$2:$F$11,2,FALSE)+VLOOKUP('READMIT Patient Registry'!J180,Key!$G$2:$H$6,2,FALSE)+VLOOKUP('READMIT Patient Registry'!K180,Key!$G$8:$H$10,2,FALSE)+VLOOKUP('READMIT Patient Registry'!L180,Key!$G$12:$H$14,2,FALSE)+VLOOKUP('READMIT Patient Registry'!M180,Key!$I$2:$J$5,2,FALSE)+VLOOKUP('READMIT Patient Registry'!N180,Key!$K$2:$L$4,2,FALSE)+VLOOKUP('READMIT Patient Registry'!O180,Key!$K$6:$L$8,2,FALSE)+VLOOKUP('READMIT Patient Registry'!P180,Key!$M$2:$N$5,2,FALSE),\"\")","v":""},{"$f":"IFERROR(VLOOKUP(Q180,Key!$A$17:$B$20,2,TRUE),\"\")","v":""}]
[null,null,null,null,null,null,null,null,null,null,null,null,null,null,null,null,{"$f":"IFERROR(VLOOKUP(E181,Key!$A$2:$B$6,2,FALSE)+VLOOKUP(F181,Key!$C$2:$D$4,2,FALSE)+VLOOKUP(G181,Key!$C$6:$D$8,2,FALSE)+VLOOKUP('READMIT Patient Registry'!H181,Key!$C$10:$D$12,2,FALSE)+VLOOKUP('READMIT Patient Registry'!I181,Key!$E$2:$F$11,2,FALSE)+VLOOKUP('READMIT Patient Registry'!J181,Key!$G$2:$H$6,2,FALSE)+VLOOKUP('READMIT Patient Registry'!K181,Key!$G$8:$H$10,2,FALSE)+VLOOKUP('READMIT Patient Registry'!L181,Key!$G$12:$H$14,2,FALSE)+VLOOKUP('READMIT Patient Registry'!M181,Key!$I$2:$J$5,2,FALSE)+VLOOKUP('READMIT Patient Registry'!N181,Key!$K$2:$L$4,2,FALSE)+VLOOKUP('READMIT Patient Registry'!O181,Key!$K$6:$L$8,2,FALSE)+VLOOKUP('READMIT Patient Registry'!P181,Key!$M$2:$N$5,2,FALSE),\"\")","v":""},{"$f":"IFERROR(VLOOKUP(Q181,Key!$A$17:$B$20,2,TRUE),\"\")","v":""}]
[null,null,null,null,null,null,null,null,null,null,null,null,null,null,null,null,{"$f":"IFERROR(VLOOKUP(E182,Key!$A$2:$B$6,2,FALSE)+VLOOKUP(F182,Key!$C$2:$D$4,2,FALSE)+VLOOKUP(G182,Key!$C$6:$D$8,2,FALSE)+VLOOKUP('READMIT Patient Registry'!H182,Key!$C$10:$D$12,2,FALSE)+VLOOKUP('READMIT Patient Registry'!I182,Key!$E$2:$F$11,2,FALSE)+VLOOKUP('READMIT Patient Registry'!J182,Key!$G$2:$H$6,2,FALSE)+VLOOKUP('READMIT Patient Registry'!K182,Key!$G$8:$H$10,2,FALSE)+VLOOKUP('READMIT Patient Registry'!L182,Key!$G$12:$H$14,2,FALSE)+VLOOKUP('READMIT Patient Registry'!M182,Key!$I$2:$J$5,2,FALSE)+VLOOKUP('READMIT Patient Registry'!N182,Key!$K$2:$L$4,2,FALSE)+VLOOKUP('READMIT Patient Registry'!O182,Key!$K$6:$L$8,2,FALSE)+VLOOKUP('READMIT Patient Registry'!P182,Key!$M$2:$N$5,2,FALSE),\"\")","v":""},{"$f":"IFERROR(VLOOKUP(Q182,Key!$A$17:$B$20,2,TRUE),\"\")","v":""}]
[null,null,null,null,null,null,null,null,null,null,null,null,null,null,null,null,{"$f":"IFERROR(VLOOKUP(E183,Key!$A$2:$B$6,2,FALSE)+VLOOKUP(F183,Key!$C$2:$D$4,2,FALSE)+VLOOKUP(G183,Key!$C$6:$D$8,2,FALSE)+VLOOKUP('READMIT Patient Registry'!H183,Key!$C$10:$D$12,2,FALSE)+VLOOKUP('READMIT Patient Registry'!I183,Key!$E$2:$F$11,2,FALSE)+VLOOKUP('READMIT Patient Registry'!J183,Key!$G$2:$H$6,2,FALSE)+VLOOKUP('READMIT Patient Registry'!K183,Key!$G$8:$H$10,2,FALSE)+VLOOKUP('READMIT Patient Registry'!L183,Key!$G$12:$H$14,2,FALSE)+VLOOKUP('READMIT Patient Registry'!M183,Key!$I$2:$J$5,2,FALSE)+VLOOKUP('READMIT Patient Registry'!N183,Key!$K$2:$L$4,2,FALSE)+VLOOKUP('READMIT Patient Registry'!O183,Key!$K$6:$L$8,2,FALSE)+VLOOKUP('READMIT Patient Registry'!P183,Key!$M$2:$N$5,2,FALSE),\"\")","v":""},{"$f":"IFERROR(VLOOKUP(Q183,Key!$A$17:$B$20,2,TRUE),\"\")","v":""}]
[null,null,null,null,null,null,null,null,null,null,null,null,null,null,null,null,{"$f":"IFERROR(VLOOKUP(E184,Key!$A$2:$B$6,2,FALSE)+VLOOKUP(F184,Key!$C$2:$D$4,2,FALSE)+VLOOKUP(G184,Key!$C$6:$D$8,2,FALSE)+VLOOKUP('READMIT Patient Registry'!H184,Key!$C$10:$D$12,2,FALSE)+VLOOKUP('READMIT Patient Registry'!I184,Key!$E$2:$F$11,2,FALSE)+VLOOKUP('READMIT Patient Registry'!J184,Key!$G$2:$H$6,2,FALSE)+VLOOKUP('READMIT Patient Registry'!K184,Key!$G$8:$H$10,2,FALSE)+VLOOKUP('READMIT Patient Registry'!L184,Key!$G$12:$H$14,2,FALSE)+VLOOKUP('READMIT Patient Registry'!M184,Key!$I$2:$J$5,2,FALSE)+VLOOKUP('READMIT Patient Registry'!N184,Key!$K$2:$L$4,2,FALSE)+VLOOKUP('READMIT Patient Registry'!O184,Key!$K$6:$L$8,2,FALSE)+VLOOKUP('READMIT Patient Registry'!P184,Key!$M$2:$N$5,2,FALSE),\"\")","v":""},{"$f":"IFERROR(VLOOKUP(Q184,Key!$A$17:$B$20,2,TRUE),\"\")","v":""}]
[null,null,null,null,null,null,null,null,null,null,null,null,null,null,null,null,{"$f":"IFERROR(VLOOKUP(E185,Key!$A$2:$B$6,2,FALSE)+VLOOKUP(F185,Key!$C$2:$D$4,2,FALSE)+VLOOKUP(G185,Key!$C$6:$D$8,2,FALSE)+VLOOKUP('READMIT Patient Registry'!H185,Key!$C$10:$D$12,2,FALSE)+VLOOKUP('READMIT Patient Registry'!I185,Key!$E$2:$F$11,2,FALSE)+VLOOKUP('READMIT Patient Registry'!J185,Key!$G$2:$H$6,2,FALSE)+VLOOKUP('READMIT Patient Registry'!K185,Key!$G$8:$H$10,2,FALSE)+VLOOKUP('READMIT Patient Registry'!L185,Key!$G$12:$H$14,2,FALSE)+VLOOKUP('READMIT Patient Registry'!M185,Key!$I$2:$J$5,2,FALSE)+VLOOKUP('READMIT Patient Registry'!N185,Key!$K$2:$L$4,2,FALSE)+VLOOKUP('READMIT Patient Registry'!O185,Key!$K$6:$L$8,2,FALSE)+VLOOKUP('READMIT Patient Registry'!P185,Key!$M$2:$N$5,2,FALSE),\"\")","v":""},{"$f":"IFERROR(VLOOKUP(Q185,Key!$A$17:$B$20,2,TRUE),\"\")","v":""}]
[null,null,null,null,null,null,null,null,null,null,null,null,null,null,null,null,{"$f":"IFERROR(VLOOKUP(E186,Key!$A$2:$B$6,2,FALSE)+VLOOKUP(F186,Key!$C$2:$D$4,2,FALSE)+VLOOKUP(G186,Key!$C$6:$D$8,2,FALSE)+VLOOKUP('READMIT Patient Registry'!H186,Key!$C$10:$D$12,2,FALSE)+VLOOKUP('READMIT Patient Registry'!I186,Key!$E$2:$F$11,2,FALSE)+VLOOKUP('READMIT Patient Registry'!J186,Key!$G$2:$H$6,2,FALSE)+VLOOKUP('READMIT Patient Registry'!K186,Key!$G$8:$H$10,2,FALSE)+VLOOKUP('READMIT Patient Registry'!L186,Key!$G$12:$H$14,2,FALSE)+VLOOKUP('READMIT Patient Registry'!M186,Key!$I$2:$J$5,2,FALSE)+VLOOKUP('READMIT Patient Registry'!N186,Key!$K$2:$L$4,2,FALSE)+VLOOKUP('READMIT Patient Registry'!O186,Key!$K$6:$L$8,2,FALSE)+VLOOKUP('READMIT Patient Registry'!P186,Key!$M$2:$N$5,2,FALSE),\"\")","v":""},{"$f":"IFERROR(VLOOKUP(Q186,Key!$A$17:$B$20,2,TRUE),\"\")","v":""}]
[null,null,null,null,null,null,null,null,null,null,null,null,null,null,null,null,{"$f":"IFERROR(VLOOKUP(E187,Key!$A$2:$B$6,2,FALSE)+VLOOKUP(F187,Key!$C$2:$D$4,2,FALSE)+VLOOKUP(G187,Key!$C$6:$D$8,2,FALSE)+VLOOKUP('READMIT Patient Registry'!H187,Key!$C$10:$D$12,2,FALSE)+VLOOKUP('READMIT Patient Registry'!I187,Key!$E$2:$F$11,2,FALSE)+VLOOKUP('READMIT Patient Registry'!J187,Key!$G$2:$H$6,2,FALSE)+VLOOKUP('READMIT Patient Registry'!K187,Key!$G$8:$H$10,2,FALSE)+VLOOKUP('READMIT Patient Registry'!L187,Key!$G$12:$H$14,2,FALSE)+VLOOKUP('READMIT Patient Registry'!M187,Key!$I$2:$J$5,2,FALSE)+VLOOKUP('READMIT Patient Registry'!N187,Key!$K$2:$L$4,2,FALSE)+VLOOKUP('READMIT Patient Registry'!O187,Key!$K$6:$L$8,2,FALSE)+VLOOKUP('READMIT Patient Registry'!P187,Key!$M$2:$N$5,2,FALSE),\"\")","v":""},{"$f":"IFERROR(VLOOKUP(Q187,Key!$A$17:$B$20,2,TRUE),\"\")","v":""}]
[null,null,null,null,null,null,null,null,null,null,null,null,null,null,null,null,{"$f":"IFERROR(VLOOKUP(E188,Key!$A$2:$B$6,2,FALSE)+VLOOKUP(F188,Key!$C$2:$D$4,2,FALSE)+VLOOKUP(G188,Key!$C$6:$D$8,2,FALSE)+VLOOKUP('READMIT Patient Registry'!H188,Key!$C$10:$D$12,2,FALSE)+VLOOKUP('READMIT Patient Registry'!I188,Key!$E$2:$F$11,2,FALSE)+VLOOKUP('READMIT Patient Registry'!J188,Key!$G$2:$H$6,2,FALSE)+VLOOKUP('READMIT Patient Registry'!K188,Key!$G$8:$H$10,2,FALSE)+VLOOKUP('READMIT Patient Registry'!L188,Key!$G$12:$H$14,2,FALSE)+VLOOKUP('READMIT Patient Registry'!M188,Key!$I$2:$J$5,2,FALSE)+VLOOKUP('READMIT Patient Registry'!N188,Key!$K$2:$L$4,2,FALSE)+VLOOKUP('READMIT Patient Registry'!O188,Key!$K$6:$L$8,2,FALSE)+VLOOKUP('READMIT Patient Registry'!P188,Key!$M$2:$N$5,2,FALSE),\"\")","v":""},{"$f":"IFERROR(VLOOKUP(Q188,Key!$A$17:$B$20,2,TRUE),\"\")","v":""}]
[null,null,null,null,null,null,null,null,null,null,null,null,null,null,null,null,{"$f":"IFERROR(VLOOKUP(E189,Key!$A$2:$B$6,2,FALSE)+VLOOKUP(F189,Key!$C$2:$D$4,2,FALSE)+VLOOKUP(G189,Key!$C$6:$D$8,2,FALSE)+VLOOKUP('READMIT Patient Registry'!H189,Key!$C$10:$D$12,2,FALSE)+VLOOKUP('READMIT Patient Registry'!I189,Key!$E$2:$F$11,2,FALSE)+VLOOKUP('READMIT Patient Registry'!J189,Key!$G$2:$H$6,2,FALSE)+VLOOKUP('READMIT Patient Registry'!K189,Key!$G$8:$H$10,2,FALSE)+VLOOKUP('READMIT Patient Registry'!L189,Key!$G$12:$H$14,2,FALSE)+VLOOKUP('READMIT Patient Registry'!M189,Key!$I$2:$J$5,2,FALSE)+VLOOKUP('READMIT Patient Registry'!N189,Key!$K$2:$L$4,2,FALSE)+VLOOKUP('READMIT Patient Registry'!O189,Key!$K$6:$L$8,2,FALSE)+VLOOKUP('READMIT Patient Registry'!P189,Key!$M$2:$N$5,2,FALSE),\"\")","v":""},{"$f":"IFERROR(VLOOKUP(Q189,Key!$A$17:$B$20,2,TRUE),\"\")","v":""}]
[null,null,null,null,null,null,null,null,null,null,null,null,null,null,null,null,{"$f":"IFERROR(VLOOKUP(E190,Key!$A$2:$B$6,2,FALSE)+VLOOKUP(F190,Key!$C$2:$D$4,2,FALSE)+VLOOKUP(G190,Key!$C$6:$D$8,2,FALSE)+VLOOKUP('READMIT Patient Registry'!H190,Key!$C$10:$D$12,2,FALSE)+VLOOKUP('READMIT Patient Registry'!I190,Key!$E$2:$F$11,2,FALSE)+VLOOKUP('READMIT Patient Registry'!J190,Key!$G$2:$H$6,2,FALSE)+VLOOKUP('READMIT Patient Registry'!K190,Key!$G$8:$H$10,2,FALSE)+VLOOKUP('READMIT Patient Registry'!L190,Key!$G$12:$H$14,2,FALSE)+VLOOKUP('READMIT Patient Registry'!M190,Key!$I$2:$J$5,2,FALSE)+VLOOKUP('READMIT Patient Registry'!N190,Key!$K$2:$L$4,2,FALSE)+VLOOKUP('READMIT Patient Registry'!O190,Key!$K$6:$L$8,2,FALSE)+VLOOKUP('READMIT Patient Registry'!P190,Key!$M$2:$N$5,2,FALSE),\"\")","v":""},{"$f":"IFERROR(VLOOKUP(Q190,Key!$A$17:$B$20,2,TRUE),\"\")","v":""}]
[null,null,null,null,null,null,null,null,null,null,null,null,null,null,null,null,{"$f":"IFERROR(VLOOKUP(E191,Key!$A$2:$B$6,2,FALSE)+VLOOKUP(F191,Key!$C$2:$D$4,2,FALSE)+VLOOKUP(G191,Key!$C$6:$D$8,2,FALSE)+VLOOKUP('READMIT Patient Registry'!H191,Key!$C$10:$D$12,2,FALSE)+VLOOKUP('READMIT Patient Registry'!I191,Key!$E$2:$F$11,2,FALSE)+VLOOKUP('READMIT Patient Registry'!J191,Key!$G$2:$H$6,2,FALSE)+VLOOKUP('READMIT Patient Registry'!K191,Key!$G$8:$H$10,2,FALSE)+VLOOKUP('READMIT Patient Registry'!L191,Key!$G$12:$H$14,2,FALSE)+VLOOKUP('READMIT Patient Registry'!M191,Key!$I$2:$J$5,2,FALSE)+VLOOKUP('READMIT Patient Registry'!N191,Key!$K$2:$L$4,2,FALSE)+VLOOKUP('READMIT Patient Registry'!O191,Key!$K$6:$L$8,2,FALSE)+VLOOKUP('READMIT Patient Registry'!P191,Key!$M$2:$N$5,2,FALSE),\"\")","v":""},{"$f":"IFERROR(VLOOKUP(Q191,Key!$A$17:$B$20,2,TRUE),\"\")","v":""}]
[null,null,null,null,null,null,null,null,null,null,null,null,null,null,null,null,{"$f":"IFERROR(VLOOKUP(E192,Key!$A$2:$B$6,2,FALSE)+VLOOKUP(F192,Key!$C$2:$D$4,2,FALSE)+VLOOKUP(G192,Key!$C$6:$D$8,2,FALSE)+VLOOKUP('READMIT Patient Registry'!H192,Key!$C$10:$D$12,2,FALSE)+VLOOKUP('READMIT Patient Registry'!I192,Key!$E$2:$F$11,2,FALSE)+VLOOKUP('READMIT Patient Registry'!J192,Key!$G$2:$H$6,2,FALSE)+VLOOKUP('READMIT Patient Registry'!K192,Key!$G$8:$H$10,2,FALSE)+VLOOKUP('READMIT Patient Registry'!L192,Key!$G$12:$H$14,2,FALSE)+VLOOKUP('READMIT Patient Registry'!M192,Key!$I$2:$J$5,2,FALSE)+VLOOKUP('READMIT Patient Registry'!N192,Key!$K$2:$L$4,2,FALSE)+VLOOKUP('READMIT Patient Registry'!O192,Key!$K$6:$L$8,2,FALSE)+VLOOKUP('READMIT Patient Registry'!P192,Key!$M$2:$N$5,2,FALSE),\"\")","v":""},{"$f":"IFERROR(VLOOKUP(Q192,Key!$A$17:$B$20,2,TRUE),\"\")","v":""}]
[null,null,null,null,null,null,null,null,null,null,null,null,null,null,null,null,{"$f":"IFERROR(VLOOKUP(E193,Key!$A$2:$B$6,2,FALSE)+VLOOKUP(F193,Key!$C$2:$D$4,2,FALSE)+VLOOKUP(G193,Key!$C$6:$D$8,2,FALSE)+VLOOKUP('READMIT Patient Registry'!H193,Key!$C$10:$D$12,2,FALSE)+VLOOKUP('READMIT Patient Registry'!I193,Key!$E$2:$F$11,2,FALSE)+VLOOKUP('READMIT Patient Registry'!J193,Key!$G$2:$H$6,2,FALSE)+VLOOKUP('READMIT Patient Registry'!K193,Key!$G$8:$H$10,2,FALSE)+VLOOKUP('READMIT Patient Registry'!L193,Key!$G$12:$H$14,2,FALSE)+VLOOKUP('READMIT Patient Registry'!M193,Key!$I$2:$J$5,2,FALSE)+VLOOKUP('READMIT Patient Registry'!N193,Key!$K$2:$L$4,2,FALSE)+VLOOKUP('READMIT Patient Registry'!O193,Key!$K$6:$L$8,2,FALSE)+VLOOKUP('READMIT Patient Registry'!P193,Key!$M$2:$N$5,2,FALSE),\"\")","v":""},{"$f":"IFERROR(VLOOKUP(Q193,Key!$A$17:$B$20,2,TRUE),\"\")","v":""}]
[null,null,null,null,null,null,null,null,null,null,null,null,null,null,null,null,{"$f":"IFERROR(VLOOKUP(E194,Key!$A$2:$B$6,2,FALSE)+VLOOKUP(F194,Key!$C$2:$D$4,2,FALSE)+VLOOKUP(G194,Key!$C$6:$D$8,2,FALSE)+VLOOKUP('READMIT Patient Registry'!H194,Key!$C$10:$D$12,2,FALSE)+VLOOKUP('READMIT Patient Registry'!I194,Key!$E$2:$F$11,2,FALSE)+VLOOKUP('READMIT Patient Registry'!J194,Key!$G$2:$H$6,2,FALSE)+VLOOKUP('READMIT Patient Registry'!K194,Key!$G$8:$H$10,2,FALSE)+VLOOKUP('READMIT Patient Registry'!L194,Key!$G$12:$H$14,2,FALSE)+VLOOKUP('READMIT Patient Registry'!M194,Key!$I$2:$J$5,2,FALSE)+VLOOKUP('READMIT Patient Registry'!N194,Key!$K$2:$L$4,2,FALSE)+VLOOKUP('READMIT Patient Registry'!O194,Key!$K$6:$L$8,2,FALSE)+VLOOKUP('READMIT Patient Registry'!P194,Key!$M$2:$N$5,2,FALSE),\"\")","v":""},{"$f":"IFERROR(VLOOKUP(Q194,Key!$A$17:$B$20,2,TRUE),\"\")","v":""}]
[null,null,null,null,null,null,null,null,null,null,null,null,null,null,null,null,{"$f":"IFERROR(VLOOKUP(E195,Key!$A$2:$B$6,2,FALSE)+VLOOKUP(F195,Key!$C$2:$D$4,2,FALSE)+VLOOKUP(G195,Key!$C$6:$D$8,2,FALSE)+VLOOKUP('READMIT Patient Registry'!H195,Key!$C$10:$D$12,2,FALSE)+VLOOKUP('READMIT Patient Registry'!I195,Key!$E$2:$F$11,2,FALSE)+VLOOKUP('READMIT Patient Registry'!J195,Key!$G$2:$H$6,2,FALSE)+VLOOKUP('READMIT Patient Registry'!K195,Key!$G$8:$H$10,2,FALSE)+VLOOKUP('READMIT Patient Registry'!L195,Key!$G$12:$H$14,2,FALSE)+VLOOKUP('READMIT Patient Registry'!M195,Key!$I$2:$J$5,2,FALSE)+VLOOKUP('READMIT Patient Registry'!N195,Key!$K$2:$L$4,2,FALSE)+VLOOKUP('READMIT Patient Registry'!O195,Key!$K$6:$L$8,2,FALSE)+VLOOKUP('READMIT Patient Registry'!P195,Key!$M$2:$N$5,2,FALSE),\"\")","v":""},{"$f":"IFERROR(VLOOKUP(Q195,Key!$A$17:$B$20,2,TRUE),\"\")","v":""}]
[null,null,null,null,null,null,null,null,null,null,null,null,null,null,null,null,{"$f":"IFERROR(VLOOKUP(E196,Key!$A$2:$B$6,2,FALSE)+VLOOKUP(F196,Key!$C$2:$D$4,2,FALSE)+VLOOKUP(G196,Key!$C$6:$D$8,2,FALSE)+VLOOKUP('READMIT Patient Registry'!H196,Key!$C$10:$D$12,2,FALSE)+VLOOKUP('READMIT Patient Registry'!I196,Key!$E$2:$F$11,2,FALSE)+VLOOKUP('READMIT Patient Registry'!J196,Key!$G$2:$H$6,2,FALSE)+VLOOKUP('READMIT Patient Registry'!K196,Key!$G$8:$H$10,2,FALSE)+VLOOKUP('READMIT Patient Registry'!L196,Key!$G$12:$H$14,2,FALSE)+VLOOKUP('READMIT Patient Registry'!M196,Key!$I$2:$J$5,2,FALSE)+VLOOKUP('READMIT Patient Registry'!N196,Key!$K$2:$L$4,2,FALSE)+VLOOKUP('READMIT Patient Registry'!O196,Key!$K$6:$L$8,2,FALSE)+VLOOKUP('READMIT Patient Registry'!P196,Key!$M$2:$N$5,2,FALSE),\"\")","v":""},{"$f":"IFERROR(VLOOKUP(Q196,Key!$A$17:$B$20,2,TRUE),\"\")","v":""}]
[null,null,null,null,null,null,null,null,null,null,null,null,null,null,null,null,{"$f":"IFERROR(VLOOKUP(E197,Key!$A$2:$B$6,2,FALSE)+VLOOKUP(F197,Key!$C$2:$D$4,2,FALSE)+VLOOKUP(G197,Key!$C$6:$D$8,2,FALSE)+VLOOKUP('READMIT Patient Registry'!H197,Key!$C$10:$D$12,2,FALSE)+VLOOKUP('READMIT Patient Registry'!I197,Key!$E$2:$F$11,2,FALSE)+VLOOKUP('READMIT Patient Registry'!J197,Key!$G$2:$H$6,2,FALSE)+VLOOKUP('READMIT Patient Registry'!K197,Key!$G$8:$H$10,2,FALSE)+VLOOKUP('READMIT Patient Registry'!L197,Key!$G$12:$H$14,2,FALSE)+VLOOKUP('READMIT Patient Registry'!M197,Key!$I$2:$J$5,2,FALSE)+VLOOKUP('READMIT Patient Registry'!N197,Key!$K$2:$L$4,2,FALSE)+VLOOKUP('READMIT Patient Registry'!O197,Key!$K$6:$L$8,2,FALSE)+VLOOKUP('READMIT Patient Registry'!P197,Key!$M$2:$N$5,2,FALSE),\"\")","v":""},{"$f":"IFERROR(VLOOKUP(Q197,Key!$A$17:$B$20,2,TRUE),\"\")","v":""}]
[null,null,null,null,null,null,null,null,null,null,null,null,null,null,null,null,{"$f":"IFERROR(VLOOKUP(E198,Key!$A$2:$B$6,2,FALSE)+VLOOKUP(F198,Key!$C$2:$D$4,2,FALSE)+VLOOKUP(G198,Key!$C$6:$D$8,2,FALSE)+VLOOKUP('READMIT Patient Registry'!H198,Key!$C$10:$D$12,2,FALSE)+VLOOKUP('READMIT Patient Registry'!I198,Key!$E$2:$F$11,2,FALSE)+VLOOKUP('READMIT Patient Registry'!J198,Key!$G$2:$H$6,2,FALSE)+VLOOKUP('READMIT Patient Registry'!K198,Key!$G$8:$H$10,2,FALSE)+VLOOKUP('READMIT Patient Registry'!L198,Key!$G$12:$H$14,2,FALSE)+VLOOKUP('READMIT Patient Registry'!M198,Key!$I$2:$J$5,2,FALSE)+VLOOKUP('READMIT Patient Registry'!N198,Key!$K$2:$L$4,2,FALSE)+VLOOKUP('READMIT Patient Registry'!O198,Key!$K$6:$L$8,2,FALSE)+VLOOKUP('READMIT Patient Registry'!P198,Key!$M$2:$N$5,2,FALSE),\"\")","v":""},{"$f":"IFERROR(VLOOKUP(Q198,Key!$A$17:$B$20,2,TRUE),\"\")","v":""}]
[null,null,null,null,null,null,null,null,null,null,null,null,null,null,null,null,{"$f":"IFERROR(VLOOKUP(E199,Key!$A$2:$B$6,2,FALSE)+VLOOKUP(F199,Key!$C$2:$D$4,2,FALSE)+VLOOKUP(G199,Key!$C$6:$D$8,2,FALSE)+VLOOKUP('READMIT Patient Registry'!H199,Key!$C$10:$D$12,2,FALSE)+VLOOKUP('READMIT Patient Registry'!I199,Key!$E$2:$F$11,2,FALSE)+VLOOKUP('READMIT Patient Registry'!J199,Key!$G$2:$H$6,2,FALSE)+VLOOKUP('READMIT Patient Registry'!K199,Key!$G$8:$H$10,2,FALSE)+VLOOKUP('READMIT Patient Registry'!L199,Key!$G$12:$H$14,2,FALSE)+VLOOKUP('READMIT Patient Registry'!M199,Key!$I$2:$J$5,2,FALSE)+VLOOKUP('READMIT Patient Registry'!N199,Key!$K$2:$L$4,2,FALSE)+VLOOKUP('READMIT Patient Registry'!O199,Key!$K$6:$L$8,2,FALSE)+VLOOKUP('READMIT Patient Registry'!P199,Key!$M$2:$N$5,2,FALSE),\"\")","v":""},{"$f":"IFERROR(VLOOKUP(Q199,Key!$A$17:$B$20,2,TRUE),\"\")","v":""}]
[null,null,null,null,null,null,null,null,null,null,null,null,null,null,null,null,{"$f":"IFERROR(VLOOKUP(E200,Key!$A$2:$B$6,2,FALSE)+VLOOKUP(F200,Key!$C$2:$D$4,2,FALSE)+VLOOKUP(G200,Key!$C$6:$D$8,2,FALSE)+VLOOKUP('READMIT Patient Registry'!H200,Key!$C$10:$D$12,2,FALSE)+VLOOKUP('READMIT Patient Registry'!I200,Key!$E$2:$F$11,2,FALSE)+VLOOKUP('READMIT Patient Registry'!J200,Key!$G$2:$H$6,2,FALSE)+VLOOKUP('READMIT Patient Registry'!K200,Key!$G$8:$H$10,2,FALSE)+VLOOKUP('READMIT Patient Registry'!L200,Key!$G$12:$H$14,2,FALSE)+VLOOKUP('READMIT Patient Registry'!M200,Key!$I$2:$J$5,2,FALSE)+VLOOKUP('READMIT Patient Registry'!N200,Key!$K$2:$L$4,2,FALSE)+VLOOKUP('READMIT Patient Registry'!O200,Key!$K$6:$L$8,2,FALSE)+VLOOKUP('READMIT Patient Registry'!P200,Key!$M$2:$N$5,2,FALSE),\"\")","v":""},{"$f":"IFERROR(VLOOKUP(Q200,Key!$A$17:$B$20,2,TRUE),\"\")","v":""}]
[null,null,null,null,null,null,null,null,null,null,null,null,null,null,null,null,{"$f":"IFERROR(VLOOKUP(E201,Key!$A$2:$B$6,2,FALSE)+VLOOKUP(F201,Key!$C$2:$D$4,2,FALSE)+VLOOKUP(G201,Key!$C$6:$D$8,2,FALSE)+VLOOKUP('READMIT Patient Registry'!H201,Key!$C$10:$D$12,2,FALSE)+VLOOKUP('READMIT Patient Registry'!I201,Key!$E$2:$F$11,2,FALSE)+VLOOKUP('READMIT Patient Registry'!J201,Key!$G$2:$H$6,2,FALSE)+VLOOKUP('READMIT Patient Registry'!K201,Key!$G$8:$H$10,2,FALSE)+VLOOKUP('READMIT Patient Registry'!L201,Key!$G$12:$H$14,2,FALSE)+VLOOKUP('READMIT Patient Registry'!M201,Key!$I$2:$J$5,2,FALSE)+VLOOKUP('READMIT Patient Registry'!N201,Key!$K$2:$L$4,2,FALSE)+VLOOKUP('READMIT Patient Registry'!O201,Key!$K$6:$L$8,2,FALSE)+VLOOKUP('READMIT Patient Registry'!P201,Key!$M$2:$N$5,2,FALSE),\"\")","v":""},{"$f":"IFERROR(VLOOKUP(Q201,Key!$A$17:$B$20,2,TRUE),\"\")","v":""}]
[null,null,null,null,null,null,null,null,null,null,null,null,null,null,null,null,{"$f":"IFERROR(VLOOKUP(E202,Key!$A$2:$B$6,2,FALSE)+VLOOKUP(F202,Key!$C$2:$D$4,2,FALSE)+VLOOKUP(G202,Key!$C$6:$D$8,2,FALSE)+VLOOKUP('READMIT Patient Registry'!H202,Key!$C$10:$D$12,2,FALSE)+VLOOKUP('READMIT Patient Registry'!I202,Key!$E$2:$F$11,2,FALSE)+VLOOKUP('READMIT Patient Registry'!J202,Key!$G$2:$H$6,2,FALSE)+VLOOKUP('READMIT Patient Registry'!K202,Key!$G$8:$H$10,2,FALSE)+VLOOKUP('READMIT Patient Registry'!L202,Key!$G$12:$H$14,2,FALSE)+VLOOKUP('READMIT Patient Registry'!M202,Key!$I$2:$J$5,2,FALSE)+VLOOKUP('READMIT Patient Registry'!N202,Key!$K$2:$L$4,2,FALSE)+VLOOKUP('READMIT Patient Registry'!O202,Key!$K$6:$L$8,2,FALSE)+VLOOKUP('READMIT Patient Registry'!P202,Key!$M$2:$N$5,2,FALSE),\"\")","v":""},{"$f":"IFERROR(VLOOKUP(Q202,Key!$A$17:$B$20,2,TRUE),\"\")","v":""}]
[null,null,null,null,null,null,null,null,null,null,null,null,null,null,null,null,{"$f":"IFERROR(VLOOKUP(E203,Key!$A$2:$B$6,2,FALSE)+VLOOKUP(F203,Key!$C$2:$D$4,2,FALSE)+VLOOKUP(G203,Key!$C$6:$D$8,2,FALSE)+VLOOKUP('READMIT Patient Registry'!H203,Key!$C$10:$D$12,2,FALSE)+VLOOKUP('READMIT Patient Registry'!I203,Key!$E$2:$F$11,2,FALSE)+VLOOKUP('READMIT Patient Registry'!J203,Key!$G$2:$H$6,2,FALSE)+VLOOKUP('READMIT Patient Registry'!K203,Key!$G$8:$H$10,2,FALSE)+VLOOKUP('READMIT Patient Registry'!L203,Key!$G$12:$H$14,2,FALSE)+VLOOKUP('READMIT Patient Registry'!M203,Key!$I$2:$J$5,2,FALSE)+VLOOKUP('READMIT Patient Registry'!N203,Key!$K$2:$L$4,2,FALSE)+VLOOKUP('READMIT Patient Registry'!O203,Key!$K$6:$L$8,2,FALSE)+VLOOKUP('READMIT Patient Registry'!P203,Key!$M$2:$N$5,2,FALSE),\"\")","v":""},{"$f":"IFERROR(VLOOKUP(Q203,Key!$A$17:$B$20,2,TRUE),\"\")","v":""}]
[null,null,null,null,null,null,null,null,null,null,null,null,null,null,null,null,{"$f":"IFERROR(VLOOKUP(E204,Key!$A$2:$B$6,2,FALSE)+VLOOKUP(F204,Key!$C$2:$D$4,2,FALSE)+VLOOKUP(G204,Key!$C$6:$D$8,2,FALSE)+VLOOKUP('READMIT Patient Registry'!H204,Key!$C$10:$D$12,2,FALSE)+VLOOKUP('READMIT Patient Registry'!I204,Key!$E$2:$F$11,2,FALSE)+VLOOKUP('READMIT Patient Registry'!J204,Key!$G$2:$H$6,2,FALSE)+VLOOKUP('READMIT Patient Registry'!K204,Key!$G$8:$H$10,2,FALSE)+VLOOKUP('READMIT Patient Registry'!L204,Key!$G$12:$H$14,2,FALSE)+VLOOKUP('READMIT Patient Registry'!M204,Key!$I$2:$J$5,2,FALSE)+VLOOKUP('READMIT Patient Registry'!N204,Key!$K$2:$L$4,2,FALSE)+VLOOKUP('READMIT Patient Registry'!O204,Key!$K$6:$L$8,2,FALSE)+VLOOKUP('READMIT Patient Registry'!P204,Key!$M$2:$N$5,2,FALSE),\"\")","v":""},{"$f":"IFERROR(VLOOKUP(Q204,Key!$A$17:$B$20,2,TRUE),\"\")","v":""}]
[null,null,null,null,null,null,null,null,null,null,null,null,null,null,null,null,{"$f":"IFERROR(VLOOKUP(E205,Key!$A$2:$B$6,2,FALSE)+VLOOKUP(F205,Key!$C$2:$D$4,2,FALSE)+VLOOKUP(G205,Key!$C$6:$D$8,2,FALSE)+VLOOKUP('READMIT Patient Registry'!H205,Key!$C$10:$D$12,2,FALSE)+VLOOKUP('READMIT Patient Registry'!I205,Key!$E$2:$F$11,2,FALSE)+VLOOKUP('READMIT Patient Registry'!J205,Key!$G$2:$H$6,2,FALSE)+VLOOKUP('READMIT Patient Registry'!K205,Key!$G$8:$H$10,2,FALSE)+VLOOKUP('READMIT Patient Registry'!L205,Key!$G$12:$H$14,2,FALSE)+VLOOKUP('READMIT Patient Registry'!M205,Key!$I$2:$J$5,2,FALSE)+VLOOKUP('READMIT Patient Registry'!N205,Key!$K$2:$L$4,2,FALSE)+VLOOKUP('READMIT Patient Registry'!O205,Key!$K$6:$L$8,2,FALSE)+VLOOKUP('READMIT Patient Registry'!P205,Key!$M$2:$N$5,2,FALSE),\"\")","v":""},{"$f":"IFERROR(VLOOKUP(Q205,Key!$A$17:$B$20,2,TRUE),\"\")","v":""}]
[null,null,null,null,null,null,null,null,null,null,null,null,null,null,null,null,{"$f":"IFERROR(VLOOKUP(E206,Key!$A$2:$B$6,2,FALSE)+VLOOKUP(F206,Key!$C$2:$D$4,2,FALSE)+VLOOKUP(G206,Key!$C$6:$D$8,2,FALSE)+VLOOKUP('READMIT Patient Registry'!H206,Key!$C$10:$D$12,2,FALSE)+VLOOKUP('READMIT Patient Registry'!I206,Key!$E$2:$F$11,2,FALSE)+VLOOKUP('READMIT Patient Registry'!J206,Key!$G$2:$H$6,2,FALSE)+VLOOKUP('READMIT Patient Registry'!K206,Key!$G$8:$H$10,2,FALSE)+VLOOKUP('READMIT Patient Registry'!L206,Key!$G$12:$H$14,2,FALSE)+VLOOKUP('READMIT Patient Registry'!M206,Key!$I$2:$J$5,2,FALSE)+VLOOKUP('READMIT Patient Registry'!N206,Key!$K$2:$L$4,2,FALSE)+VLOOKUP('READMIT Patient Registry'!O206,Key!$K$6:$L$8,2,FALSE)+VLOOKUP('READMIT Patient Registry'!P206,Key!$M$2:$N$5,2,FALSE),\"\")","v":""},{"$f":"IFERROR(VLOOKUP(Q206,Key!$A$17:$B$20,2,TRUE),\"\")","v":""}]
[null,null,null,null,null,null,null,null,null,null,null,null,null,null,null,null,{"$f":"IFERROR(VLOOKUP(E207,Key!$A$2:$B$6,2,FALSE)+VLOOKUP(F207,Key!$C$2:$D$4,2,FALSE)+VLOOKUP(G207,Key!$C$6:$D$8,2,FALSE)+VLOOKUP('READMIT Patient Registry'!H207,Key!$C$10:$D$12,2,FALSE)+VLOOKUP('READMIT Patient Registry'!I207,Key!$E$2:$F$11,2,FALSE)+VLOOKUP('READMIT Patient Registry'!J207,Key!$G$2:$H$6,2,FALSE)+VLOOKUP('READMIT Patient Registry'!K207,Key!$G$8:$H$10,2,FALSE)+VLOOKUP('READMIT Patient Registry'!L207,Key!$G$12:$H$14,2,FALSE)+VLOOKUP('READMIT Patient Registry'!M207,Key!$I$2:$J$5,2,FALSE)+VLOOKUP('READMIT Patient Registry'!N207,Key!$K$2:$L$4,2,FALSE)+VLOOKUP('READMIT Patient Registry'!O207,Key!$K$6:$L$8,2,FALSE)+VLOOKUP('READMIT Patient Registry'!P207,Key!$M$2:$N$5,2,FALSE),\"\")","v":""},{"$f":"IFERROR(VLOOKUP(Q207,Key!$A$17:$B$20,2,TRUE),\"\")","v":""}]
[null,null,null,null,null,null,null,null,null,null,null,null,null,null,null,null,{"$f":"IFERROR(VLOOKUP(E208,Key!$A$2:$B$6,2,FALSE)+VLOOKUP(F208,Key!$C$2:$D$4,2,FALSE)+VLOOKUP(G208,Key!$C$6:$D$8,2,FALSE)+VLOOKUP('READMIT Patient Registry'!H208,Key!$C$10:$D$12,2,FALSE)+VLOOKUP('READMIT Patient Registry'!I208,Key!$E$2:$F$11,2,FALSE)+VLOOKUP('READMIT Patient Registry'!J208,Key!$G$2:$H$6,2,FALSE)+VLOOKUP('READMIT Patient Registry'!K208,Key!$G$8:$H$10,2,FALSE)+VLOOKUP('READMIT Patient Registry'!L208,Key!$G$12:$H$14,2,FALSE)+VLOOKUP('READMIT Patient Registry'!M208,Key!$I$2:$J$5,2,FALSE)+VLOOKUP('READMIT Patient Registry'!N208,Key!$K$2:$L$4,2,FALSE)+VLOOKUP('READMIT Patient Registry'!O208,Key!$K$6:$L$8,2,FALSE)+VLOOKUP('READMIT Patient Registry'!P208,Key!$M$2:$N$5,2,FALSE),\"\")","v":""},{"$f":"IFERROR(VLOOKUP(Q208,Key!$A$17:$B$20,2,TRUE),\"\")","v":""}]
[null,null,null,null,null,null,null,null,null,null,null,null,null,null,null,null,{"$f":"IFERROR(VLOOKUP(E209,Key!$A$2:$B$6,2,FALSE)+VLOOKUP(F209,Key!$C$2:$D$4,2,FALSE)+VLOOKUP(G209,Key!$C$6:$D$8,2,FALSE)+VLOOKUP('READMIT Patient Registry'!H209,Key!$C$10:$D$12,2,FALSE)+VLOOKUP('READMIT Patient Registry'!I209,Key!$E$2:$F$11,2,FALSE)+VLOOKUP('READMIT Patient Registry'!J209,Key!$G$2:$H$6,2,FALSE)+VLOOKUP('READMIT Patient Registry'!K209,Key!$G$8:$H$10,2,FALSE)+VLOOKUP('READMIT Patient Registry'!L209,Key!$G$12:$H$14,2,FALSE)+VLOOKUP('READMIT Patient Registry'!M209,Key!$I$2:$J$5,2,FALSE)+VLOOKUP('READMIT Patient Registry'!N209,Key!$K$2:$L$4,2,FALSE)+VLOOKUP('READMIT Patient Registry'!O209,Key!$K$6:$L$8,2,FALSE)+VLOOKUP('READMIT Patient Registry'!P209,Key!$M$2:$N$5,2,FALSE),\"\")","v":""},{"$f":"IFERROR(VLOOKUP(Q209,Key!$A$17:$B$20,2,TRUE),\"\")","v":""}]
[null,null,null,null,null,null,null,null,null,null,null,null,null,null,null,null,{"$f":"IFERROR(VLOOKUP(E210,Key!$A$2:$B$6,2,FALSE)+VLOOKUP(F210,Key!$C$2:$D$4,2,FALSE)+VLOOKUP(G210,Key!$C$6:$D$8,2,FALSE)+VLOOKUP('READMIT Patient Registry'!H210,Key!$C$10:$D$12,2,FALSE)+VLOOKUP('READMIT Patient Registry'!I210,Key!$E$2:$F$11,2,FALSE)+VLOOKUP('READMIT Patient Registry'!J210,Key!$G$2:$H$6,2,FALSE)+VLOOKUP('READMIT Patient Registry'!K210,Key!$G$8:$H$10,2,FALSE)+VLOOKUP('READMIT Patient Registry'!L210,Key!$G$12:$H$14,2,FALSE)+VLOOKUP('READMIT Patient Registry'!M210,Key!$I$2:$J$5,2,FALSE)+VLOOKUP('READMIT Patient Registry'!N210,Key!$K$2:$L$4,2,FALSE)+VLOOKUP('READMIT Patient Registry'!O210,Key!$K$6:$L$8,2,FALSE)+VLOOKUP('READMIT Patient Registry'!P210,Key!$M$2:$N$5,2,FALSE),\"\")","v":""},{"$f":"IFERROR(VLOOKUP(Q210,Key!$A$17:$B$20,2,TRUE),\"\")","v":""}]
[null,null,null,null,null,null,null,null,null,null,null,null,null,null,null,null,{"$f":"IFERROR(VLOOKUP(E211,Key!$A$2:$B$6,2,FALSE)+VLOOKUP(F211,Key!$C$2:$D$4,2,FALSE)+VLOOKUP(G211,Key!$C$6:$D$8,2,FALSE)+VLOOKUP('READMIT Patient Registry'!H211,Key!$C$10:$D$12,2,FALSE)+VLOOKUP('READMIT Patient Registry'!I211,Key!$E$2:$F$11,2,FALSE)+VLOOKUP('READMIT Patient Registry'!J211,Key!$G$2:$H$6,2,FALSE)+VLOOKUP('READMIT Patient Registry'!K211,Key!$G$8:$H$10,2,FALSE)+VLOOKUP('READMIT Patient Registry'!L211,Key!$G$12:$H$14,2,FALSE)+VLOOKUP('READMIT Patient Registry'!M211,Key!$I$2:$J$5,2,FALSE)+VLOOKUP('READMIT Patient Registry'!N211,Key!$K$2:$L$4,2,FALSE)+VLOOKUP('READMIT Patient Registry'!O211,Key!$K$6:$L$8,2,FALSE)+VLOOKUP('READMIT Patient Registry'!P211,Key!$M$2:$N$5,2,FALSE),\"\")","v":""},{"$f":"IFERROR(VLOOKUP(Q211,Key!$A$17:$B$20,2,TRUE),\"\")","v":""}]
[null,null,null,null,null,null,null,null,null,null,null,null,null,null,null,null,{"$f":"IFERROR(VLOOKUP(E212,Key!$A$2:$B$6,2,FALSE)+VLOOKUP(F212,Key!$C$2:$D$4,2,FALSE)+VLOOKUP(G212,Key!$C$6:$D$8,2,FALSE)+VLOOKUP('READMIT Patient Registry'!H212,Key!$C$10:$D$12,2,FALSE)+VLOOKUP('READMIT Patient Registry'!I212,Key!$E$2:$F$11,2,FALSE)+VLOOKUP('READMIT Patient Registry'!J212,Key!$G$2:$H$6,2,FALSE)+VLOOKUP('READMIT Patient Registry'!K212,Key!$G$8:$H$10,2,FALSE)+VLOOKUP('READMIT Patient Registry'!L212,Key!$G$12:$H$14,2,FALSE)+VLOOKUP('READMIT Patient Registry'!M212,Key!$I$2:$J$5,2,FALSE)+VLOOKUP('READMIT Patient Registry'!N212,Key!$K$2:$L$4,2,FALSE)+VLOOKUP('READMIT Patient Registry'!O212,Key!$K$6:$L$8,2,FALSE)+VLOOKUP('READMIT Patient Registry'!P212,Key!$M$2:$N$5,2,FALSE),\"\")","v":""},{"$f":"IFERROR(VLOOKUP(Q212,Key!$A$17:$B$20,2,TRUE),\"\")","v":""}]
[null,null,null,null,null,null,null,null,null,null,null,null,null,null,null,null,{"$f":"IFERROR(VLOOKUP(E213,Key!$A$2:$B$6,2,FALSE)+VLOOKUP(F213,Key!$C$2:$D$4,2,FALSE)+VLOOKUP(G213,Key!$C$6:$D$8,2,FALSE)+VLOOKUP('READMIT Patient Registry'!H213,Key!$C$10:$D$12,2,FALSE)+VLOOKUP('READMIT Patient Registry'!I213,Key!$E$2:$F$11,2,FALSE)+VLOOKUP('READMIT Patient Registry'!J213,Key!$G$2:$H$6,2,FALSE)+VLOOKUP('READMIT Patient Registry'!K213,Key!$G$8:$H$10,2,FALSE)+VLOOKUP('READMIT Patient Registry'!L213,Key!$G$12:$H$14,2,FALSE)+VLOOKUP('READMIT Patient Registry'!M213,Key!$I$2:$J$5,2,FALSE)+VLOOKUP('READMIT Patient Registry'!N213,Key!$K$2:$L$4,2,FALSE)+VLOOKUP('READMIT Patient Registry'!O213,Key!$K$6:$L$8,2,FALSE)+VLOOKUP('READMIT Patient Registry'!P213,Key!$M$2:$N$5,2,FALSE),\"\")","v":""},{"$f":"IFERROR(VLOOKUP(Q213,Key!$A$17:$B$20,2,TRUE),\"\")","v":""}]
[null,null,null,null,null,null,null,null,null,null,null,null,null,null,null,null,{"$f":"IFERROR(VLOOKUP(E214,Key!$A$2:$B$6,2,FALSE)+VLOOKUP(F214,Key!$C$2:$D$4,2,FALSE)+VLOOKUP(G214,Key!$C$6:$D$8,2,FALSE)+VLOOKUP('READMIT Patient Registry'!H214,Key!$C$10:$D$12,2,FALSE)+VLOOKUP('READMIT Patient Registry'!I214,Key!$E$2:$F$11,2,FALSE)+VLOOKUP('READMIT Patient Registry'!J214,Key!$G$2:$H$6,2,FALSE)+VLOOKUP('READMIT Patient Registry'!K214,Key!$G$8:$H$10,2,FALSE)+VLOOKUP('READMIT Patient Registry'!L214,Key!$G$12:$H$14,2,FALSE)+VLOOKUP('READMIT Patient Registry'!M214,Key!$I$2:$J$5,2,FALSE)+VLOOKUP('READMIT Patient Registry'!N214,Key!$K$2:$L$4,2,FALSE)+VLOOKUP('READMIT Patient Registry'!O214,Key!$K$6:$L$8,2,FALSE)+VLOOKUP('READMIT Patient Registry'!P214,Key!$M$2:$N$5,2,FALSE),\"\")","v":""},{"$f":"IFERROR(VLOOKUP(Q214,Key!$A$17:$B$20,2,TRUE),\"\")","v":""}]
[null,null,null,null,null,null,null,null,null,null,null,null,null,null,null,null,{"$f":"IFERROR(VLOOKUP(E215,Key!$A$2:$B$6,2,FALSE)+VLOOKUP(F215,Key!$C$2:$D$4,2,FALSE)+VLOOKUP(G215,Key!$C$6:$D$8,2,FALSE)+VLOOKUP('READMIT Patient Registry'!H215,Key!$C$10:$D$12,2,FALSE)+VLOOKUP('READMIT Patient Registry'!I215,Key!$E$2:$F$11,2,FALSE)+VLOOKUP('READMIT Patient Registry'!J215,Key!$G$2:$H$6,2,FALSE)+VLOOKUP('READMIT Patient Registry'!K215,Key!$G$8:$H$10,2,FALSE)+VLOOKUP('READMIT Patient Registry'!L215,Key!$G$12:$H$14,2,FALSE)+VLOOKUP('READMIT Patient Registry'!M215,Key!$I$2:$J$5,2,FALSE)+VLOOKUP('READMIT Patient Registry'!N215,Key!$K$2:$L$4,2,FALSE)+VLOOKUP('READMIT Patient Registry'!O215,Key!$K$6:$L$8,2,FALSE)+VLOOKUP('READMIT Patient Registry'!P215,Key!$M$2:$N$5,2,FALSE),\"\")","v":""},{"$f":"IFERROR(VLOOKUP(Q215,Key!$A$17:$B$20,2,TRUE),\"\")","v":""}]
[null,null,null,null,null,null,null,null,null,null,null,null,null,null,null,null,{"$f":"IFERROR(VLOOKUP(E216,Key!$A$2:$B$6,2,FALSE)+VLOOKUP(F216,Key!$C$2:$D$4,2,FALSE)+VLOOKUP(G216,Key!$C$6:$D$8,2,FALSE)+VLOOKUP('READMIT Patient Registry'!H216,Key!$C$10:$D$12,2,FALSE)+VLOOKUP('READMIT Patient Registry'!I216,Key!$E$2:$F$11,2,FALSE)+VLOOKUP('READMIT Patient Registry'!J216,Key!$G$2:$H$6,2,FALSE)+VLOOKUP('READMIT Patient Registry'!K216,Key!$G$8:$H$10,2,FALSE)+VLOOKUP('READMIT Patient Registry'!L216,Key!$G$12:$H$14,2,FALSE)+VLOOKUP('READMIT Patient Registry'!M216,Key!$I$2:$J$5,2,FALSE)+VLOOKUP('READMIT Patient Registry'!N216,Key!$K$2:$L$4,2,FALSE)+VLOOKUP('READMIT Patient Registry'!O216,Key!$K$6:$L$8,2,FALSE)+VLOOKUP('READMIT Patient Registry'!P216,Key!$M$2:$N$5,2,FALSE),\"\")","v":""},{"$f":"IFERROR(VLOOKUP(Q216,Key!$A$17:$B$20,2,TRUE),\"\")","v":""}]
[null,null,null,null,null,null,null,null,null,null,null,null,null,null,null,null,{"$f":"IFERROR(VLOOKUP(E217,Key!$A$2:$B$6,2,FALSE)+VLOOKUP(F217,Key!$C$2:$D$4,2,FALSE)+VLOOKUP(G217,Key!$C$6:$D$8,2,FALSE)+VLOOKUP('READMIT Patient Registry'!H217,Key!$C$10:$D$12,2,FALSE)+VLOOKUP('READMIT Patient Registry'!I217,Key!$E$2:$F$11,2,FALSE)+VLOOKUP('READMIT Patient Registry'!J217,Key!$G$2:$H$6,2,FALSE)+VLOOKUP('READMIT Patient Registry'!K217,Key!$G$8:$H$10,2,FALSE)+VLOOKUP('READMIT Patient Registry'!L217,Key!$G$12:$H$14,2,FALSE)+VLOOKUP('READMIT Patient Registry'!M217,Key!$I$2:$J$5,2,FALSE)+VLOOKUP('READMIT Patient Registry'!N217,Key!$K$2:$L$4,2,FALSE)+VLOOKUP('READMIT Patient Registry'!O217,Key!$K$6:$L$8,2,FALSE)+VLOOKUP('READMIT Patient Registry'!P217,Key!$M$2:$N$5,2,FALSE),\"\")","v":""},{"$f":"IFERROR(VLOOKUP(Q217,Key!$A$17:$B$20,2,TRUE),\"\")","v":""}]
[null,null,null,null,null,null,null,null,null,null,null,null,null,null,null,null,{"$f":"IFERROR(VLOOKUP(E218,Key!$A$2:$B$6,2,FALSE)+VLOOKUP(F218,Key!$C$2:$D$4,2,FALSE)+VLOOKUP(G218,Key!$C$6:$D$8,2,FALSE)+VLOOKUP('READMIT Patient Registry'!H218,Key!$C$10:$D$12,2,FALSE)+VLOOKUP('READMIT Patient Registry'!I218,Key!$E$2:$F$11,2,FALSE)+VLOOKUP('READMIT Patient Registry'!J218,Key!$G$2:$H$6,2,FALSE)+VLOOKUP('READMIT Patient Registry'!K218,Key!$G$8:$H$10,2,FALSE)+VLOOKUP('READMIT Patient Registry'!L218,Key!$G$12:$H$14,2,FALSE)+VLOOKUP('READMIT Patient Registry'!M218,Key!$I$2:$J$5,2,FALSE)+VLOOKUP('READMIT Patient Registry'!N218,Key!$K$2:$L$4,2,FALSE)+VLOOKUP('READMIT Patient Registry'!O218,Key!$K$6:$L$8,2,FALSE)+VLOOKUP('READMIT Patient Registry'!P218,Key!$M$2:$N$5,2,FALSE),\"\")","v":""},{"$f":"IFERROR(VLOOKUP(Q218,Key!$A$17:$B$20,2,TRUE),\"\")","v":""}]
[null,null,null,null,null,null,null,null,null,null,null,null,null,null,null,null,{"$f":"IFERROR(VLOOKUP(E219,Key!$A$2:$B$6,2,FALSE)+VLOOKUP(F219,Key!$C$2:$D$4,2,FALSE)+VLOOKUP(G219,Key!$C$6:$D$8,2,FALSE)+VLOOKUP('READMIT Patient Registry'!H219,Key!$C$10:$D$12,2,FALSE)+VLOOKUP('READMIT Patient Registry'!I219,Key!$E$2:$F$11,2,FALSE)+VLOOKUP('READMIT Patient Registry'!J219,Key!$G$2:$H$6,2,FALSE)+VLOOKUP('READMIT Patient Registry'!K219,Key!$G$8:$H$10,2,FALSE)+VLOOKUP('READMIT Patient Registry'!L219,Key!$G$12:$H$14,2,FALSE)+VLOOKUP('READMIT Patient Registry'!M219,Key!$I$2:$J$5,2,FALSE)+VLOOKUP('READMIT Patient Registry'!N219,Key!$K$2:$L$4,2,FALSE)+VLOOKUP('READMIT Patient Registry'!O219,Key!$K$6:$L$8,2,FALSE)+VLOOKUP('READMIT Patient Registry'!P219,Key!$M$2:$N$5,2,FALSE),\"\")","v":""},{"$f":"IFERROR(VLOOKUP(Q219,Key!$A$17:$B$20,2,TRUE),\"\")","v":""}]
[null,null,null,null,null,null,null,null,null,null,null,null,null,null,null,null,{"$f":"IFERROR(VLOOKUP(E220,Key!$A$2:$B$6,2,FALSE)+VLOOKUP(F220,Key!$C$2:$D$4,2,FALSE)+VLOOKUP(G220,Key!$C$6:$D$8,2,FALSE)+VLOOKUP('READMIT Patient Registry'!H220,Key!$C$10:$D$12,2,FALSE)+VLOOKUP('READMIT Patient Registry'!I220,Key!$E$2:$F$11,2,FALSE)+VLOOKUP('READMIT Patient Registry'!J220,Key!$G$2:$H$6,2,FALSE)+VLOOKUP('READMIT Patient Registry'!K220,Key!$G$8:$H$10,2,FALSE)+VLOOKUP('READMIT Patient Registry'!L220,Key!$G$12:$H$14,2,FALSE)+VLOOKUP('READMIT Patient Registry'!M220,Key!$I$2:$J$5,2,FALSE)+VLOOKUP('READMIT Patient Registry'!N220,Key!$K$2:$L$4,2,FALSE)+VLOOKUP('READMIT Patient Registry'!O220,Key!$K$6:$L$8,2,FALSE)+VLOOKUP('READMIT Patient Registry'!P220,Key!$M$2:$N$5,2,FALSE),\"\")","v":""},{"$f":"IFERROR(VLOOKUP(Q220,Key!$A$17:$B$20,2,TRUE),\"\")","v":""}]
[null,null,null,null,null,null,null,null,null,null,null,null,null,null,null,null,{"$f":"IFERROR(VLOOKUP(E221,Key!$A$2:$B$6,2,FALSE)+VLOOKUP(F221,Key!$C$2:$D$4,2,FALSE)+VLOOKUP(G221,Key!$C$6:$D$8,2,FALSE)+VLOOKUP('READMIT Patient Registry'!H221,Key!$C$10:$D$12,2,FALSE)+VLOOKUP('READMIT Patient Registry'!I221,Key!$E$2:$F$11,2,FALSE)+VLOOKUP('READMIT Patient Registry'!J221,Key!$G$2:$H$6,2,FALSE)+VLOOKUP('READMIT Patient Registry'!K221,Key!$G$8:$H$10,2,FALSE)+VLOOKUP('READMIT Patient Registry'!L221,Key!$G$12:$H$14,2,FALSE)+VLOOKUP('READMIT Patient Registry'!M221,Key!$I$2:$J$5,2,FALSE)+VLOOKUP('READMIT Patient Registry'!N221,Key!$K$2:$L$4,2,FALSE)+VLOOKUP('READMIT Patient Registry'!O221,Key!$K$6:$L$8,2,FALSE)+VLOOKUP('READMIT Patient Registry'!P221,Key!$M$2:$N$5,2,FALSE),\"\")","v":""},{"$f":"IFERROR(VLOOKUP(Q221,Key!$A$17:$B$20,2,TRUE),\"\")","v":""}]
[null,null,null,null,null,null,null,null,null,null,null,null,null,null,null,null,{"$f":"IFERROR(VLOOKUP(E222,Key!$A$2:$B$6,2,FALSE)+VLOOKUP(F222,Key!$C$2:$D$4,2,FALSE)+VLOOKUP(G222,Key!$C$6:$D$8,2,FALSE)+VLOOKUP('READMIT Patient Registry'!H222,Key!$C$10:$D$12,2,FALSE)+VLOOKUP('READMIT Patient Registry'!I222,Key!$E$2:$F$11,2,FALSE)+VLOOKUP('READMIT Patient Registry'!J222,Key!$G$2:$H$6,2,FALSE)+VLOOKUP('READMIT Patient Registry'!K222,Key!$G$8:$H$10,2,FALSE)+VLOOKUP('READMIT Patient Registry'!L222,Key!$G$12:$H$14,2,FALSE)+VLOOKUP('READMIT Patient Registry'!M222,Key!$I$2:$J$5,2,FALSE)+VLOOKUP('READMIT Patient Registry'!N222,Key!$K$2:$L$4,2,FALSE)+VLOOKUP('READMIT Patient Registry'!O222,Key!$K$6:$L$8,2,FALSE)+VLOOKUP('READMIT Patient Registry'!P222,Key!$M$2:$N$5,2,FALSE),\"\")","v":""},{"$f":"IFERROR(VLOOKUP(Q222,Key!$A$17:$B$20,2,TRUE),\"\")","v":""}]
[null,null,null,null,null,null,null,null,null,null,null,null,null,null,null,null,{"$f":"IFERROR(VLOOKUP(E223,Key!$A$2:$B$6,2,FALSE)+VLOOKUP(F223,Key!$C$2:$D$4,2,FALSE)+VLOOKUP(G223,Key!$C$6:$D$8,2,FALSE)+VLOOKUP('READMIT Patient Registry'!H223,Key!$C$10:$D$12,2,FALSE)+VLOOKUP('READMIT Patient Registry'!I223,Key!$E$2:$F$11,2,FALSE)+VLOOKUP('READMIT Patient Registry'!J223,Key!$G$2:$H$6,2,FALSE)+VLOOKUP('READMIT Patient Registry'!K223,Key!$G$8:$H$10,2,FALSE)+VLOOKUP('READMIT Patient Registry'!L223,Key!$G$12:$H$14,2,FALSE)+VLOOKUP('READMIT Patient Registry'!M223,Key!$I$2:$J$5,2,FALSE)+VLOOKUP('READMIT Patient Registry'!N223,Key!$K$2:$L$4,2,FALSE)+VLOOKUP('READMIT Patient Registry'!O223,Key!$K$6:$L$8,2,FALSE)+VLOOKUP('READMIT Patient Registry'!P223,Key!$M$2:$N$5,2,FALSE),\"\")","v":""},{"$f":"IFERROR(VLOOKUP(Q223,Key!$A$17:$B$20,2,TRUE),\"\")","v":""}]
[null,null,null,null,null,null,null,null,null,null,null,null,null,null,null,null,{"$f":"IFERROR(VLOOKUP(E224,Key!$A$2:$B$6,2,FALSE)+VLOOKUP(F224,Key!$C$2:$D$4,2,FALSE)+VLOOKUP(G224,Key!$C$6:$D$8,2,FALSE)+VLOOKUP('READMIT Patient Registry'!H224,Key!$C$10:$D$12,2,FALSE)+VLOOKUP('READMIT Patient Registry'!I224,Key!$E$2:$F$11,2,FALSE)+VLOOKUP('READMIT Patient Registry'!J224,Key!$G$2:$H$6,2,FALSE)+VLOOKUP('READMIT Patient Registry'!K224,Key!$G$8:$H$10,2,FALSE)+VLOOKUP('READMIT Patient Registry'!L224,Key!$G$12:$H$14,2,FALSE)+VLOOKUP('READMIT Patient Registry'!M224,Key!$I$2:$J$5,2,FALSE)+VLOOKUP('READMIT Patient Registry'!N224,Key!$K$2:$L$4,2,FALSE)+VLOOKUP('READMIT Patient Registry'!O224,Key!$K$6:$L$8,2,FALSE)+VLOOKUP('READMIT Patient Registry'!P224,Key!$M$2:$N$5,2,FALSE),\"\")","v":""},{"$f":"IFERROR(VLOOKUP(Q224,Key!$A$17:$B$20,2,TRUE),\"\")","v":""}]
[null,null,null,null,null,null,null,null,null,null,null,null,null,null,null,null,{"$f":"IFERROR(VLOOKUP(E225,Key!$A$2:$B$6,2,FALSE)+VLOOKUP(F225,Key!$C$2:$D$4,2,FALSE)+VLOOKUP(G225,Key!$C$6:$D$8,2,FALSE)+VLOOKUP('READMIT Patient Registry'!H225,Key!$C$10:$D$12,2,FALSE)+VLOOKUP('READMIT Patient Registry'!I225,Key!$E$2:$F$11,2,FALSE)+VLOOKUP('READMIT Patient Registry'!J225,Key!$G$2:$H$6,2,FALSE)+VLOOKUP('READMIT Patient Registry'!K225,Key!$G$8:$H$10,2,FALSE)+VLOOKUP('READMIT Patient Registry'!L225,Key!$G$12:$H$14,2,FALSE)+VLOOKUP('READMIT Patient Registry'!M225,Key!$I$2:$J$5,2,FALSE)+VLOOKUP('READMIT Patient Registry'!N225,Key!$K$2:$L$4,2,FALSE)+VLOOKUP('READMIT Patient Registry'!O225,Key!$K$6:$L$8,2,FALSE)+VLOOKUP('READMIT Patient Registry'!P225,Key!$M$2:$N$5,2,FALSE),\"\")","v":""},{"$f":"IFERROR(VLOOKUP(Q225,Key!$A$17:$B$20,2,TRUE),\"\")","v":""}]
[null,null,null,null,null,null,null,null,null,null,null,null,null,null,null,null,{"$f":"IFERROR(VLOOKUP(E226,Key!$A$2:$B$6,2,FALSE)+VLOOKUP(F226,Key!$C$2:$D$4,2,FALSE)+VLOOKUP(G226,Key!$C$6:$D$8,2,FALSE)+VLOOKUP('READMIT Patient Registry'!H226,Key!$C$10:$D$12,2,FALSE)+VLOOKUP('READMIT Patient Registry'!I226,Key!$E$2:$F$11,2,FALSE)+VLOOKUP('READMIT Patient Registry'!J226,Key!$G$2:$H$6,2,FALSE)+VLOOKUP('READMIT Patient Registry'!K226,Key!$G$8:$H$10,2,FALSE)+VLOOKUP('READMIT Patient Registry'!L226,Key!$G$12:$H$14,2,FALSE)+VLOOKUP('READMIT Patient Registry'!M226,Key!$I$2:$J$5,2,FALSE)+VLOOKUP('READMIT Patient Registry'!N226,Key!$K$2:$L$4,2,FALSE)+VLOOKUP('READMIT Patient Registry'!O226,Key!$K$6:$L$8,2,FALSE)+VLOOKUP('READMIT Patient Registry'!P226,Key!$M$2:$N$5,2,FALSE),\"\")","v":""},{"$f":"IFERROR(VLOOKUP(Q226,Key!$A$17:$B$20,2,TRUE),\"\")","v":""}]
[null,null,null,null,null,null,null,null,null,null,null,null,null,null,null,null,{"$f":"IFERROR(VLOOKUP(E227,Key!$A$2:$B$6,2,FALSE)+VLOOKUP(F227,Key!$C$2:$D$4,2,FALSE)+VLOOKUP(G227,Key!$C$6:$D$8,2,FALSE)+VLOOKUP('READMIT Patient Registry'!H227,Key!$C$10:$D$12,2,FALSE)+VLOOKUP('READMIT Patient Registry'!I227,Key!$E$2:$F$11,2,FALSE)+VLOOKUP('READMIT Patient Registry'!J227,Key!$G$2:$H$6,2,FALSE)+VLOOKUP('READMIT Patient Registry'!K227,Key!$G$8:$H$10,2,FALSE)+VLOOKUP('READMIT Patient Registry'!L227,Key!$G$12:$H$14,2,FALSE)+VLOOKUP('READMIT Patient Registry'!M227,Key!$I$2:$J$5,2,FALSE)+VLOOKUP('READMIT Patient Registry'!N227,Key!$K$2:$L$4,2,FALSE)+VLOOKUP('READMIT Patient Registry'!O227,Key!$K$6:$L$8,2,FALSE)+VLOOKUP('READMIT Patient Registry'!P227,Key!$M$2:$N$5,2,FALSE),\"\")","v":""},{"$f":"IFERROR(VLOOKUP(Q227,Key!$A$17:$B$20,2,TRUE),\"\")","v":""}]
[null,null,null,null,null,null,null,null,null,null,null,null,null,null,null,null,{"$f":"IFERROR(VLOOKUP(E228,Key!$A$2:$B$6,2,FALSE)+VLOOKUP(F228,Key!$C$2:$D$4,2,FALSE)+VLOOKUP(G228,Key!$C$6:$D$8,2,FALSE)+VLOOKUP('READMIT Patient Registry'!H228,Key!$C$10:$D$12,2,FALSE)+VLOOKUP('READMIT Patient Registry'!I228,Key!$E$2:$F$11,2,FALSE)+VLOOKUP('READMIT Patient Registry'!J228,Key!$G$2:$H$6,2,FALSE)+VLOOKUP('READMIT Patient Registry'!K228,Key!$G$8:$H$10,2,FALSE)+VLOOKUP('READMIT Patient Registry'!L228,Key!$G$12:$H$14,2,FALSE)+VLOOKUP('READMIT Patient Registry'!M228,Key!$I$2:$J$5,2,FALSE)+VLOOKUP('READMIT Patient Registry'!N228,Key!$K$2:$L$4,2,FALSE)+VLOOKUP('READMIT Patient Registry'!O228,Key!$K$6:$L$8,2,FALSE)+VLOOKUP('READMIT Patient Registry'!P228,Key!$M$2:$N$5,2,FALSE),\"\")","v":""},{"$f":"IFERROR(VLOOKUP(Q228,Key!$A$17:$B$20,2,TRUE),\"\")","v":""}]
[null,null,null,null,null,null,null,null,null,null,null,null,null,null,null,null,{"$f":"IFERROR(VLOOKUP(E229,Key!$A$2:$B$6,2,FALSE)+VLOOKUP(F229,Key!$C$2:$D$4,2,FALSE)+VLOOKUP(G229,Key!$C$6:$D$8,2,FALSE)+VLOOKUP('READMIT Patient Registry'!H229,Key!$C$10:$D$12,2,FALSE)+VLOOKUP('READMIT Patient Registry'!I229,Key!$E$2:$F$11,2,FALSE)+VLOOKUP('READMIT Patient Registry'!J229,Key!$G$2:$H$6,2,FALSE)+VLOOKUP('READMIT Patient Registry'!K229,Key!$G$8:$H$10,2,FALSE)+VLOOKUP('READMIT Patient Registry'!L229,Key!$G$12:$H$14,2,FALSE)+VLOOKUP('READMIT Patient Registry'!M229,Key!$I$2:$J$5,2,FALSE)+VLOOKUP('READMIT Patient Registry'!N229,Key!$K$2:$L$4,2,FALSE)+VLOOKUP('READMIT Patient Registry'!O229,Key!$K$6:$L$8,2,FALSE)+VLOOKUP('READMIT Patient Registry'!P229,Key!$M$2:$N$5,2,FALSE),\"\")","v":""},{"$f":"IFERROR(VLOOKUP(Q229,Key!$A$17:$B$20,2,TRUE),\"\")","v":""}]
[null,null,null,null,null,null,null,null,null,null,null,null,null,null,null,null,{"$f":"IFERROR(VLOOKUP(E230,Key!$A$2:$B$6,2,FALSE)+VLOOKUP(F230,Key!$C$2:$D$4,2,FALSE)+VLOOKUP(G230,Key!$C$6:$D$8,2,FALSE)+VLOOKUP('READMIT Patient Registry'!H230,Key!$C$10:$D$12,2,FALSE)+VLOOKUP('READMIT Patient Registry'!I230,Key!$E$2:$F$11,2,FALSE)+VLOOKUP('READMIT Patient Registry'!J230,Key!$G$2:$H$6,2,FALSE)+VLOOKUP('READMIT Patient Registry'!K230,Key!$G$8:$H$10,2,FALSE)+VLOOKUP('READMIT Patient Registry'!L230,Key!$G$12:$H$14,2,FALSE)+VLOOKUP('READMIT Patient Registry'!M230,Key!$I$2:$J$5,2,FALSE)+VLOOKUP('READMIT Patient Registry'!N230,Key!$K$2:$L$4,2,FALSE)+VLOOKUP('READMIT Patient Registry'!O230,Key!$K$6:$L$8,2,FALSE)+VLOOKUP('READMIT Patient Registry'!P230,Key!$M$2:$N$5,2,FALSE),\"\")","v":""},{"$f":"IFERROR(VLOOKUP(Q230,Key!$A$17:$B$20,2,TRUE),\"\")","v":""}]
[null,null,null,null,null,null,null,null,null,null,null,null,null,null,null,null,{"$f":"IFERROR(VLOOKUP(E231,Key!$A$2:$B$6,2,FALSE)+VLOOKUP(F231,Key!$C$2:$D$4,2,FALSE)+VLOOKUP(G231,Key!$C$6:$D$8,2,FALSE)+VLOOKUP('READMIT Patient Registry'!H231,Key!$C$10:$D$12,2,FALSE)+VLOOKUP('READMIT Patient Registry'!I231,Key!$E$2:$F$11,2,FALSE)+VLOOKUP('READMIT Patient Registry'!J231,Key!$G$2:$H$6,2,FALSE)+VLOOKUP('READMIT Patient Registry'!K231,Key!$G$8:$H$10,2,FALSE)+VLOOKUP('READMIT Patient Registry'!L231,Key!$G$12:$H$14,2,FALSE)+VLOOKUP('READMIT Patient Registry'!M231,Key!$I$2:$J$5,2,FALSE)+VLOOKUP('READMIT Patient Registry'!N231,Key!$K$2:$L$4,2,FALSE)+VLOOKUP('READMIT Patient Registry'!O231,Key!$K$6:$L$8,2,FALSE)+VLOOKUP('READMIT Patient Registry'!P231,Key!$M$2:$N$5,2,FALSE),\"\")","v":""},{"$f":"IFERROR(VLOOKUP(Q231,Key!$A$17:$B$20,2,TRUE),\"\")","v":""}]
[null,null,null,null,null,null,null,null,null,null,null,null,null,null,null,null,{"$f":"IFERROR(VLOOKUP(E232,Key!$A$2:$B$6,2,FALSE)+VLOOKUP(F232,Key!$C$2:$D$4,2,FALSE)+VLOOKUP(G232,Key!$C$6:$D$8,2,FALSE)+VLOOKUP('READMIT Patient Registry'!H232,Key!$C$10:$D$12,2,FALSE)+VLOOKUP('READMIT Patient Registry'!I232,Key!$E$2:$F$11,2,FALSE)+VLOOKUP('READMIT Patient Registry'!J232,Key!$G$2:$H$6,2,FALSE)+VLOOKUP('READMIT Patient Registry'!K232,Key!$G$8:$H$10,2,FALSE)+VLOOKUP('READMIT Patient Registry'!L232,Key!$G$12:$H$14,2,FALSE)+VLOOKUP('READMIT Patient Registry'!M232,Key!$I$2:$J$5,2,FALSE)+VLOOKUP('READMIT Patient Registry'!N232,Key!$K$2:$L$4,2,FALSE)+VLOOKUP('READMIT Patient Registry'!O232,Key!$K$6:$L$8,2,FALSE)+VLOOKUP('READMIT Patient Registry'!P232,Key!$M$2:$N$5,2,FALSE),\"\")","v":""},{"$f":"IFERROR(VLOOKUP(Q232,Key!$A$17:$B$20,2,TRUE),\"\")","v":""}]
[null,null,null,null,null,null,null,null,null,null,null,null,null,null,null,null,{"$f":"IFERROR(VLOOKUP(E233,Key!$A$2:$B$6,2,FALSE)+VLOOKUP(F233,Key!$C$2:$D$4,2,FALSE)+VLOOKUP(G233,Key!$C$6:$D$8,2,FALSE)+VLOOKUP('READMIT Patient Registry'!H233,Key!$C$10:$D$12,2,FALSE)+VLOOKUP('READMIT Patient Registry'!I233,Key!$E$2:$F$11,2,FALSE)+VLOOKUP('READMIT Patient Registry'!J233,Key!$G$2:$H$6,2,FALSE)+VLOOKUP('READMIT Patient Registry'!K233,Key!$G$8:$H$10,2,FALSE)+VLOOKUP('READMIT Patient Registry'!L233,Key!$G$12:$H$14,2,FALSE)+VLOOKUP('READMIT Patient Registry'!M233,Key!$I$2:$J$5,2,FALSE)+VLOOKUP('READMIT Patient Registry'!N233,Key!$K$2:$L$4,2,FALSE)+VLOOKUP('READMIT Patient Registry'!O233,Key!$K$6:$L$8,2,FALSE)+VLOOKUP('READMIT Patient Registry'!P233,Key!$M$2:$N$5,2,FALSE),\"\")","v":""},{"$f":"IFERROR(VLOOKUP(Q233,Key!$A$17:$B$20,2,TRUE),\"\")","v":""}]
[null,null,null,null,null,null,null,null,null,null,null,null,null,null,null,null,{"$f":"IFERROR(VLOOKUP(E234,Key!$A$2:$B$6,2,FALSE)+VLOOKUP(F234,Key!$C$2:$D$4,2,FALSE)+VLOOKUP(G234,Key!$C$6:$D$8,2,FALSE)+VLOOKUP('READMIT Patient Registry'!H234,Key!$C$10:$D$12,2,FALSE)+VLOOKUP('READMIT Patient Registry'!I234,Key!$E$2:$F$11,2,FALSE)+VLOOKUP('READMIT Patient Registry'!J234,Key!$G$2:$H$6,2,FALSE)+VLOOKUP('READMIT Patient Registry'!K234,Key!$G$8:$H$10,2,FALSE)+VLOOKUP('READMIT Patient Registry'!L234,Key!$G$12:$H$14,2,FALSE)+VLOOKUP('READMIT Patient Registry'!M234,Key!$I$2:$J$5,2,FALSE)+VLOOKUP('READMIT Patient Registry'!N234,Key!$K$2:$L$4,2,FALSE)+VLOOKUP('READMIT Patient Registry'!O234,Key!$K$6:$L$8,2,FALSE)+VLOOKUP('READMIT Patient Registry'!P234,Key!$M$2:$N$5,2,FALSE),\"\")","v":""},{"$f":"IFERROR(VLOOKUP(Q234,Key!$A$17:$B$20,2,TRUE),\"\")","v":""}]
[null,null,null,null,null,null,null,null,null,null,null,null,null,null,null,null,{"$f":"IFERROR(VLOOKUP(E235,Key!$A$2:$B$6,2,FALSE)+VLOOKUP(F235,Key!$C$2:$D$4,2,FALSE)+VLOOKUP(G235,Key!$C$6:$D$8,2,FALSE)+VLOOKUP('READMIT Patient Registry'!H235,Key!$C$10:$D$12,2,FALSE)+VLOOKUP('READMIT Patient Registry'!I235,Key!$E$2:$F$11,2,FALSE)+VLOOKUP('READMIT Patient Registry'!J235,Key!$G$2:$H$6,2,FALSE)+VLOOKUP('READMIT Patient Registry'!K235,Key!$G$8:$H$10,2,FALSE)+VLOOKUP('READMIT Patient Registry'!L235,Key!$G$12:$H$14,2,FALSE)+VLOOKUP('READMIT Patient Registry'!M235,Key!$I$2:$J$5,2,FALSE)+VLOOKUP('READMIT Patient Registry'!N235,Key!$K$2:$L$4,2,FALSE)+VLOOKUP('READMIT Patient Registry'!O235,Key!$K$6:$L$8,2,FALSE)+VLOOKUP('READMIT Patient Registry'!P235,Key!$M$2:$N$5,2,FALSE),\"\")","v":""},{"$f":"IFERROR(VLOOKUP(Q235,Key!$A$17:$B$20,2,TRUE),\"\")","v":""}]
[null,null,null,null,null,null,null,null,null,null,null,null,null,null,null,null,{"$f":"IFERROR(VLOOKUP(E236,Key!$A$2:$B$6,2,FALSE)+VLOOKUP(F236,Key!$C$2:$D$4,2,FALSE)+VLOOKUP(G236,Key!$C$6:$D$8,2,FALSE)+VLOOKUP('READMIT Patient Registry'!H236,Key!$C$10:$D$12,2,FALSE)+VLOOKUP('READMIT Patient Registry'!I236,Key!$E$2:$F$11,2,FALSE)+VLOOKUP('READMIT Patient Registry'!J236,Key!$G$2:$H$6,2,FALSE)+VLOOKUP('READMIT Patient Registry'!K236,Key!$G$8:$H$10,2,FALSE)+VLOOKUP('READMIT Patient Registry'!L236,Key!$G$12:$H$14,2,FALSE)+VLOOKUP('READMIT Patient Registry'!M236,Key!$I$2:$J$5,2,FALSE)+VLOOKUP('READMIT Patient Registry'!N236,Key!$K$2:$L$4,2,FALSE)+VLOOKUP('READMIT Patient Registry'!O236,Key!$K$6:$L$8,2,FALSE)+VLOOKUP('READMIT Patient Registry'!P236,Key!$M$2:$N$5,2,FALSE),\"\")","v":""},{"$f":"IFERROR(VLOOKUP(Q236,Key!$A$17:$B$20,2,TRUE),\"\")","v":""}]
[null,null,null,null,null,null,null,null,null,null,null,null,null,null,null,null,{"$f":"IFERROR(VLOOKUP(E237,Key!$A$2:$B$6,2,FALSE)+VLOOKUP(F237,Key!$C$2:$D$4,2,FALSE)+VLOOKUP(G237,Key!$C$6:$D$8,2,FALSE)+VLOOKUP('READMIT Patient Registry'!H237,Key!$C$10:$D$12,2,FALSE)+VLOOKUP('READMIT Patient Registry'!I237,Key!$E$2:$F$11,2,FALSE)+VLOOKUP('READMIT Patient Registry'!J237,Key!$G$2:$H$6,2,FALSE)+VLOOKUP('READMIT Patient Registry'!K237,Key!$G$8:$H$10,2,FALSE)+VLOOKUP('READMIT Patient Registry'!L237,Key!$G$12:$H$14,2,FALSE)+VLOOKUP('READMIT Patient Registry'!M237,Key!$I$2:$J$5,2,FALSE)+VLOOKUP('READMIT Patient Registry'!N237,Key!$K$2:$L$4,2,FALSE)+VLOOKUP('READMIT Patient Registry'!O237,Key!$K$6:$L$8,2,FALSE)+VLOOKUP('READMIT Patient Registry'!P237,Key!$M$2:$N$5,2,FALSE),\"\")","v":""},{"$f":"IFERROR(VLOOKUP(Q237,Key!$A$17:$B$20,2,TRUE),\"\")","v":""}]
[null,null,null,null,null,null,null,null,null,null,null,null,null,null,null,null,{"$f":"IFERROR(VLOOKUP(E238,Key!$A$2:$B$6,2,FALSE)+VLOOKUP(F238,Key!$C$2:$D$4,2,FALSE)+VLOOKUP(G238,Key!$C$6:$D$8,2,FALSE)+VLOOKUP('READMIT Patient Registry'!H238,Key!$C$10:$D$12,2,FALSE)+VLOOKUP('READMIT Patient Registry'!I238,Key!$E$2:$F$11,2,FALSE)+VLOOKUP('READMIT Patient Registry'!J238,Key!$G$2:$H$6,2,FALSE)+VLOOKUP('READMIT Patient Registry'!K238,Key!$G$8:$H$10,2,FALSE)+VLOOKUP('READMIT Patient Registry'!L238,Key!$G$12:$H$14,2,FALSE)+VLOOKUP('READMIT Patient Registry'!M238,Key!$I$2:$J$5,2,FALSE)+VLOOKUP('READMIT Patient Registry'!N238,Key!$K$2:$L$4,2,FALSE)+VLOOKUP('READMIT Patient Registry'!O238,Key!$K$6:$L$8,2,FALSE)+VLOOKUP('READMIT Patient Registry'!P238,Key!$M$2:$N$5,2,FALSE),\"\")","v":""},{"$f":"IFERROR(VLOOKUP(Q238,Key!$A$17:$B$20,2,TRUE),\"\")","v":""}]
[null,null,null,null,null,null,null,null,null,null,null,null,null,null,null,null,{"$f":"IFERROR(VLOOKUP(E239,Key!$A$2:$B$6,2,FALSE)+VLOOKUP(F239,Key!$C$2:$D$4,2,FALSE)+VLOOKUP(G239,Key!$C$6:$D$8,2,FALSE)+VLOOKUP('READMIT Patient Registry'!H239,Key!$C$10:$D$12,2,FALSE)+VLOOKUP('READMIT Patient Registry'!I239,Key!$E$2:$F$11,2,FALSE)+VLOOKUP('READMIT Patient Registry'!J239,Key!$G$2:$H$6,2,FALSE)+VLOOKUP('READMIT Patient Registry'!K239,Key!$G$8:$H$10,2,FALSE)+VLOOKUP('READMIT Patient Registry'!L239,Key!$G$12:$H$14,2,FALSE)+VLOOKUP('READMIT Patient Registry'!M239,Key!$I$2:$J$5,2,FALSE)+VLOOKUP('READMIT Patient Registry'!N239,Key!$K$2:$L$4,2,FALSE)+VLOOKUP('READMIT Patient Registry'!O239,Key!$K$6:$L$8,2,FALSE)+VLOOKUP('READMIT Patient Registry'!P239,Key!$M$2:$N$5,2,FALSE),\"\")","v":""},{"$f":"IFERROR(VLOOKUP(Q239,Key!$A$17:$B$20,2,TRUE),\"\")","v":""}]
[null,null,null,null,null,null,null,null,null,null,null,null,null,null,null,null,{"$f":"IFERROR(VLOOKUP(E240,Key!$A$2:$B$6,2,FALSE)+VLOOKUP(F240,Key!$C$2:$D$4,2,FALSE)+VLOOKUP(G240,Key!$C$6:$D$8,2,FALSE)+VLOOKUP('READMIT Patient Registry'!H240,Key!$C$10:$D$12,2,FALSE)+VLOOKUP('READMIT Patient Registry'!I240,Key!$E$2:$F$11,2,FALSE)+VLOOKUP('READMIT Patient Registry'!J240,Key!$G$2:$H$6,2,FALSE)+VLOOKUP('READMIT Patient Registry'!K240,Key!$G$8:$H$10,2,FALSE)+VLOOKUP('READMIT Patient Registry'!L240,Key!$G$12:$H$14,2,FALSE)+VLOOKUP('READMIT Patient Registry'!M240,Key!$I$2:$J$5,2,FALSE)+VLOOKUP('READMIT Patient Registry'!N240,Key!$K$2:$L$4,2,FALSE)+VLOOKUP('READMIT Patient Registry'!O240,Key!$K$6:$L$8,2,FALSE)+VLOOKUP('READMIT Patient Registry'!P240,Key!$M$2:$N$5,2,FALSE),\"\")","v":""},{"$f":"IFERROR(VLOOKUP(Q240,Key!$A$17:$B$20,2,TRUE),\"\")","v":""}]
[null,null,null,null,null,null,null,null,null,null,null,null,null,null,null,null,{"$f":"IFERROR(VLOOKUP(E241,Key!$A$2:$B$6,2,FALSE)+VLOOKUP(F241,Key!$C$2:$D$4,2,FALSE)+VLOOKUP(G241,Key!$C$6:$D$8,2,FALSE)+VLOOKUP('READMIT Patient Registry'!H241,Key!$C$10:$D$12,2,FALSE)+VLOOKUP('READMIT Patient Registry'!I241,Key!$E$2:$F$11,2,FALSE)+VLOOKUP('READMIT Patient Registry'!J241,Key!$G$2:$H$6,2,FALSE)+VLOOKUP('READMIT Patient Registry'!K241,Key!$G$8:$H$10,2,FALSE)+VLOOKUP('READMIT Patient Registry'!L241,Key!$G$12:$H$14,2,FALSE)+VLOOKUP('READMIT Patient Registry'!M241,Key!$I$2:$J$5,2,FALSE)+VLOOKUP('READMIT Patient Registry'!N241,Key!$K$2:$L$4,2,FALSE)+VLOOKUP('READMIT Patient Registry'!O241,Key!$K$6:$L$8,2,FALSE)+VLOOKUP('READMIT Patient Registry'!P241,Key!$M$2:$N$5,2,FALSE),\"\")","v":""},{"$f":"IFERROR(VLOOKUP(Q241,Key!$A$17:$B$20,2,TRUE),\"\")","v":""}]
[null,null,null,null,null,null,null,null,null,null,null,null,null,null,null,null,{"$f":"IFERROR(VLOOKUP(E242,Key!$A$2:$B$6,2,FALSE)+VLOOKUP(F242,Key!$C$2:$D$4,2,FALSE)+VLOOKUP(G242,Key!$C$6:$D$8,2,FALSE)+VLOOKUP('READMIT Patient Registry'!H242,Key!$C$10:$D$12,2,FALSE)+VLOOKUP('READMIT Patient Registry'!I242,Key!$E$2:$F$11,2,FALSE)+VLOOKUP('READMIT Patient Registry'!J242,Key!$G$2:$H$6,2,FALSE)+VLOOKUP('READMIT Patient Registry'!K242,Key!$G$8:$H$10,2,FALSE)+VLOOKUP('READMIT Patient Registry'!L242,Key!$G$12:$H$14,2,FALSE)+VLOOKUP('READMIT Patient Registry'!M242,Key!$I$2:$J$5,2,FALSE)+VLOOKUP('READMIT Patient Registry'!N242,Key!$K$2:$L$4,2,FALSE)+VLOOKUP('READMIT Patient Registry'!O242,Key!$K$6:$L$8,2,FALSE)+VLOOKUP('READMIT Patient Registry'!P242,Key!$M$2:$N$5,2,FALSE),\"\")","v":""},{"$f":"IFERROR(VLOOKUP(Q242,Key!$A$17:$B$20,2,TRUE),\"\")","v":""}]
[null,null,null,null,null,null,null,null,null,null,null,null,null,null,null,null,{"$f":"IFERROR(VLOOKUP(E243,Key!$A$2:$B$6,2,FALSE)+VLOOKUP(F243,Key!$C$2:$D$4,2,FALSE)+VLOOKUP(G243,Key!$C$6:$D$8,2,FALSE)+VLOOKUP('READMIT Patient Registry'!H243,Key!$C$10:$D$12,2,FALSE)+VLOOKUP('READMIT Patient Registry'!I243,Key!$E$2:$F$11,2,FALSE)+VLOOKUP('READMIT Patient Registry'!J243,Key!$G$2:$H$6,2,FALSE)+VLOOKUP('READMIT Patient Registry'!K243,Key!$G$8:$H$10,2,FALSE)+VLOOKUP('READMIT Patient Registry'!L243,Key!$G$12:$H$14,2,FALSE)+VLOOKUP('READMIT Patient Registry'!M243,Key!$I$2:$J$5,2,FALSE)+VLOOKUP('READMIT Patient Registry'!N243,Key!$K$2:$L$4,2,FALSE)+VLOOKUP('READMIT Patient Registry'!O243,Key!$K$6:$L$8,2,FALSE)+VLOOKUP('READMIT Patient Registry'!P243,Key!$M$2:$N$5,2,FALSE),\"\")","v":""},{"$f":"IFERROR(VLOOKUP(Q243,Key!$A$17:$B$20,2,TRUE),\"\")","v":""}]
[null,null,null,null,null,null,null,null,null,null,null,null,null,null,null,null,{"$f":"IFERROR(VLOOKUP(E244,Key!$A$2:$B$6,2,FALSE)+VLOOKUP(F244,Key!$C$2:$D$4,2,FALSE)+VLOOKUP(G244,Key!$C$6:$D$8,2,FALSE)+VLOOKUP('READMIT Patient Registry'!H244,Key!$C$10:$D$12,2,FALSE)+VLOOKUP('READMIT Patient Registry'!I244,Key!$E$2:$F$11,2,FALSE)+VLOOKUP('READMIT Patient Registry'!J244,Key!$G$2:$H$6,2,FALSE)+VLOOKUP('READMIT Patient Registry'!K244,Key!$G$8:$H$10,2,FALSE)+VLOOKUP('READMIT Patient Registry'!L244,Key!$G$12:$H$14,2,FALSE)+VLOOKUP('READMIT Patient Registry'!M244,Key!$I$2:$J$5,2,FALSE)+VLOOKUP('READMIT Patient Registry'!N244,Key!$K$2:$L$4,2,FALSE)+VLOOKUP('READMIT Patient Registry'!O244,Key!$K$6:$L$8,2,FALSE)+VLOOKUP('READMIT Patient Registry'!P244,Key!$M$2:$N$5,2,FALSE),\"\")","v":""},{"$f":"IFERROR(VLOOKUP(Q244,Key!$A$17:$B$20,2,TRUE),\"\")","v":""}]
[null,null,null,null,null,null,null,null,null,null,null,null,null,null,null,null,{"$f":"IFERROR(VLOOKUP(E245,Key!$A$2:$B$6,2,FALSE)+VLOOKUP(F245,Key!$C$2:$D$4,2,FALSE)+VLOOKUP(G245,Key!$C$6:$D$8,2,FALSE)+VLOOKUP('READMIT Patient Registry'!H245,Key!$C$10:$D$12,2,FALSE)+VLOOKUP('READMIT Patient Registry'!I245,Key!$E$2:$F$11,2,FALSE)+VLOOKUP('READMIT Patient Registry'!J245,Key!$G$2:$H$6,2,FALSE)+VLOOKUP('READMIT Patient Registry'!K245,Key!$G$8:$H$10,2,FALSE)+VLOOKUP('READMIT Patient Registry'!L245,Key!$G$12:$H$14,2,FALSE)+VLOOKUP('READMIT Patient Registry'!M245,Key!$I$2:$J$5,2,FALSE)+VLOOKUP('READMIT Patient Registry'!N245,Key!$K$2:$L$4,2,FALSE)+VLOOKUP('READMIT Patient Registry'!O245,Key!$K$6:$L$8,2,FALSE)+VLOOKUP('READMIT Patient Registry'!P245,Key!$M$2:$N$5,2,FALSE),\"\")","v":""},{"$f":"IFERROR(VLOOKUP(Q245,Key!$A$17:$B$20,2,TRUE),\"\")","v":""}]
[null,null,null,null,null,null,null,null,null,null,null,null,null,null,null,null,{"$f":"IFERROR(VLOOKUP(E246,Key!$A$2:$B$6,2,FALSE)+VLOOKUP(F246,Key!$C$2:$D$4,2,FALSE)+VLOOKUP(G246,Key!$C$6:$D$8,2,FALSE)+VLOOKUP('READMIT Patient Registry'!H246,Key!$C$10:$D$12,2,FALSE)+VLOOKUP('READMIT Patient Registry'!I246,Key!$E$2:$F$11,2,FALSE)+VLOOKUP('READMIT Patient Registry'!J246,Key!$G$2:$H$6,2,FALSE)+VLOOKUP('READMIT Patient Registry'!K246,Key!$G$8:$H$10,2,FALSE)+VLOOKUP('READMIT Patient Registry'!L246,Key!$G$12:$H$14,2,FALSE)+VLOOKUP('READMIT Patient Registry'!M246,Key!$I$2:$J$5,2,FALSE)+VLOOKUP('READMIT Patient Registry'!N246,Key!$K$2:$L$4,2,FALSE)+VLOOKUP('READMIT Patient Registry'!O246,Key!$K$6:$L$8,2,FALSE)+VLOOKUP('READMIT Patient Registry'!P246,Key!$M$2:$N$5,2,FALSE),\"\")","v":""},{"$f":"IFERROR(VLOOKUP(Q246,Key!$A$17:$B$20,2,TRUE),\"\")","v":""}]
[null,null,null,null,null,null,null,null,null,null,null,null,null,null,null,null,{"$f":"IFERROR(VLOOKUP(E247,Key!$A$2:$B$6,2,FALSE)+VLOOKUP(F247,Key!$C$2:$D$4,2,FALSE)+VLOOKUP(G247,Key!$C$6:$D$8,2,FALSE)+VLOOKUP('READMIT Patient Registry'!H247,Key!$C$10:$D$12,2,FALSE)+VLOOKUP('READMIT Patient Registry'!I247,Key!$E$2:$F$11,2,FALSE)+VLOOKUP('READMIT Patient Registry'!J247,Key!$G$2:$H$6,2,FALSE)+VLOOKUP('READMIT Patient Registry'!K247,Key!$G$8:$H$10,2,FALSE)+VLOOKUP('READMIT Patient Registry'!L247,Key!$G$12:$H$14,2,FALSE)+VLOOKUP('READMIT Patient Registry'!M247,Key!$I$2:$J$5,2,FALSE)+VLOOKUP('READMIT Patient Registry'!N247,Key!$K$2:$L$4,2,FALSE)+VLOOKUP('READMIT Patient Registry'!O247,Key!$K$6:$L$8,2,FALSE)+VLOOKUP('READMIT Patient Registry'!P247,Key!$M$2:$N$5,2,FALSE),\"\")","v":""},{"$f":"IFERROR(VLOOKUP(Q247,Key!$A$17:$B$20,2,TRUE),\"\")","v":""}]
[null,null,null,null,null,null,null,null,null,null,null,null,null,null,null,null,{"$f":"IFERROR(VLOOKUP(E248,Key!$A$2:$B$6,2,FALSE)+VLOOKUP(F248,Key!$C$2:$D$4,2,FALSE)+VLOOKUP(G248,Key!$C$6:$D$8,2,FALSE)+VLOOKUP('READMIT Patient Registry'!H248,Key!$C$10:$D$12,2,FALSE)+VLOOKUP('READMIT Patient Registry'!I248,Key!$E$2:$F$11,2,FALSE)+VLOOKUP('READMIT Patient Registry'!J248,Key!$G$2:$H$6,2,FALSE)+VLOOKUP('READMIT Patient Registry'!K248,Key!$G$8:$H$10,2,FALSE)+VLOOKUP('READMIT Patient Registry'!L248,Key!$G$12:$H$14,2,FALSE)+VLOOKUP('READMIT Patient Registry'!M248,Key!$I$2:$J$5,2,FALSE)+VLOOKUP('READMIT Patient Registry'!N248,Key!$K$2:$L$4,2,FALSE)+VLOOKUP('READMIT Patient Registry'!O248,Key!$K$6:$L$8,2,FALSE)+VLOOKUP('READMIT Patient Registry'!P248,Key!$M$2:$N$5,2,FALSE),\"\")","v":""},{"$f":"IFERROR(VLOOKUP(Q248,Key!$A$17:$B$20,2,TRUE),\"\")","v":""}]
[null,null,null,null,null,null,null,null,null,null,null,null,null,null,null,null,{"$f":"IFERROR(VLOOKUP(E249,Key!$A$2:$B$6,2,FALSE)+VLOOKUP(F249,Key!$C$2:$D$4,2,FALSE)+VLOOKUP(G249,Key!$C$6:$D$8,2,FALSE)+VLOOKUP('READMIT Patient Registry'!H249,Key!$C$10:$D$12,2,FALSE)+VLOOKUP('READMIT Patient Registry'!I249,Key!$E$2:$F$11,2,FALSE)+VLOOKUP('READMIT Patient Registry'!J249,Key!$G$2:$H$6,2,FALSE)+VLOOKUP('READMIT Patient Registry'!K249,Key!$G$8:$H$10,2,FALSE)+VLOOKUP('READMIT Patient Registry'!L249,Key!$G$12:$H$14,2,FALSE)+VLOOKUP('READMIT Patient Registry'!M249,Key!$I$2:$J$5,2,FALSE)+VLOOKUP('READMIT Patient Registry'!N249,Key!$K$2:$L$4,2,FALSE)+VLOOKUP('READMIT Patient Registry'!O249,Key!$K$6:$L$8,2,FALSE)+VLOOKUP('READMIT Patient Registry'!P249,Key!$M$2:$N$5,2,FALSE),\"\")","v":""},{"$f":"IFERROR(VLOOKUP(Q249,Key!$A$17:$B$20,2,TRUE),\"\")","v":""}]
[null,null,null,null,null,null,null,null,null,null,null,null,null,null,null,null,{"$f":"IFERROR(VLOOKUP(E250,Key!$A$2:$B$6,2,FALSE)+VLOOKUP(F250,Key!$C$2:$D$4,2,FALSE)+VLOOKUP(G250,Key!$C$6:$D$8,2,FALSE)+VLOOKUP('READMIT Patient Registry'!H250,Key!$C$10:$D$12,2,FALSE)+VLOOKUP('READMIT Patient Registry'!I250,Key!$E$2:$F$11,2,FALSE)+VLOOKUP('READMIT Patient Registry'!J250,Key!$G$2:$H$6,2,FALSE)+VLOOKUP('READMIT Patient Registry'!K250,Key!$G$8:$H$10,2,FALSE)+VLOOKUP('READMIT Patient Registry'!L250,Key!$G$12:$H$14,2,FALSE)+VLOOKUP('READMIT Patient Registry'!M250,Key!$I$2:$J$5,2,FALSE)+VLOOKUP('READMIT Patient Registry'!N250,Key!$K$2:$L$4,2,FALSE)+VLOOKUP('READMIT Patient Registry'!O250,Key!$K$6:$L$8,2,FALSE)+VLOOKUP('READMIT Patient Registry'!P250,Key!$M$2:$N$5,2,FALSE),\"\")","v":""},{"$f":"IFERROR(VLOOKUP(Q250,Key!$A$17:$B$20,2,TRUE),\"\")","v":""}]
[null,null,null,null,null,null,null,null,null,null,null,null,null,null,null,null,{"$f":"IFERROR(VLOOKUP(E251,Key!$A$2:$B$6,2,FALSE)+VLOOKUP(F251,Key!$C$2:$D$4,2,FALSE)+VLOOKUP(G251,Key!$C$6:$D$8,2,FALSE)+VLOOKUP('READMIT Patient Registry'!H251,Key!$C$10:$D$12,2,FALSE)+VLOOKUP('READMIT Patient Registry'!I251,Key!$E$2:$F$11,2,FALSE)+VLOOKUP('READMIT Patient Registry'!J251,Key!$G$2:$H$6,2,FALSE)+VLOOKUP('READMIT Patient Registry'!K251,Key!$G$8:$H$10,2,FALSE)+VLOOKUP('READMIT Patient Registry'!L251,Key!$G$12:$H$14,2,FALSE)+VLOOKUP('READMIT Patient Registry'!M251,Key!$I$2:$J$5,2,FALSE)+VLOOKUP('READMIT Patient Registry'!N251,Key!$K$2:$L$4,2,FALSE)+VLOOKUP('READMIT Patient Registry'!O251,Key!$K$6:$L$8,2,FALSE)+VLOOKUP('READMIT Patient Registry'!P251,Key!$M$2:$N$5,2,FALSE),\"\")","v":""},{"$f":"IFERROR(VLOOKUP(Q251,Key!$A$17:$B$20,2,TRUE),\"\")","v":""}]
[null,null,null,null,null,null,null,null,null,null,null,null,null,null,null,null,{"$f":"IFERROR(VLOOKUP(E252,Key!$A$2:$B$6,2,FALSE)+VLOOKUP(F252,Key!$C$2:$D$4,2,FALSE)+VLOOKUP(G252,Key!$C$6:$D$8,2,FALSE)+VLOOKUP('READMIT Patient Registry'!H252,Key!$C$10:$D$12,2,FALSE)+VLOOKUP('READMIT Patient Registry'!I252,Key!$E$2:$F$11,2,FALSE)+VLOOKUP('READMIT Patient Registry'!J252,Key!$G$2:$H$6,2,FALSE)+VLOOKUP('READMIT Patient Registry'!K252,Key!$G$8:$H$10,2,FALSE)+VLOOKUP('READMIT Patient Registry'!L252,Key!$G$12:$H$14,2,FALSE)+VLOOKUP('READMIT Patient Registry'!M252,Key!$I$2:$J$5,2,FALSE)+VLOOKUP('READMIT Patient Registry'!N252,Key!$K$2:$L$4,2,FALSE)+VLOOKUP('READMIT Patient Registry'!O252,Key!$K$6:$L$8,2,FALSE)+VLOOKUP('READMIT Patient Registry'!P252,Key!$M$2:$N$5,2,FALSE),\"\")","v":""},{"$f":"IFERROR(VLOOKUP(Q252,Key!$A$17:$B$20,2,TRUE),\"\")","v":""}]
[null,null,null,null,null,null,null,null,null,null,null,null,null,null,null,null,{"$f":"IFERROR(VLOOKUP(E253,Key!$A$2:$B$6,2,FALSE)+VLOOKUP(F253,Key!$C$2:$D$4,2,FALSE)+VLOOKUP(G253,Key!$C$6:$D$8,2,FALSE)+VLOOKUP('READMIT Patient Registry'!H253,Key!$C$10:$D$12,2,FALSE)+VLOOKUP('READMIT Patient Registry'!I253,Key!$E$2:$F$11,2,FALSE)+VLOOKUP('READMIT Patient Registry'!J253,Key!$G$2:$H$6,2,FALSE)+VLOOKUP('READMIT Patient Registry'!K253,Key!$G$8:$H$10,2,FALSE)+VLOOKUP('READMIT Patient Registry'!L253,Key!$G$12:$H$14,2,FALSE)+VLOOKUP('READMIT Patient Registry'!M253,Key!$I$2:$J$5,2,FALSE)+VLOOKUP('READMIT Patient Registry'!N253,Key!$K$2:$L$4,2,FALSE)+VLOOKUP('READMIT Patient Registry'!O253,Key!$K$6:$L$8,2,FALSE)+VLOOKUP('READMIT Patient Registry'!P253,Key!$M$2:$N$5,2,FALSE),\"\")","v":""},{"$f":"IFERROR(VLOOKUP(Q253,Key!$A$17:$B$20,2,TRUE),\"\")","v":""}]
[null,null,null,null,null,null,null,null,null,null,null,null,null,null,null,null,{"$f":"IFERROR(VLOOKUP(E254,Key!$A$2:$B$6,2,FALSE)+VLOOKUP(F254,Key!$C$2:$D$4,2,FALSE)+VLOOKUP(G254,Key!$C$6:$D$8,2,FALSE)+VLOOKUP('READMIT Patient Registry'!H254,Key!$C$10:$D$12,2,FALSE)+VLOOKUP('READMIT Patient Registry'!I254,Key!$E$2:$F$11,2,FALSE)+VLOOKUP('READMIT Patient Registry'!J254,Key!$G$2:$H$6,2,FALSE)+VLOOKUP('READMIT Patient Registry'!K254,Key!$G$8:$H$10,2,FALSE)+VLOOKUP('READMIT Patient Registry'!L254,Key!$G$12:$H$14,2,FALSE)+VLOOKUP('READMIT Patient Registry'!M254,Key!$I$2:$J$5,2,FALSE)+VLOOKUP('READMIT Patient Registry'!N254,Key!$K$2:$L$4,2,FALSE)+VLOOKUP('READMIT Patient Registry'!O254,Key!$K$6:$L$8,2,FALSE)+VLOOKUP('READMIT Patient Registry'!P254,Key!$M$2:$N$5,2,FALSE),\"\")","v":""},{"$f":"IFERROR(VLOOKUP(Q254,Key!$A$17:$B$20,2,TRUE),\"\")","v":""}]
[null,null,null,null,null,null,null,null,null,null,null,null,null,null,null,null,{"$f":"IFERROR(VLOOKUP(E255,Key!$A$2:$B$6,2,FALSE)+VLOOKUP(F255,Key!$C$2:$D$4,2,FALSE)+VLOOKUP(G255,Key!$C$6:$D$8,2,FALSE)+VLOOKUP('READMIT Patient Registry'!H255,Key!$C$10:$D$12,2,FALSE)+VLOOKUP('READMIT Patient Registry'!I255,Key!$E$2:$F$11,2,FALSE)+VLOOKUP('READMIT Patient Registry'!J255,Key!$G$2:$H$6,2,FALSE)+VLOOKUP('READMIT Patient Registry'!K255,Key!$G$8:$H$10,2,FALSE)+VLOOKUP('READMIT Patient Registry'!L255,Key!$G$12:$H$14,2,FALSE)+VLOOKUP('READMIT Patient Registry'!M255,Key!$I$2:$J$5,2,FALSE)+VLOOKUP('READMIT Patient Registry'!N255,Key!$K$2:$L$4,2,FALSE)+VLOOKUP('READMIT Patient Registry'!O255,Key!$K$6:$L$8,2,FALSE)+VLOOKUP('READMIT Patient Registry'!P255,Key!$M$2:$N$5,2,FALSE),\"\")","v":""},{"$f":"IFERROR(VLOOKUP(Q255,Key!$A$17:$B$20,2,TRUE),\"\")","v":""}]
[null,null,null,null,null,null,null,null,null,null,null,null,null,null,null,null,{"$f":"IFERROR(VLOOKUP(E256,Key!$A$2:$B$6,2,FALSE)+VLOOKUP(F256,Key!$C$2:$D$4,2,FALSE)+VLOOKUP(G256,Key!$C$6:$D$8,2,FALSE)+VLOOKUP('READMIT Patient Registry'!H256,Key!$C$10:$D$12,2,FALSE)+VLOOKUP('READMIT Patient Registry'!I256,Key!$E$2:$F$11,2,FALSE)+VLOOKUP('READMIT Patient Registry'!J256,Key!$G$2:$H$6,2,FALSE)+VLOOKUP('READMIT Patient Registry'!K256,Key!$G$8:$H$10,2,FALSE)+VLOOKUP('READMIT Patient Registry'!L256,Key!$G$12:$H$14,2,FALSE)+VLOOKUP('READMIT Patient Registry'!M256,Key!$I$2:$J$5,2,FALSE)+VLOOKUP('READMIT Patient Registry'!N256,Key!$K$2:$L$4,2,FALSE)+VLOOKUP('READMIT Patient Registry'!O256,Key!$K$6:$L$8,2,FALSE)+VLOOKUP('READMIT Patient Registry'!P256,Key!$M$2:$N$5,2,FALSE),\"\")","v":""},{"$f":"IFERROR(VLOOKUP(Q256,Key!$A$17:$B$20,2,TRUE),\"\")","v":""}]
[null,null,null,null,null,null,null,null,null,null,null,null,null,null,null,null,{"$f":"IFERROR(VLOOKUP(E257,Key!$A$2:$B$6,2,FALSE)+VLOOKUP(F257,Key!$C$2:$D$4,2,FALSE)+VLOOKUP(G257,Key!$C$6:$D$8,2,FALSE)+VLOOKUP('READMIT Patient Registry'!H257,Key!$C$10:$D$12,2,FALSE)+VLOOKUP('READMIT Patient Registry'!I257,Key!$E$2:$F$11,2,FALSE)+VLOOKUP('READMIT Patient Registry'!J257,Key!$G$2:$H$6,2,FALSE)+VLOOKUP('READMIT Patient Registry'!K257,Key!$G$8:$H$10,2,FALSE)+VLOOKUP('READMIT Patient Registry'!L257,Key!$G$12:$H$14,2,FALSE)+VLOOKUP('READMIT Patient Registry'!M257,Key!$I$2:$J$5,2,FALSE)+VLOOKUP('READMIT Patient Registry'!N257,Key!$K$2:$L$4,2,FALSE)+VLOOKUP('READMIT Patient Registry'!O257,Key!$K$6:$L$8,2,FALSE)+VLOOKUP('READMIT Patient Registry'!P257,Key!$M$2:$N$5,2,FALSE),\"\")","v":""},{"$f":"IFERROR(VLOOKUP(Q257,Key!$A$17:$B$20,2,TRUE),\"\")","v":""}]
[null,null,null,null,null,null,null,null,null,null,null,null,null,null,null,null,{"$f":"IFERROR(VLOOKUP(E258,Key!$A$2:$B$6,2,FALSE)+VLOOKUP(F258,Key!$C$2:$D$4,2,FALSE)+VLOOKUP(G258,Key!$C$6:$D$8,2,FALSE)+VLOOKUP('READMIT Patient Registry'!H258,Key!$C$10:$D$12,2,FALSE)+VLOOKUP('READMIT Patient Registry'!I258,Key!$E$2:$F$11,2,FALSE)+VLOOKUP('READMIT Patient Registry'!J258,Key!$G$2:$H$6,2,FALSE)+VLOOKUP('READMIT Patient Registry'!K258,Key!$G$8:$H$10,2,FALSE)+VLOOKUP('READMIT Patient Registry'!L258,Key!$G$12:$H$14,2,FALSE)+VLOOKUP('READMIT Patient Registry'!M258,Key!$I$2:$J$5,2,FALSE)+VLOOKUP('READMIT Patient Registry'!N258,Key!$K$2:$L$4,2,FALSE)+VLOOKUP('READMIT Patient Registry'!O258,Key!$K$6:$L$8,2,FALSE)+VLOOKUP('READMIT Patient Registry'!P258,Key!$M$2:$N$5,2,FALSE),\"\")","v":""},{"$f":"IFERROR(VLOOKUP(Q258,Key!$A$17:$B$20,2,TRUE),\"\")","v":""}]
[null,null,null,null,null,null,null,null,null,null,null,null,null,null,null,null,{"$f":"IFERROR(VLOOKUP(E259,Key!$A$2:$B$6,2,FALSE)+VLOOKUP(F259,Key!$C$2:$D$4,2,FALSE)+VLOOKUP(G259,Key!$C$6:$D$8,2,FALSE)+VLOOKUP('READMIT Patient Registry'!H259,Key!$C$10:$D$12,2,FALSE)+VLOOKUP('READMIT Patient Registry'!I259,Key!$E$2:$F$11,2,FALSE)+VLOOKUP('READMIT Patient Registry'!J259,Key!$G$2:$H$6,2,FALSE)+VLOOKUP('READMIT Patient Registry'!K259,Key!$G$8:$H$10,2,FALSE)+VLOOKUP('READMIT Patient Registry'!L259,Key!$G$12:$H$14,2,FALSE)+VLOOKUP('READMIT Patient Registry'!M259,Key!$I$2:$J$5,2,FALSE)+VLOOKUP('READMIT Patient Registry'!N259,Key!$K$2:$L$4,2,FALSE)+VLOOKUP('READMIT Patient Registry'!O259,Key!$K$6:$L$8,2,FALSE)+VLOOKUP('READMIT Patient Registry'!P259,Key!$M$2:$N$5,2,FALSE),\"\")","v":""},{"$f":"IFERROR(VLOOKUP(Q259,Key!$A$17:$B$20,2,TRUE),\"\")","v":""}]
[null,null,null,null,null,null,null,null,null,null,null,null,null,null,null,null,{"$f":"IFERROR(VLOOKUP(E260,Key!$A$2:$B$6,2,FALSE)+VLOOKUP(F260,Key!$C$2:$D$4,2,FALSE)+VLOOKUP(G260,Key!$C$6:$D$8,2,FALSE)+VLOOKUP('READMIT Patient Registry'!H260,Key!$C$10:$D$12,2,FALSE)+VLOOKUP('READMIT Patient Registry'!I260,Key!$E$2:$F$11,2,FALSE)+VLOOKUP('READMIT Patient Registry'!J260,Key!$G$2:$H$6,2,FALSE)+VLOOKUP('READMIT Patient Registry'!K260,Key!$G$8:$H$10,2,FALSE)+VLOOKUP('READMIT Patient Registry'!L260,Key!$G$12:$H$14,2,FALSE)+VLOOKUP('READMIT Patient Registry'!M260,Key!$I$2:$J$5,2,FALSE)+VLOOKUP('READMIT Patient Registry'!N260,Key!$K$2:$L$4,2,FALSE)+VLOOKUP('READMIT Patient Registry'!O260,Key!$K$6:$L$8,2,FALSE)+VLOOKUP('READMIT Patient Registry'!P260,Key!$M$2:$N$5,2,FALSE),\"\")","v":""},{"$f":"IFERROR(VLOOKUP(Q260,Key!$A$17:$B$20,2,TRUE),\"\")","v":""}]
[null,null,null,null,null,null,null,null,null,null,null,null,null,null,null,null,{"$f":"IFERROR(VLOOKUP(E261,Key!$A$2:$B$6,2,FALSE)+VLOOKUP(F261,Key!$C$2:$D$4,2,FALSE)+VLOOKUP(G261,Key!$C$6:$D$8,2,FALSE)+VLOOKUP('READMIT Patient Registry'!H261,Key!$C$10:$D$12,2,FALSE)+VLOOKUP('READMIT Patient Registry'!I261,Key!$E$2:$F$11,2,FALSE)+VLOOKUP('READMIT Patient Registry'!J261,Key!$G$2:$H$6,2,FALSE)+VLOOKUP('READMIT Patient Registry'!K261,Key!$G$8:$H$10,2,FALSE)+VLOOKUP('READMIT Patient Registry'!L261,Key!$G$12:$H$14,2,FALSE)+VLOOKUP('READMIT Patient Registry'!M261,Key!$I$2:$J$5,2,FALSE)+VLOOKUP('READMIT Patient Registry'!N261,Key!$K$2:$L$4,2,FALSE)+VLOOKUP('READMIT Patient Registry'!O261,Key!$K$6:$L$8,2,FALSE)+VLOOKUP('READMIT Patient Registry'!P261,Key!$M$2:$N$5,2,FALSE),\"\")","v":""},{"$f":"IFERROR(VLOOKUP(Q261,Key!$A$17:$B$20,2,TRUE),\"\")","v":""}]
[null,null,null,null,null,null,null,null,null,null,null,null,null,null,null,null,{"$f":"IFERROR(VLOOKUP(E262,Key!$A$2:$B$6,2,FALSE)+VLOOKUP(F262,Key!$C$2:$D$4,2,FALSE)+VLOOKUP(G262,Key!$C$6:$D$8,2,FALSE)+VLOOKUP('READMIT Patient Registry'!H262,Key!$C$10:$D$12,2,FALSE)+VLOOKUP('READMIT Patient Registry'!I262,Key!$E$2:$F$11,2,FALSE)+VLOOKUP('READMIT Patient Registry'!J262,Key!$G$2:$H$6,2,FALSE)+VLOOKUP('READMIT Patient Registry'!K262,Key!$G$8:$H$10,2,FALSE)+VLOOKUP('READMIT Patient Registry'!L262,Key!$G$12:$H$14,2,FALSE)+VLOOKUP('READMIT Patient Registry'!M262,Key!$I$2:$J$5,2,FALSE)+VLOOKUP('READMIT Patient Registry'!N262,Key!$K$2:$L$4,2,FALSE)+VLOOKUP('READMIT Patient Registry'!O262,Key!$K$6:$L$8,2,FALSE)+VLOOKUP('READMIT Patient Registry'!P262,Key!$M$2:$N$5,2,FALSE),\"\")","v":""},{"$f":"IFERROR(VLOOKUP(Q262,Key!$A$17:$B$20,2,TRUE),\"\")","v":""}]
[null,null,null,null,null,null,null,null,null,null,null,null,null,null,null,null,{"$f":"IFERROR(VLOOKUP(E263,Key!$A$2:$B$6,2,FALSE)+VLOOKUP(F263,Key!$C$2:$D$4,2,FALSE)+VLOOKUP(G263,Key!$C$6:$D$8,2,FALSE)+VLOOKUP('READMIT Patient Registry'!H263,Key!$C$10:$D$12,2,FALSE)+VLOOKUP('READMIT Patient Registry'!I263,Key!$E$2:$F$11,2,FALSE)+VLOOKUP('READMIT Patient Registry'!J263,Key!$G$2:$H$6,2,FALSE)+VLOOKUP('READMIT Patient Registry'!K263,Key!$G$8:$H$10,2,FALSE)+VLOOKUP('READMIT Patient Registry'!L263,Key!$G$12:$H$14,2,FALSE)+VLOOKUP('READMIT Patient Registry'!M263,Key!$I$2:$J$5,2,FALSE)+VLOOKUP('READMIT Patient Registry'!N263,Key!$K$2:$L$4,2,FALSE)+VLOOKUP('READMIT Patient Registry'!O263,Key!$K$6:$L$8,2,FALSE)+VLOOKUP('READMIT Patient Registry'!P263,Key!$M$2:$N$5,2,FALSE),\"\")","v":""},{"$f":"IFERROR(VLOOKUP(Q263,Key!$A$17:$B$20,2,TRUE),\"\")","v":""}]
[null,null,null,null,null,null,null,null,null,null,null,null,null,null,null,null,{"$f":"IFERROR(VLOOKUP(E264,Key!$A$2:$B$6,2,FALSE)+VLOOKUP(F264,Key!$C$2:$D$4,2,FALSE)+VLOOKUP(G264,Key!$C$6:$D$8,2,FALSE)+VLOOKUP('READMIT Patient Registry'!H264,Key!$C$10:$D$12,2,FALSE)+VLOOKUP('READMIT Patient Registry'!I264,Key!$E$2:$F$11,2,FALSE)+VLOOKUP('READMIT Patient Registry'!J264,Key!$G$2:$H$6,2,FALSE)+VLOOKUP('READMIT Patient Registry'!K264,Key!$G$8:$H$10,2,FALSE)+VLOOKUP('READMIT Patient Registry'!L264,Key!$G$12:$H$14,2,FALSE)+VLOOKUP('READMIT Patient Registry'!M264,Key!$I$2:$J$5,2,FALSE)+VLOOKUP('READMIT Patient Registry'!N264,Key!$K$2:$L$4,2,FALSE)+VLOOKUP('READMIT Patient Registry'!O264,Key!$K$6:$L$8,2,FALSE)+VLOOKUP('READMIT Patient Registry'!P264,Key!$M$2:$N$5,2,FALSE),\"\")","v":""},{"$f":"IFERROR(VLOOKUP(Q264,Key!$A$17:$B$20,2,TRUE),\"\")","v":""}]
[null,null,null,null,null,null,null,null,null,null,null,null,null,null,null,null,{"$f":"IFERROR(VLOOKUP(E265,Key!$A$2:$B$6,2,FALSE)+VLOOKUP(F265,Key!$C$2:$D$4,2,FALSE)+VLOOKUP(G265,Key!$C$6:$D$8,2,FALSE)+VLOOKUP('READMIT Patient Registry'!H265,Key!$C$10:$D$12,2,FALSE)+VLOOKUP('READMIT Patient Registry'!I265,Key!$E$2:$F$11,2,FALSE)+VLOOKUP('READMIT Patient Registry'!J265,Key!$G$2:$H$6,2,FALSE)+VLOOKUP('READMIT Patient Registry'!K265,Key!$G$8:$H$10,2,FALSE)+VLOOKUP('READMIT Patient Registry'!L265,Key!$G$12:$H$14,2,FALSE)+VLOOKUP('READMIT Patient Registry'!M265,Key!$I$2:$J$5,2,FALSE)+VLOOKUP('READMIT Patient Registry'!N265,Key!$K$2:$L$4,2,FALSE)+VLOOKUP('READMIT Patient Registry'!O265,Key!$K$6:$L$8,2,FALSE)+VLOOKUP('READMIT Patient Registry'!P265,Key!$M$2:$N$5,2,FALSE),\"\")","v":""},{"$f":"IFERROR(VLOOKUP(Q265,Key!$A$17:$B$20,2,TRUE),\"\")","v":""}]
[null,null,null,null,null,null,null,null,null,null,null,null,null,null,null,null,{"$f":"IFERROR(VLOOKUP(E266,Key!$A$2:$B$6,2,FALSE)+VLOOKUP(F266,Key!$C$2:$D$4,2,FALSE)+VLOOKUP(G266,Key!$C$6:$D$8,2,FALSE)+VLOOKUP('READMIT Patient Registry'!H266,Key!$C$10:$D$12,2,FALSE)+VLOOKUP('READMIT Patient Registry'!I266,Key!$E$2:$F$11,2,FALSE)+VLOOKUP('READMIT Patient Registry'!J266,Key!$G$2:$H$6,2,FALSE)+VLOOKUP('READMIT Patient Registry'!K266,Key!$G$8:$H$10,2,FALSE)+VLOOKUP('READMIT Patient Registry'!L266,Key!$G$12:$H$14,2,FALSE)+VLOOKUP('READMIT Patient Registry'!M266,Key!$I$2:$J$5,2,FALSE)+VLOOKUP('READMIT Patient Registry'!N266,Key!$K$2:$L$4,2,FALSE)+VLOOKUP('READMIT Patient Registry'!O266,Key!$K$6:$L$8,2,FALSE)+VLOOKUP('READMIT Patient Registry'!P266,Key!$M$2:$N$5,2,FALSE),\"\")","v":""},{"$f":"IFERROR(VLOOKUP(Q266,Key!$A$17:$B$20,2,TRUE),\"\")","v":""}]
[null,null,null,null,null,null,null,null,null,null,null,null,null,null,null,null,{"$f":"IFERROR(VLOOKUP(E267,Key!$A$2:$B$6,2,FALSE)+VLOOKUP(F267,Key!$C$2:$D$4,2,FALSE)+VLOOKUP(G267,Key!$C$6:$D$8,2,FALSE)+VLOOKUP('READMIT Patient Registry'!H267,Key!$C$10:$D$12,2,FALSE)+VLOOKUP('READMIT Patient Registry'!I267,Key!$E$2:$F$11,2,FALSE)+VLOOKUP('READMIT Patient Registry'!J267,Key!$G$2:$H$6,2,FALSE)+VLOOKUP('READMIT Patient Registry'!K267,Key!$G$8:$H$10,2,FALSE)+VLOOKUP('READMIT Patient Registry'!L267,Key!$G$12:$H$14,2,FALSE)+VLOOKUP('READMIT Patient Registry'!M267,Key!$I$2:$J$5,2,FALSE)+VLOOKUP('READMIT Patient Registry'!N267,Key!$K$2:$L$4,2,FALSE)+VLOOKUP('READMIT Patient Registry'!O267,Key!$K$6:$L$8,2,FALSE)+VLOOKUP('READMIT Patient Registry'!P267,Key!$M$2:$N$5,2,FALSE),\"\")","v":""},{"$f":"IFERROR(VLOOKUP(Q267,Key!$A$17:$B$20,2,TRUE),\"\")","v":""}]
[null,null,null,null,null,null,null,null,null,null,null,null,null,null,null,null,{"$f":"IFERROR(VLOOKUP(E268,Key!$A$2:$B$6,2,FALSE)+VLOOKUP(F268,Key!$C$2:$D$4,2,FALSE)+VLOOKUP(G268,Key!$C$6:$D$8,2,FALSE)+VLOOKUP('READMIT Patient Registry'!H268,Key!$C$10:$D$12,2,FALSE)+VLOOKUP('READMIT Patient Registry'!I268,Key!$E$2:$F$11,2,FALSE)+VLOOKUP('READMIT Patient Registry'!J268,Key!$G$2:$H$6,2,FALSE)+VLOOKUP('READMIT Patient Registry'!K268,Key!$G$8:$H$10,2,FALSE)+VLOOKUP('READMIT Patient Registry'!L268,Key!$G$12:$H$14,2,FALSE)+VLOOKUP('READMIT Patient Registry'!M268,Key!$I$2:$J$5,2,FALSE)+VLOOKUP('READMIT Patient Registry'!N268,Key!$K$2:$L$4,2,FALSE)+VLOOKUP('READMIT Patient Registry'!O268,Key!$K$6:$L$8,2,FALSE)+VLOOKUP('READMIT Patient Registry'!P268,Key!$M$2:$N$5,2,FALSE),\"\")","v":""},{"$f":"IFERROR(VLOOKUP(Q268,Key!$A$17:$B$20,2,TRUE),\"\")","v":""}]
[null,null,null,null,null,null,null,null,null,null,null,null,null,null,null,null,{"$f":"IFERROR(VLOOKUP(E269,Key!$A$2:$B$6,2,FALSE)+VLOOKUP(F269,Key!$C$2:$D$4,2,FALSE)+VLOOKUP(G269,Key!$C$6:$D$8,2,FALSE)+VLOOKUP('READMIT Patient Registry'!H269,Key!$C$10:$D$12,2,FALSE)+VLOOKUP('READMIT Patient Registry'!I269,Key!$E$2:$F$11,2,FALSE)+VLOOKUP('READMIT Patient Registry'!J269,Key!$G$2:$H$6,2,FALSE)+VLOOKUP('READMIT Patient Registry'!K269,Key!$G$8:$H$10,2,FALSE)+VLOOKUP('READMIT Patient Registry'!L269,Key!$G$12:$H$14,2,FALSE)+VLOOKUP('READMIT Patient Registry'!M269,Key!$I$2:$J$5,2,FALSE)+VLOOKUP('READMIT Patient Registry'!N269,Key!$K$2:$L$4,2,FALSE)+VLOOKUP('READMIT Patient Registry'!O269,Key!$K$6:$L$8,2,FALSE)+VLOOKUP('READMIT Patient Registry'!P269,Key!$M$2:$N$5,2,FALSE),\"\")","v":""},{"$f":"IFERROR(VLOOKUP(Q269,Key!$A$17:$B$20,2,TRUE),\"\")","v":""}]
[null,null,null,null,null,null,null,null,null,null,null,null,null,null,null,null,{"$f":"IFERROR(VLOOKUP(E270,Key!$A$2:$B$6,2,FALSE)+VLOOKUP(F270,Key!$C$2:$D$4,2,FALSE)+VLOOKUP(G270,Key!$C$6:$D$8,2,FALSE)+VLOOKUP('READMIT Patient Registry'!H270,Key!$C$10:$D$12,2,FALSE)+VLOOKUP('READMIT Patient Registry'!I270,Key!$E$2:$F$11,2,FALSE)+VLOOKUP('READMIT Patient Registry'!J270,Key!$G$2:$H$6,2,FALSE)+VLOOKUP('READMIT Patient Registry'!K270,Key!$G$8:$H$10,2,FALSE)+VLOOKUP('READMIT Patient Registry'!L270,Key!$G$12:$H$14,2,FALSE)+VLOOKUP('READMIT Patient Registry'!M270,Key!$I$2:$J$5,2,FALSE)+VLOOKUP('READMIT Patient Registry'!N270,Key!$K$2:$L$4,2,FALSE)+VLOOKUP('READMIT Patient Registry'!O270,Key!$K$6:$L$8,2,FALSE)+VLOOKUP('READMIT Patient Registry'!P270,Key!$M$2:$N$5,2,FALSE),\"\")","v":""},{"$f":"IFERROR(VLOOKUP(Q270,Key!$A$17:$B$20,2,TRUE),\"\")","v":""}]
[null,null,null,null,null,null,null,null,null,null,null,null,null,null,null,null,{"$f":"IFERROR(VLOOKUP(E271,Key!$A$2:$B$6,2,FALSE)+VLOOKUP(F271,Key!$C$2:$D$4,2,FALSE)+VLOOKUP(G271,Key!$C$6:$D$8,2,FALSE)+VLOOKUP('READMIT Patient Registry'!H271,Key!$C$10:$D$12,2,FALSE)+VLOOKUP('READMIT Patient Registry'!I271,Key!$E$2:$F$11,2,FALSE)+VLOOKUP('READMIT Patient Registry'!J271,Key!$G$2:$H$6,2,FALSE)+VLOOKUP('READMIT Patient Registry'!K271,Key!$G$8:$H$10,2,FALSE)+VLOOKUP('READMIT Patient Registry'!L271,Key!$G$12:$H$14,2,FALSE)+VLOOKUP('READMIT Patient Registry'!M271,Key!$I$2:$J$5,2,FALSE)+VLOOKUP('READMIT Patient Registry'!N271,Key!$K$2:$L$4,2,FALSE)+VLOOKUP('READMIT Patient Registry'!O271,Key!$K$6:$L$8,2,FALSE)+VLOOKUP('READMIT Patient Registry'!P271,Key!$M$2:$N$5,2,FALSE),\"\")","v":""},{"$f":"IFERROR(VLOOKUP(Q271,Key!$A$17:$B$20,2,TRUE),\"\")","v":""}]
[null,null,null,null,null,null,null,null,null,null,null,null,null,null,null,null,{"$f":"IFERROR(VLOOKUP(E272,Key!$A$2:$B$6,2,FALSE)+VLOOKUP(F272,Key!$C$2:$D$4,2,FALSE)+VLOOKUP(G272,Key!$C$6:$D$8,2,FALSE)+VLOOKUP('READMIT Patient Registry'!H272,Key!$C$10:$D$12,2,FALSE)+VLOOKUP('READMIT Patient Registry'!I272,Key!$E$2:$F$11,2,FALSE)+VLOOKUP('READMIT Patient Registry'!J272,Key!$G$2:$H$6,2,FALSE)+VLOOKUP('READMIT Patient Registry'!K272,Key!$G$8:$H$10,2,FALSE)+VLOOKUP('READMIT Patient Registry'!L272,Key!$G$12:$H$14,2,FALSE)+VLOOKUP('READMIT Patient Registry'!M272,Key!$I$2:$J$5,2,FALSE)+VLOOKUP('READMIT Patient Registry'!N272,Key!$K$2:$L$4,2,FALSE)+VLOOKUP('READMIT Patient Registry'!O272,Key!$K$6:$L$8,2,FALSE)+VLOOKUP('READMIT Patient Registry'!P272,Key!$M$2:$N$5,2,FALSE),\"\")","v":""},{"$f":"IFERROR(VLOOKUP(Q272,Key!$A$17:$B$20,2,TRUE),\"\")","v":""}]
[null,null,null,null,null,null,null,null,null,null,null,null,null,null,null,null,{"$f":"IFERROR(VLOOKUP(E273,Key!$A$2:$B$6,2,FALSE)+VLOOKUP(F273,Key!$C$2:$D$4,2,FALSE)+VLOOKUP(G273,Key!$C$6:$D$8,2,FALSE)+VLOOKUP('READMIT Patient Registry'!H273,Key!$C$10:$D$12,2,FALSE)+VLOOKUP('READMIT Patient Registry'!I273,Key!$E$2:$F$11,2,FALSE)+VLOOKUP('READMIT Patient Registry'!J273,Key!$G$2:$H$6,2,FALSE)+VLOOKUP('READMIT Patient Registry'!K273,Key!$G$8:$H$10,2,FALSE)+VLOOKUP('READMIT Patient Registry'!L273,Key!$G$12:$H$14,2,FALSE)+VLOOKUP('READMIT Patient Registry'!M273,Key!$I$2:$J$5,2,FALSE)+VLOOKUP('READMIT Patient Registry'!N273,Key!$K$2:$L$4,2,FALSE)+VLOOKUP('READMIT Patient Registry'!O273,Key!$K$6:$L$8,2,FALSE)+VLOOKUP('READMIT Patient Registry'!P273,Key!$M$2:$N$5,2,FALSE),\"\")","v":""},{"$f":"IFERROR(VLOOKUP(Q273,Key!$A$17:$B$20,2,TRUE),\"\")","v":""}]
[null,null,null,null,null,null,null,null,null,null,null,null,null,null,null,null,{"$f":"IFERROR(VLOOKUP(E274,Key!$A$2:$B$6,2,FALSE)+VLOOKUP(F274,Key!$C$2:$D$4,2,FALSE)+VLOOKUP(G274,Key!$C$6:$D$8,2,FALSE)+VLOOKUP('READMIT Patient Registry'!H274,Key!$C$10:$D$12,2,FALSE)+VLOOKUP('READMIT Patient Registry'!I274,Key!$E$2:$F$11,2,FALSE)+VLOOKUP('READMIT Patient Registry'!J274,Key!$G$2:$H$6,2,FALSE)+VLOOKUP('READMIT Patient Registry'!K274,Key!$G$8:$H$10,2,FALSE)+VLOOKUP('READMIT Patient Registry'!L274,Key!$G$12:$H$14,2,FALSE)+VLOOKUP('READMIT Patient Registry'!M274,Key!$I$2:$J$5,2,FALSE)+VLOOKUP('READMIT Patient Registry'!N274,Key!$K$2:$L$4,2,FALSE)+VLOOKUP('READMIT Patient Registry'!O274,Key!$K$6:$L$8,2,FALSE)+VLOOKUP('READMIT Patient Registry'!P274,Key!$M$2:$N$5,2,FALSE),\"\")","v":""},{"$f":"IFERROR(VLOOKUP(Q274,Key!$A$17:$B$20,2,TRUE),\"\")","v":""}]
[null,null,null,null,null,null,null,null,null,null,null,null,null,null,null,null,{"$f":"IFERROR(VLOOKUP(E275,Key!$A$2:$B$6,2,FALSE)+VLOOKUP(F275,Key!$C$2:$D$4,2,FALSE)+VLOOKUP(G275,Key!$C$6:$D$8,2,FALSE)+VLOOKUP('READMIT Patient Registry'!H275,Key!$C$10:$D$12,2,FALSE)+VLOOKUP('READMIT Patient Registry'!I275,Key!$E$2:$F$11,2,FALSE)+VLOOKUP('READMIT Patient Registry'!J275,Key!$G$2:$H$6,2,FALSE)+VLOOKUP('READMIT Patient Registry'!K275,Key!$G$8:$H$10,2,FALSE)+VLOOKUP('READMIT Patient Registry'!L275,Key!$G$12:$H$14,2,FALSE)+VLOOKUP('READMIT Patient Registry'!M275,Key!$I$2:$J$5,2,FALSE)+VLOOKUP('READMIT Patient Registry'!N275,Key!$K$2:$L$4,2,FALSE)+VLOOKUP('READMIT Patient Registry'!O275,Key!$K$6:$L$8,2,FALSE)+VLOOKUP('READMIT Patient Registry'!P275,Key!$M$2:$N$5,2,FALSE),\"\")","v":""},{"$f":"IFERROR(VLOOKUP(Q275,Key!$A$17:$B$20,2,TRUE),\"\")","v":""}]
[null,null,null,null,null,null,null,null,null,null,null,null,null,null,null,null,{"$f":"IFERROR(VLOOKUP(E276,Key!$A$2:$B$6,2,FALSE)+VLOOKUP(F276,Key!$C$2:$D$4,2,FALSE)+VLOOKUP(G276,Key!$C$6:$D$8,2,FALSE)+VLOOKUP('READMIT Patient Registry'!H276,Key!$C$10:$D$12,2,FALSE)+VLOOKUP('READMIT Patient Registry'!I276,Key!$E$2:$F$11,2,FALSE)+VLOOKUP('READMIT Patient Registry'!J276,Key!$G$2:$H$6,2,FALSE)+VLOOKUP('READMIT Patient Registry'!K276,Key!$G$8:$H$10,2,FALSE)+VLOOKUP('READMIT Patient Registry'!L276,Key!$G$12:$H$14,2,FALSE)+VLOOKUP('READMIT Patient Registry'!M276,Key!$I$2:$J$5,2,FALSE)+VLOOKUP('READMIT Patient Registry'!N276,Key!$K$2:$L$4,2,FALSE)+VLOOKUP('READMIT Patient Registry'!O276,Key!$K$6:$L$8,2,FALSE)+VLOOKUP('READMIT Patient Registry'!P276,Key!$M$2:$N$5,2,FALSE),\"\")","v":""},{"$f":"IFERROR(VLOOKUP(Q276,Key!$A$17:$B$20,2,TRUE),\"\")","v":""}]
[null,null,null,null,null,null,null,null,null,null,null,null,null,null,null,null,{"$f":"IFERROR(VLOOKUP(E277,Key!$A$2:$B$6,2,FALSE)+VLOOKUP(F277,Key!$C$2:$D$4,2,FALSE)+VLOOKUP(G277,Key!$C$6:$D$8,2,FALSE)+VLOOKUP('READMIT Patient Registry'!H277,Key!$C$10:$D$12,2,FALSE)+VLOOKUP('READMIT Patient Registry'!I277,Key!$E$2:$F$11,2,FALSE)+VLOOKUP('READMIT Patient Registry'!J277,Key!$G$2:$H$6,2,FALSE)+VLOOKUP('READMIT Patient Registry'!K277,Key!$G$8:$H$10,2,FALSE)+VLOOKUP('READMIT Patient Registry'!L277,Key!$G$12:$H$14,2,FALSE)+VLOOKUP('READMIT Patient Registry'!M277,Key!$I$2:$J$5,2,FALSE)+VLOOKUP('READMIT Patient Registry'!N277,Key!$K$2:$L$4,2,FALSE)+VLOOKUP('READMIT Patient Registry'!O277,Key!$K$6:$L$8,2,FALSE)+VLOOKUP('READMIT Patient Registry'!P277,Key!$M$2:$N$5,2,FALSE),\"\")","v":""},{"$f":"IFERROR(VLOOKUP(Q277,Key!$A$17:$B$20,2,TRUE),\"\")","v":""}]
[null,null,null,null,null,null,null,null,null,null,null,null,null,null,null,null,{"$f":"IFERROR(VLOOKUP(E278,Key!$A$2:$B$6,2,FALSE)+VLOOKUP(F278,Key!$C$2:$D$4,2,FALSE)+VLOOKUP(G278,Key!$C$6:$D$8,2,FALSE)+VLOOKUP('READMIT Patient Registry'!H278,Key!$C$10:$D$12,2,FALSE)+VLOOKUP('READMIT Patient Registry'!I278,Key!$E$2:$F$11,2,FALSE)+VLOOKUP('READMIT Patient Registry'!J278,Key!$G$2:$H$6,2,FALSE)+VLOOKUP('READMIT Patient Registry'!K278,Key!$G$8:$H$10,2,FALSE)+VLOOKUP('READMIT Patient Registry'!L278,Key!$G$12:$H$14,2,FALSE)+VLOOKUP('READMIT Patient Registry'!M278,Key!$I$2:$J$5,2,FALSE)+VLOOKUP('READMIT Patient Registry'!N278,Key!$K$2:$L$4,2,FALSE)+VLOOKUP('READMIT Patient Registry'!O278,Key!$K$6:$L$8,2,FALSE)+VLOOKUP('READMIT Patient Registry'!P278,Key!$M$2:$N$5,2,FALSE),\"\")","v":""},{"$f":"IFERROR(VLOOKUP(Q278,Key!$A$17:$B$20,2,TRUE),\"\")","v":""}]
[null,null,null,null,null,null,null,null,null,null,null,null,null,null,null,null,{"$f":"IFERROR(VLOOKUP(E279,Key!$A$2:$B$6,2,FALSE)+VLOOKUP(F279,Key!$C$2:$D$4,2,FALSE)+VLOOKUP(G279,Key!$C$6:$D$8,2,FALSE)+VLOOKUP('READMIT Patient Registry'!H279,Key!$C$10:$D$12,2,FALSE)+VLOOKUP('READMIT Patient Registry'!I279,Key!$E$2:$F$11,2,FALSE)+VLOOKUP('READMIT Patient Registry'!J279,Key!$G$2:$H$6,2,FALSE)+VLOOKUP('READMIT Patient Registry'!K279,Key!$G$8:$H$10,2,FALSE)+VLOOKUP('READMIT Patient Registry'!L279,Key!$G$12:$H$14,2,FALSE)+VLOOKUP('READMIT Patient Registry'!M279,Key!$I$2:$J$5,2,FALSE)+VLOOKUP('READMIT Patient Registry'!N279,Key!$K$2:$L$4,2,FALSE)+VLOOKUP('READMIT Patient Registry'!O279,Key!$K$6:$L$8,2,FALSE)+VLOOKUP('READMIT Patient Registry'!P279,Key!$M$2:$N$5,2,FALSE),\"\")","v":""},{"$f":"IFERROR(VLOOKUP(Q279,Key!$A$17:$B$20,2,TRUE),\"\")","v":""}]
[null,null,null,null,null,null,null,null,null,null,null,null,null,null,null,null,{"$f":"IFERROR(VLOOKUP(E280,Key!$A$2:$B$6,2,FALSE)+VLOOKUP(F280,Key!$C$2:$D$4,2,FALSE)+VLOOKUP(G280,Key!$C$6:$D$8,2,FALSE)+VLOOKUP('READMIT Patient Registry'!H280,Key!$C$10:$D$12,2,FALSE)+VLOOKUP('READMIT Patient Registry'!I280,Key!$E$2:$F$11,2,FALSE)+VLOOKUP('READMIT Patient Registry'!J280,Key!$G$2:$H$6,2,FALSE)+VLOOKUP('READMIT Patient Registry'!K280,Key!$G$8:$H$10,2,FALSE)+VLOOKUP('READMIT Patient Registry'!L280,Key!$G$12:$H$14,2,FALSE)+VLOOKUP('READMIT Patient Registry'!M280,Key!$I$2:$J$5,2,FALSE)+VLOOKUP('READMIT Patient Registry'!N280,Key!$K$2:$L$4,2,FALSE)+VLOOKUP('READMIT Patient Registry'!O280,Key!$K$6:$L$8,2,FALSE)+VLOOKUP('READMIT Patient Registry'!P280,Key!$M$2:$N$5,2,FALSE),\"\")","v":""},{"$f":"IFERROR(VLOOKUP(Q280,Key!$A$17:$B$20,2,TRUE),\"\")","v":""}]
[null,null,null,null,null,null,null,null,null,null,null,null,null,null,null,null,{"$f":"IFERROR(VLOOKUP(E281,Key!$A$2:$B$6,2,FALSE)+VLOOKUP(F281,Key!$C$2:$D$4,2,FALSE)+VLOOKUP(G281,Key!$C$6:$D$8,2,FALSE)+VLOOKUP('READMIT Patient Registry'!H281,Key!$C$10:$D$12,2,FALSE)+VLOOKUP('READMIT Patient Registry'!I281,Key!$E$2:$F$11,2,FALSE)+VLOOKUP('READMIT Patient Registry'!J281,Key!$G$2:$H$6,2,FALSE)+VLOOKUP('READMIT Patient Registry'!K281,Key!$G$8:$H$10,2,FALSE)+VLOOKUP('READMIT Patient Registry'!L281,Key!$G$12:$H$14,2,FALSE)+VLOOKUP('READMIT Patient Registry'!M281,Key!$I$2:$J$5,2,FALSE)+VLOOKUP('READMIT Patient Registry'!N281,Key!$K$2:$L$4,2,FALSE)+VLOOKUP('READMIT Patient Registry'!O281,Key!$K$6:$L$8,2,FALSE)+VLOOKUP('READMIT Patient Registry'!P281,Key!$M$2:$N$5,2,FALSE),\"\")","v":""},{"$f":"IFERROR(VLOOKUP(Q281,Key!$A$17:$B$20,2,TRUE),\"\")","v":""}]
[null,null,null,null,null,null,null,null,null,null,null,null,null,null,null,null,{"$f":"IFERROR(VLOOKUP(E282,Key!$A$2:$B$6,2,FALSE)+VLOOKUP(F282,Key!$C$2:$D$4,2,FALSE)+VLOOKUP(G282,Key!$C$6:$D$8,2,FALSE)+VLOOKUP('READMIT Patient Registry'!H282,Key!$C$10:$D$12,2,FALSE)+VLOOKUP('READMIT Patient Registry'!I282,Key!$E$2:$F$11,2,FALSE)+VLOOKUP('READMIT Patient Registry'!J282,Key!$G$2:$H$6,2,FALSE)+VLOOKUP('READMIT Patient Registry'!K282,Key!$G$8:$H$10,2,FALSE)+VLOOKUP('READMIT Patient Registry'!L282,Key!$G$12:$H$14,2,FALSE)+VLOOKUP('READMIT Patient Registry'!M282,Key!$I$2:$J$5,2,FALSE)+VLOOKUP('READMIT Patient Registry'!N282,Key!$K$2:$L$4,2,FALSE)+VLOOKUP('READMIT Patient Registry'!O282,Key!$K$6:$L$8,2,FALSE)+VLOOKUP('READMIT Patient Registry'!P282,Key!$M$2:$N$5,2,FALSE),\"\")","v":""},{"$f":"IFERROR(VLOOKUP(Q282,Key!$A$17:$B$20,2,TRUE),\"\")","v":""}]
[null,null,null,null,null,null,null,null,null,null,null,null,null,null,null,null,{"$f":"IFERROR(VLOOKUP(E283,Key!$A$2:$B$6,2,FALSE)+VLOOKUP(F283,Key!$C$2:$D$4,2,FALSE)+VLOOKUP(G283,Key!$C$6:$D$8,2,FALSE)+VLOOKUP('READMIT Patient Registry'!H283,Key!$C$10:$D$12,2,FALSE)+VLOOKUP('READMIT Patient Registry'!I283,Key!$E$2:$F$11,2,FALSE)+VLOOKUP('READMIT Patient Registry'!J283,Key!$G$2:$H$6,2,FALSE)+VLOOKUP('READMIT Patient Registry'!K283,Key!$G$8:$H$10,2,FALSE)+VLOOKUP('READMIT Patient Registry'!L283,Key!$G$12:$H$14,2,FALSE)+VLOOKUP('READMIT Patient Registry'!M283,Key!$I$2:$J$5,2,FALSE)+VLOOKUP('READMIT Patient Registry'!N283,Key!$K$2:$L$4,2,FALSE)+VLOOKUP('READMIT Patient Registry'!O283,Key!$K$6:$L$8,2,FALSE)+VLOOKUP('READMIT Patient Registry'!P283,Key!$M$2:$N$5,2,FALSE),\"\")","v":""},{"$f":"IFERROR(VLOOKUP(Q283,Key!$A$17:$B$20,2,TRUE),\"\")","v":""}]
[null,null,null,null,null,null,null,null,null,null,null,null,null,null,null,null,{"$f":"IFERROR(VLOOKUP(E284,Key!$A$2:$B$6,2,FALSE)+VLOOKUP(F284,Key!$C$2:$D$4,2,FALSE)+VLOOKUP(G284,Key!$C$6:$D$8,2,FALSE)+VLOOKUP('READMIT Patient Registry'!H284,Key!$C$10:$D$12,2,FALSE)+VLOOKUP('READMIT Patient Registry'!I284,Key!$E$2:$F$11,2,FALSE)+VLOOKUP('READMIT Patient Registry'!J284,Key!$G$2:$H$6,2,FALSE)+VLOOKUP('READMIT Patient Registry'!K284,Key!$G$8:$H$10,2,FALSE)+VLOOKUP('READMIT Patient Registry'!L284,Key!$G$12:$H$14,2,FALSE)+VLOOKUP('READMIT Patient Registry'!M284,Key!$I$2:$J$5,2,FALSE)+VLOOKUP('READMIT Patient Registry'!N284,Key!$K$2:$L$4,2,FALSE)+VLOOKUP('READMIT Patient Registry'!O284,Key!$K$6:$L$8,2,FALSE)+VLOOKUP('READMIT Patient Registry'!P284,Key!$M$2:$N$5,2,FALSE),\"\")","v":""},{"$f":"IFERROR(VLOOKUP(Q284,Key!$A$17:$B$20,2,TRUE),\"\")","v":""}]
[null,null,null,null,null,null,null,null,null,null,null,null,null,null,null,null,{"$f":"IFERROR(VLOOKUP(E285,Key!$A$2:$B$6,2,FALSE)+VLOOKUP(F285,Key!$C$2:$D$4,2,FALSE)+VLOOKUP(G285,Key!$C$6:$D$8,2,FALSE)+VLOOKUP('READMIT Patient Registry'!H285,Key!$C$10:$D$12,2,FALSE)+VLOOKUP('READMIT Patient Registry'!I285,Key!$E$2:$F$11,2,FALSE)+VLOOKUP('READMIT Patient Registry'!J285,Key!$G$2:$H$6,2,FALSE)+VLOOKUP('READMIT Patient Registry'!K285,Key!$G$8:$H$10,2,FALSE)+VLOOKUP('READMIT Patient Registry'!L285,Key!$G$12:$H$14,2,FALSE)+VLOOKUP('READMIT Patient Registry'!M285,Key!$I$2:$J$5,2,FALSE)+VLOOKUP('READMIT Patient Registry'!N285,Key!$K$2:$L$4,2,FALSE)+VLOOKUP('READMIT Patient Registry'!O285,Key!$K$6:$L$8,2,FALSE)+VLOOKUP('READMIT Patient Registry'!P285,Key!$M$2:$N$5,2,FALSE),\"\")","v":""},{"$f":"IFERROR(VLOOKUP(Q285,Key!$A$17:$B$20,2,TRUE),\"\")","v":""}]
[null,null,null,null,null,null,null,null,null,null,null,null,null,null,null,null,{"$f":"IFERROR(VLOOKUP(E286,Key!$A$2:$B$6,2,FALSE)+VLOOKUP(F286,Key!$C$2:$D$4,2,FALSE)+VLOOKUP(G286,Key!$C$6:$D$8,2,FALSE)+VLOOKUP('READMIT Patient Registry'!H286,Key!$C$10:$D$12,2,FALSE)+VLOOKUP('READMIT Patient Registry'!I286,Key!$E$2:$F$11,2,FALSE)+VLOOKUP('READMIT Patient Registry'!J286,Key!$G$2:$H$6,2,FALSE)+VLOOKUP('READMIT Patient Registry'!K286,Key!$G$8:$H$10,2,FALSE)+VLOOKUP('READMIT Patient Registry'!L286,Key!$G$12:$H$14,2,FALSE)+VLOOKUP('READMIT Patient Registry'!M286,Key!$I$2:$J$5,2,FALSE)+VLOOKUP('READMIT Patient Registry'!N286,Key!$K$2:$L$4,2,FALSE)+VLOOKUP('READMIT Patient Registry'!O286,Key!$K$6:$L$8,2,FALSE)+VLOOKUP('READMIT Patient Registry'!P286,Key!$M$2:$N$5,2,FALSE),\"\")","v":""},{"$f":"IFERROR(VLOOKUP(Q286,Key!$A$17:$B$20,2,TRUE),\"\")","v":""}]
[null,null,null,null,null,null,null,null,null,null,null,null,null,null,null,null,{"$f":"IFERROR(VLOOKUP(E287,Key!$A$2:$B$6,2,FALSE)+VLOOKUP(F287,Key!$C$2:$D$4,2,FALSE)+VLOOKUP(G287,Key!$C$6:$D$8,2,FALSE)+VLOOKUP('READMIT Patient Registry'!H287,Key!$C$10:$D$12,2,FALSE)+VLOOKUP('READMIT Patient Registry'!I287,Key!$E$2:$F$11,2,FALSE)+VLOOKUP('READMIT Patient Registry'!J287,Key!$G$2:$H$6,2,FALSE)+VLOOKUP('READMIT Patient Registry'!K287,Key!$G$8:$H$10,2,FALSE)+VLOOKUP('READMIT Patient Registry'!L287,Key!$G$12:$H$14,2,FALSE)+VLOOKUP('READMIT Patient Registry'!M287,Key!$I$2:$J$5,2,FALSE)+VLOOKUP('READMIT Patient Registry'!N287,Key!$K$2:$L$4,2,FALSE)+VLOOKUP('READMIT Patient Registry'!O287,Key!$K$6:$L$8,2,FALSE)+VLOOKUP('READMIT Patient Registry'!P287,Key!$M$2:$N$5,2,FALSE),\"\")","v":""},{"$f":"IFERROR(VLOOKUP(Q287,Key!$A$17:$B$20,2,TRUE),\"\")","v":""}]
[null,null,null,null,null,null,null,null,null,null,null,null,null,null,null,null,{"$f":"IFERROR(VLOOKUP(E288,Key!$A$2:$B$6,2,FALSE)+VLOOKUP(F288,Key!$C$2:$D$4,2,FALSE)+VLOOKUP(G288,Key!$C$6:$D$8,2,FALSE)+VLOOKUP('READMIT Patient Registry'!H288,Key!$C$10:$D$12,2,FALSE)+VLOOKUP('READMIT Patient Registry'!I288,Key!$E$2:$F$11,2,FALSE)+VLOOKUP('READMIT Patient Registry'!J288,Key!$G$2:$H$6,2,FALSE)+VLOOKUP('READMIT Patient Registry'!K288,Key!$G$8:$H$10,2,FALSE)+VLOOKUP('READMIT Patient Registry'!L288,Key!$G$12:$H$14,2,FALSE)+VLOOKUP('READMIT Patient Registry'!M288,Key!$I$2:$J$5,2,FALSE)+VLOOKUP('READMIT Patient Registry'!N288,Key!$K$2:$L$4,2,FALSE)+VLOOKUP('READMIT Patient Registry'!O288,Key!$K$6:$L$8,2,FALSE)+VLOOKUP('READMIT Patient Registry'!P288,Key!$M$2:$N$5,2,FALSE),\"\")","v":""},{"$f":"IFERROR(VLOOKUP(Q288,Key!$A$17:$B$20,2,TRUE),\"\")","v":""}]
[null,null,null,null,null,null,null,null,null,null,null,null,null,null,null,null,{"$f":"IFERROR(VLOOKUP(E289,Key!$A$2:$B$6,2,FALSE)+VLOOKUP(F289,Key!$C$2:$D$4,2,FALSE)+VLOOKUP(G289,Key!$C$6:$D$8,2,FALSE)+VLOOKUP('READMIT Patient Registry'!H289,Key!$C$10:$D$12,2,FALSE)+VLOOKUP('READMIT Patient Registry'!I289,Key!$E$2:$F$11,2,FALSE)+VLOOKUP('READMIT Patient Registry'!J289,Key!$G$2:$H$6,2,FALSE)+VLOOKUP('READMIT Patient Registry'!K289,Key!$G$8:$H$10,2,FALSE)+VLOOKUP('READMIT Patient Registry'!L289,Key!$G$12:$H$14,2,FALSE)+VLOOKUP('READMIT Patient Registry'!M289,Key!$I$2:$J$5,2,FALSE)+VLOOKUP('READMIT Patient Registry'!N289,Key!$K$2:$L$4,2,FALSE)+VLOOKUP('READMIT Patient Registry'!O289,Key!$K$6:$L$8,2,FALSE)+VLOOKUP('READMIT Patient Registry'!P289,Key!$M$2:$N$5,2,FALSE),\"\")","v":""},{"$f":"IFERROR(VLOOKUP(Q289,Key!$A$17:$B$20,2,TRUE),\"\")","v":""}]
[null,null,null,null,null,null,null,null,null,null,null,null,null,null,null,null,{"$f":"IFERROR(VLOOKUP(E290,Key!$A$2:$B$6,2,FALSE)+VLOOKUP(F290,Key!$C$2:$D$4,2,FALSE)+VLOOKUP(G290,Key!$C$6:$D$8,2,FALSE)+VLOOKUP('READMIT Patient Registry'!H290,Key!$C$10:$D$12,2,FALSE)+VLOOKUP('READMIT Patient Registry'!I290,Key!$E$2:$F$11,2,FALSE)+VLOOKUP('READMIT Patient Registry'!J290,Key!$G$2:$H$6,2,FALSE)+VLOOKUP('READMIT Patient Registry'!K290,Key!$G$8:$H$10,2,FALSE)+VLOOKUP('READMIT Patient Registry'!L290,Key!$G$12:$H$14,2,FALSE)+VLOOKUP('READMIT Patient Registry'!M290,Key!$I$2:$J$5,2,FALSE)+VLOOKUP('READMIT Patient Registry'!N290,Key!$K$2:$L$4,2,FALSE)+VLOOKUP('READMIT Patient Registry'!O290,Key!$K$6:$L$8,2,FALSE)+VLOOKUP('READMIT Patient Registry'!P290,Key!$M$2:$N$5,2,FALSE),\"\")","v":""},{"$f":"IFERROR(VLOOKUP(Q290,Key!$A$17:$B$20,2,TRUE),\"\")","v":""}]
[null,null,null,null,null,null,null,null,null,null,null,null,null,null,null,null,{"$f":"IFERROR(VLOOKUP(E291,Key!$A$2:$B$6,2,FALSE)+VLOOKUP(F291,Key!$C$2:$D$4,2,FALSE)+VLOOKUP(G291,Key!$C$6:$D$8,2,FALSE)+VLOOKUP('READMIT Patient Registry'!H291,Key!$C$10:$D$12,2,FALSE)+VLOOKUP('READMIT Patient Registry'!I291,Key!$E$2:$F$11,2,FALSE)+VLOOKUP('READMIT Patient Registry'!J291,Key!$G$2:$H$6,2,FALSE)+VLOOKUP('READMIT Patient Registry'!K291,Key!$G$8:$H$10,2,FALSE)+VLOOKUP('READMIT Patient Registry'!L291,Key!$G$12:$H$14,2,FALSE)+VLOOKUP('READMIT Patient Registry'!M291,Key!$I$2:$J$5,2,FALSE)+VLOOKUP('READMIT Patient Registry'!N291,Key!$K$2:$L$4,2,FALSE)+VLOOKUP('READMIT Patient Registry'!O291,Key!$K$6:$L$8,2,FALSE)+VLOOKUP('READMIT Patient Registry'!P291,Key!$M$2:$N$5,2,FALSE),\"\")","v":""},{"$f":"IFERROR(VLOOKUP(Q291,Key!$A$17:$B$20,2,TRUE),\"\")","v":""}]
[null,null,null,null,null,null,null,null,null,null,null,null,null,null,null,null,{"$f":"IFERROR(VLOOKUP(E292,Key!$A$2:$B$6,2,FALSE)+VLOOKUP(F292,Key!$C$2:$D$4,2,FALSE)+VLOOKUP(G292,Key!$C$6:$D$8,2,FALSE)+VLOOKUP('READMIT Patient Registry'!H292,Key!$C$10:$D$12,2,FALSE)+VLOOKUP('READMIT Patient Registry'!I292,Key!$E$2:$F$11,2,FALSE)+VLOOKUP('READMIT Patient Registry'!J292,Key!$G$2:$H$6,2,FALSE)+VLOOKUP('READMIT Patient Registry'!K292,Key!$G$8:$H$10,2,FALSE)+VLOOKUP('READMIT Patient Registry'!L292,Key!$G$12:$H$14,2,FALSE)+VLOOKUP('READMIT Patient Registry'!M292,Key!$I$2:$J$5,2,FALSE)+VLOOKUP('READMIT Patient Registry'!N292,Key!$K$2:$L$4,2,FALSE)+VLOOKUP('READMIT Patient Registry'!O292,Key!$K$6:$L$8,2,FALSE)+VLOOKUP('READMIT Patient Registry'!P292,Key!$M$2:$N$5,2,FALSE),\"\")","v":""},{"$f":"IFERROR(VLOOKUP(Q292,Key!$A$17:$B$20,2,TRUE),\"\")","v":""}]
[null,null,null,null,null,null,null,null,null,null,null,null,null,null,null,null,{"$f":"IFERROR(VLOOKUP(E293,Key!$A$2:$B$6,2,FALSE)+VLOOKUP(F293,Key!$C$2:$D$4,2,FALSE)+VLOOKUP(G293,Key!$C$6:$D$8,2,FALSE)+VLOOKUP('READMIT Patient Registry'!H293,Key!$C$10:$D$12,2,FALSE)+VLOOKUP('READMIT Patient Registry'!I293,Key!$E$2:$F$11,2,FALSE)+VLOOKUP('READMIT Patient Registry'!J293,Key!$G$2:$H$6,2,FALSE)+VLOOKUP('READMIT Patient Registry'!K293,Key!$G$8:$H$10,2,FALSE)+VLOOKUP('READMIT Patient Registry'!L293,Key!$G$12:$H$14,2,FALSE)+VLOOKUP('READMIT Patient Registry'!M293,Key!$I$2:$J$5,2,FALSE)+VLOOKUP('READMIT Patient Registry'!N293,Key!$K$2:$L$4,2,FALSE)+VLOOKUP('READMIT Patient Registry'!O293,Key!$K$6:$L$8,2,FALSE)+VLOOKUP('READMIT Patient Registry'!P293,Key!$M$2:$N$5,2,FALSE),\"\")","v":""},{"$f":"IFERROR(VLOOKUP(Q293,Key!$A$17:$B$20,2,TRUE),\"\")","v":""}]
[null,null,null,null,null,null,null,null,null,null,null,null,null,null,null,null,{"$f":"IFERROR(VLOOKUP(E294,Key!$A$2:$B$6,2,FALSE)+VLOOKUP(F294,Key!$C$2:$D$4,2,FALSE)+VLOOKUP(G294,Key!$C$6:$D$8,2,FALSE)+VLOOKUP('READMIT Patient Registry'!H294,Key!$C$10:$D$12,2,FALSE)+VLOOKUP('READMIT Patient Registry'!I294,Key!$E$2:$F$11,2,FALSE)+VLOOKUP('READMIT Patient Registry'!J294,Key!$G$2:$H$6,2,FALSE)+VLOOKUP('READMIT Patient Registry'!K294,Key!$G$8:$H$10,2,FALSE)+VLOOKUP('READMIT Patient Registry'!L294,Key!$G$12:$H$14,2,FALSE)+VLOOKUP('READMIT Patient Registry'!M294,Key!$I$2:$J$5,2,FALSE)+VLOOKUP('READMIT Patient Registry'!N294,Key!$K$2:$L$4,2,FALSE)+VLOOKUP('READMIT Patient Registry'!O294,Key!$K$6:$L$8,2,FALSE)+VLOOKUP('READMIT Patient Registry'!P294,Key!$M$2:$N$5,2,FALSE),\"\")","v":""},{"$f":"IFERROR(VLOOKUP(Q294,Key!$A$17:$B$20,2,TRUE),\"\")","v":""}]
[null,null,null,null,null,null,null,null,null,null,null,null,null,null,null,null,{"$f":"IFERROR(VLOOKUP(E295,Key!$A$2:$B$6,2,FALSE)+VLOOKUP(F295,Key!$C$2:$D$4,2,FALSE)+VLOOKUP(G295,Key!$C$6:$D$8,2,FALSE)+VLOOKUP('READMIT Patient Registry'!H295,Key!$C$10:$D$12,2,FALSE)+VLOOKUP('READMIT Patient Registry'!I295,Key!$E$2:$F$11,2,FALSE)+VLOOKUP('READMIT Patient Registry'!J295,Key!$G$2:$H$6,2,FALSE)+VLOOKUP('READMIT Patient Registry'!K295,Key!$G$8:$H$10,2,FALSE)+VLOOKUP('READMIT Patient Registry'!L295,Key!$G$12:$H$14,2,FALSE)+VLOOKUP('READMIT Patient Registry'!M295,Key!$I$2:$J$5,2,FALSE)+VLOOKUP('READMIT Patient Registry'!N295,Key!$K$2:$L$4,2,FALSE)+VLOOKUP('READMIT Patient Registry'!O295,Key!$K$6:$L$8,2,FALSE)+VLOOKUP('READMIT Patient Registry'!P295,Key!$M$2:$N$5,2,FALSE),\"\")","v":""},{"$f":"IFERROR(VLOOKUP(Q295,Key!$A$17:$B$20,2,TRUE),\"\")","v":""}]
[null,null,null,null,null,null,null,null,null,null,null,null,null,null,null,null,{"$f":"IFERROR(VLOOKUP(E296,Key!$A$2:$B$6,2,FALSE)+VLOOKUP(F296,Key!$C$2:$D$4,2,FALSE)+VLOOKUP(G296,Key!$C$6:$D$8,2,FALSE)+VLOOKUP('READMIT Patient Registry'!H296,Key!$C$10:$D$12,2,FALSE)+VLOOKUP('READMIT Patient Registry'!I296,Key!$E$2:$F$11,2,FALSE)+VLOOKUP('READMIT Patient Registry'!J296,Key!$G$2:$H$6,2,FALSE)+VLOOKUP('READMIT Patient Registry'!K296,Key!$G$8:$H$10,2,FALSE)+VLOOKUP('READMIT Patient Registry'!L296,Key!$G$12:$H$14,2,FALSE)+VLOOKUP('READMIT Patient Registry'!M296,Key!$I$2:$J$5,2,FALSE)+VLOOKUP('READMIT Patient Registry'!N296,Key!$K$2:$L$4,2,FALSE)+VLOOKUP('READMIT Patient Registry'!O296,Key!$K$6:$L$8,2,FALSE)+VLOOKUP('READMIT Patient Registry'!P296,Key!$M$2:$N$5,2,FALSE),\"\")","v":""},{"$f":"IFERROR(VLOOKUP(Q296,Key!$A$17:$B$20,2,TRUE),\"\")","v":""}]
[null,null,null,null,null,null,null,null,null,null,null,null,null,null,null,null,{"$f":"IFERROR(VLOOKUP(E297,Key!$A$2:$B$6,2,FALSE)+VLOOKUP(F297,Key!$C$2:$D$4,2,FALSE)+VLOOKUP(G297,Key!$C$6:$D$8,2,FALSE)+VLOOKUP('READMIT Patient Registry'!H297,Key!$C$10:$D$12,2,FALSE)+VLOOKUP('READMIT Patient Registry'!I297,Key!$E$2:$F$11,2,FALSE)+VLOOKUP('READMIT Patient Registry'!J297,Key!$G$2:$H$6,2,FALSE)+VLOOKUP('READMIT Patient Registry'!K297,Key!$G$8:$H$10,2,FALSE)+VLOOKUP('READMIT Patient Registry'!L297,Key!$G$12:$H$14,2,FALSE)+VLOOKUP('READMIT Patient Registry'!M297,Key!$I$2:$J$5,2,FALSE)+VLOOKUP('READMIT Patient Registry'!N297,Key!$K$2:$L$4,2,FALSE)+VLOOKUP('READMIT Patient Registry'!O297,Key!$K$6:$L$8,2,FALSE)+VLOOKUP('READMIT Patient Registry'!P297,Key!$M$2:$N$5,2,FALSE),\"\")","v":""},{"$f":"IFERROR(VLOOKUP(Q297,Key!$A$17:$B$20,2,TRUE),\"\")","v":""}]
[null,null,null,null,null,null,null,null,null,null,null,null,null,null,null,null,{"$f":"IFERROR(VLOOKUP(E298,Key!$A$2:$B$6,2,FALSE)+VLOOKUP(F298,Key!$C$2:$D$4,2,FALSE)+VLOOKUP(G298,Key!$C$6:$D$8,2,FALSE)+VLOOKUP('READMIT Patient Registry'!H298,Key!$C$10:$D$12,2,FALSE)+VLOOKUP('READMIT Patient Registry'!I298,Key!$E$2:$F$11,2,FALSE)+VLOOKUP('READMIT Patient Registry'!J298,Key!$G$2:$H$6,2,FALSE)+VLOOKUP('READMIT Patient Registry'!K298,Key!$G$8:$H$10,2,FALSE)+VLOOKUP('READMIT Patient Registry'!L298,Key!$G$12:$H$14,2,FALSE)+VLOOKUP('READMIT Patient Registry'!M298,Key!$I$2:$J$5,2,FALSE)+VLOOKUP('READMIT Patient Registry'!N298,Key!$K$2:$L$4,2,FALSE)+VLOOKUP('READMIT Patient Registry'!O298,Key!$K$6:$L$8,2,FALSE)+VLOOKUP('READMIT Patient Registry'!P298,Key!$M$2:$N$5,2,FALSE),\"\")","v":""},{"$f":"IFERROR(VLOOKUP(Q298,Key!$A$17:$B$20,2,TRUE),\"\")","v":""}]
[null,null,null,null,null,null,null,null,null,null,null,null,null,null,null,null,{"$f":"IFERROR(VLOOKUP(E299,Key!$A$2:$B$6,2,FALSE)+VLOOKUP(F299,Key!$C$2:$D$4,2,FALSE)+VLOOKUP(G299,Key!$C$6:$D$8,2,FALSE)+VLOOKUP('READMIT Patient Registry'!H299,Key!$C$10:$D$12,2,FALSE)+VLOOKUP('READMIT Patient Registry'!I299,Key!$E$2:$F$11,2,FALSE)+VLOOKUP('READMIT Patient Registry'!J299,Key!$G$2:$H$6,2,FALSE)+VLOOKUP('READMIT Patient Registry'!K299,Key!$G$8:$H$10,2,FALSE)+VLOOKUP('READMIT Patient Registry'!L299,Key!$G$12:$H$14,2,FALSE)+VLOOKUP('READMIT Patient Registry'!M299,Key!$I$2:$J$5,2,FALSE)+VLOOKUP('READMIT Patient Registry'!N299,Key!$K$2:$L$4,2,FALSE)+VLOOKUP('READMIT Patient Registry'!O299,Key!$K$6:$L$8,2,FALSE)+VLOOKUP('READMIT Patient Registry'!P299,Key!$M$2:$N$5,2,FALSE),\"\")","v":""},{"$f":"IFERROR(VLOOKUP(Q299,Key!$A$17:$B$20,2,TRUE),\"\")","v":""}]
[null,null,null,null,null,null,null,null,null,null,null,null,null,null,null,null,{"$f":"IFERROR(VLOOKUP(E300,Key!$A$2:$B$6,2,FALSE)+VLOOKUP(F300,Key!$C$2:$D$4,2,FALSE)+VLOOKUP(G300,Key!$C$6:$D$8,2,FALSE)+VLOOKUP('READMIT Patient Registry'!H300,Key!$C$10:$D$12,2,FALSE)+VLOOKUP('READMIT Patient Registry'!I300,Key!$E$2:$F$11,2,FALSE)+VLOOKUP('READMIT Patient Registry'!J300,Key!$G$2:$H$6,2,FALSE)+VLOOKUP('READMIT Patient Registry'!K300,Key!$G$8:$H$10,2,FALSE)+VLOOKUP('READMIT Patient Registry'!L300,Key!$G$12:$H$14,2,FALSE)+VLOOKUP('READMIT Patient Registry'!M300,Key!$I$2:$J$5,2,FALSE)+VLOOKUP('READMIT Patient Registry'!N300,Key!$K$2:$L$4,2,FALSE)+VLOOKUP('READMIT Patient Registry'!O300,Key!$K$6:$L$8,2,FALSE)+VLOOKUP('READMIT Patient Registry'!P300,Key!$M$2:$N$5,2,FALSE),\"\")","v":""},{"$f":"IFERROR(VLOOKUP(Q300,Key!$A$17:$B$20,2,TRUE),\"\")","v":""}]
[null,null,null,null,null,null,null,null,null,null,null,null,null,null,null,null,{"$f":"IFERROR(VLOOKUP(E301,Key!$A$2:$B$6,2,FALSE)+VLOOKUP(F301,Key!$C$2:$D$4,2,FALSE)+VLOOKUP(G301,Key!$C$6:$D$8,2,FALSE)+VLOOKUP('READMIT Patient Registry'!H301,Key!$C$10:$D$12,2,FALSE)+VLOOKUP('READMIT Patient Registry'!I301,Key!$E$2:$F$11,2,FALSE)+VLOOKUP('READMIT Patient Registry'!J301,Key!$G$2:$H$6,2,FALSE)+VLOOKUP('READMIT Patient Registry'!K301,Key!$G$8:$H$10,2,FALSE)+VLOOKUP('READMIT Patient Registry'!L301,Key!$G$12:$H$14,2,FALSE)+VLOOKUP('READMIT Patient Registry'!M301,Key!$I$2:$J$5,2,FALSE)+VLOOKUP('READMIT Patient Registry'!N301,Key!$K$2:$L$4,2,FALSE)+VLOOKUP('READMIT Patient Registry'!O301,Key!$K$6:$L$8,2,FALSE)+VLOOKUP('READMIT Patient Registry'!P301,Key!$M$2:$N$5,2,FALSE),\"\")","v":""},{"$f":"IFERROR(VLOOKUP(Q301,Key!$A$17:$B$20,2,TRUE),\"\")","v":""}]
[null,null,null,null,null,null,null,null,null,null,null,null,null,null,null,null,{"$f":"IFERROR(VLOOKUP(E302,Key!$A$2:$B$6,2,FALSE)+VLOOKUP(F302,Key!$C$2:$D$4,2,FALSE)+VLOOKUP(G302,Key!$C$6:$D$8,2,FALSE)+VLOOKUP('READMIT Patient Registry'!H302,Key!$C$10:$D$12,2,FALSE)+VLOOKUP('READMIT Patient Registry'!I302,Key!$E$2:$F$11,2,FALSE)+VLOOKUP('READMIT Patient Registry'!J302,Key!$G$2:$H$6,2,FALSE)+VLOOKUP('READMIT Patient Registry'!K302,Key!$G$8:$H$10,2,FALSE)+VLOOKUP('READMIT Patient Registry'!L302,Key!$G$12:$H$14,2,FALSE)+VLOOKUP('READMIT Patient Registry'!M302,Key!$I$2:$J$5,2,FALSE)+VLOOKUP('READMIT Patient Registry'!N302,Key!$K$2:$L$4,2,FALSE)+VLOOKUP('READMIT Patient Registry'!O302,Key!$K$6:$L$8,2,FALSE)+VLOOKUP('READMIT Patient Registry'!P302,Key!$M$2:$N$5,2,FALSE),\"\")","v":""},{"$f":"IFERROR(VLOOKUP(Q302,Key!$A$17:$B$20,2,TRUE),\"\")","v":""}]
[null,null,null,null,null,null,null,null,null,null,null,null,null,null,null,null,{"$f":"IFERROR(VLOOKUP(E303,Key!$A$2:$B$6,2,FALSE)+VLOOKUP(F303,Key!$C$2:$D$4,2,FALSE)+VLOOKUP(G303,Key!$C$6:$D$8,2,FALSE)+VLOOKUP('READMIT Patient Registry'!H303,Key!$C$10:$D$12,2,FALSE)+VLOOKUP('READMIT Patient Registry'!I303,Key!$E$2:$F$11,2,FALSE)+VLOOKUP('READMIT Patient Registry'!J303,Key!$G$2:$H$6,2,FALSE)+VLOOKUP('READMIT Patient Registry'!K303,Key!$G$8:$H$10,2,FALSE)+VLOOKUP('READMIT Patient Registry'!L303,Key!$G$12:$H$14,2,FALSE)+VLOOKUP('READMIT Patient Registry'!M303,Key!$I$2:$J$5,2,FALSE)+VLOOKUP('READMIT Patient Registry'!N303,Key!$K$2:$L$4,2,FALSE)+VLOOKUP('READMIT Patient Registry'!O303,Key!$K$6:$L$8,2,FALSE)+VLOOKUP('READMIT Patient Registry'!P303,Key!$M$2:$N$5,2,FALSE),\"\")","v":""},{"$f":"IFERROR(VLOOKUP(Q303,Key!$A$17:$B$20,2,TRUE),\"\")","v":""}]
[null,null,null,null,null,null,null,null,null,null,null,null,null,null,null,null,{"$f":"IFERROR(VLOOKUP(E304,Key!$A$2:$B$6,2,FALSE)+VLOOKUP(F304,Key!$C$2:$D$4,2,FALSE)+VLOOKUP(G304,Key!$C$6:$D$8,2,FALSE)+VLOOKUP('READMIT Patient Registry'!H304,Key!$C$10:$D$12,2,FALSE)+VLOOKUP('READMIT Patient Registry'!I304,Key!$E$2:$F$11,2,FALSE)+VLOOKUP('READMIT Patient Registry'!J304,Key!$G$2:$H$6,2,FALSE)+VLOOKUP('READMIT Patient Registry'!K304,Key!$G$8:$H$10,2,FALSE)+VLOOKUP('READMIT Patient Registry'!L304,Key!$G$12:$H$14,2,FALSE)+VLOOKUP('READMIT Patient Registry'!M304,Key!$I$2:$J$5,2,FALSE)+VLOOKUP('READMIT Patient Registry'!N304,Key!$K$2:$L$4,2,FALSE)+VLOOKUP('READMIT Patient Registry'!O304,Key!$K$6:$L$8,2,FALSE)+VLOOKUP('READMIT Patient Registry'!P304,Key!$M$2:$N$5,2,FALSE),\"\")","v":""},{"$f":"IFERROR(VLOOKUP(Q304,Key!$A$17:$B$20,2,TRUE),\"\")","v":""}]
[null,null,null,null,null,null,null,null,null,null,null,null,null,null,null,null,{"$f":"IFERROR(VLOOKUP(E305,Key!$A$2:$B$6,2,FALSE)+VLOOKUP(F305,Key!$C$2:$D$4,2,FALSE)+VLOOKUP(G305,Key!$C$6:$D$8,2,FALSE)+VLOOKUP('READMIT Patient Registry'!H305,Key!$C$10:$D$12,2,FALSE)+VLOOKUP('READMIT Patient Registry'!I305,Key!$E$2:$F$11,2,FALSE)+VLOOKUP('READMIT Patient Registry'!J305,Key!$G$2:$H$6,2,FALSE)+VLOOKUP('READMIT Patient Registry'!K305,Key!$G$8:$H$10,2,FALSE)+VLOOKUP('READMIT Patient Registry'!L305,Key!$G$12:$H$14,2,FALSE)+VLOOKUP('READMIT Patient Registry'!M305,Key!$I$2:$J$5,2,FALSE)+VLOOKUP('READMIT Patient Registry'!N305,Key!$K$2:$L$4,2,FALSE)+VLOOKUP('READMIT Patient Registry'!O305,Key!$K$6:$L$8,2,FALSE)+VLOOKUP('READMIT Patient Registry'!P305,Key!$M$2:$N$5,2,FALSE),\"\")","v":""},{"$f":"IFERROR(VLOOKUP(Q305,Key!$A$17:$B$20,2,TRUE),\"\")","v":""}]
[null,null,null,null,null,null,null,null,null,null,null,null,null,null,null,null,{"$f":"IFERROR(VLOOKUP(E306,Key!$A$2:$B$6,2,FALSE)+VLOOKUP(F306,Key!$C$2:$D$4,2,FALSE)+VLOOKUP(G306,Key!$C$6:$D$8,2,FALSE)+VLOOKUP('READMIT Patient Registry'!H306,Key!$C$10:$D$12,2,FALSE)+VLOOKUP('READMIT Patient Registry'!I306,Key!$E$2:$F$11,2,FALSE)+VLOOKUP('READMIT Patient Registry'!J306,Key!$G$2:$H$6,2,FALSE)+VLOOKUP('READMIT Patient Registry'!K306,Key!$G$8:$H$10,2,FALSE)+VLOOKUP('READMIT Patient Registry'!L306,Key!$G$12:$H$14,2,FALSE)+VLOOKUP('READMIT Patient Registry'!M306,Key!$I$2:$J$5,2,FALSE)+VLOOKUP('READMIT Patient Registry'!N306,Key!$K$2:$L$4,2,FALSE)+VLOOKUP('READMIT Patient Registry'!O306,Key!$K$6:$L$8,2,FALSE)+VLOOKUP('READMIT Patient Registry'!P306,Key!$M$2:$N$5,2,FALSE),\"\")","v":""},{"$f":"IFERROR(VLOOKUP(Q306,Key!$A$17:$B$20,2,TRUE),\"\")","v":""}]
[null,null,null,null,null,null,null,null,null,null,null,null,null,null,null,null,{"$f":"IFERROR(VLOOKUP(E307,Key!$A$2:$B$6,2,FALSE)+VLOOKUP(F307,Key!$C$2:$D$4,2,FALSE)+VLOOKUP(G307,Key!$C$6:$D$8,2,FALSE)+VLOOKUP('READMIT Patient Registry'!H307,Key!$C$10:$D$12,2,FALSE)+VLOOKUP('READMIT Patient Registry'!I307,Key!$E$2:$F$11,2,FALSE)+VLOOKUP('READMIT Patient Registry'!J307,Key!$G$2:$H$6,2,FALSE)+VLOOKUP('READMIT Patient Registry'!K307,Key!$G$8:$H$10,2,FALSE)+VLOOKUP('READMIT Patient Registry'!L307,Key!$G$12:$H$14,2,FALSE)+VLOOKUP('READMIT Patient Registry'!M307,Key!$I$2:$J$5,2,FALSE)+VLOOKUP('READMIT Patient Registry'!N307,Key!$K$2:$L$4,2,FALSE)+VLOOKUP('READMIT Patient Registry'!O307,Key!$K$6:$L$8,2,FALSE)+VLOOKUP('READMIT Patient Registry'!P307,Key!$M$2:$N$5,2,FALSE),\"\")","v":""},{"$f":"IFERROR(VLOOKUP(Q307,Key!$A$17:$B$20,2,TRUE),\"\")","v":""}]
[null,null,null,null,null,null,null,null,null,null,null,null,null,null,null,null,{"$f":"IFERROR(VLOOKUP(E308,Key!$A$2:$B$6,2,FALSE)+VLOOKUP(F308,Key!$C$2:$D$4,2,FALSE)+VLOOKUP(G308,Key!$C$6:$D$8,2,FALSE)+VLOOKUP('READMIT Patient Registry'!H308,Key!$C$10:$D$12,2,FALSE)+VLOOKUP('READMIT Patient Registry'!I308,Key!$E$2:$F$11,2,FALSE)+VLOOKUP('READMIT Patient Registry'!J308,Key!$G$2:$H$6,2,FALSE)+VLOOKUP('READMIT Patient Registry'!K308,Key!$G$8:$H$10,2,FALSE)+VLOOKUP('READMIT Patient Registry'!L308,Key!$G$12:$H$14,2,FALSE)+VLOOKUP('READMIT Patient Registry'!M308,Key!$I$2:$J$5,2,FALSE)+VLOOKUP('READMIT Patient Registry'!N308,Key!$K$2:$L$4,2,FALSE)+VLOOKUP('READMIT Patient Registry'!O308,Key!$K$6:$L$8,2,FALSE)+VLOOKUP('READMIT Patient Registry'!P308,Key!$M$2:$N$5,2,FALSE),\"\")","v":""},{"$f":"IFERROR(VLOOKUP(Q308,Key!$A$17:$B$20,2,TRUE),\"\")","v":""}]
[null,null,null,null,null,null,null,null,null,null,null,null,null,null,null,null,{"$f":"IFERROR(VLOOKUP(E309,Key!$A$2:$B$6,2,FALSE)+VLOOKUP(F309,Key!$C$2:$D$4,2,FALSE)+VLOOKUP(G309,Key!$C$6:$D$8,2,FALSE)+VLOOKUP('READMIT Patient Registry'!H309,Key!$C$10:$D$12,2,FALSE)+VLOOKUP('READMIT Patient Registry'!I309,Key!$E$2:$F$11,2,FALSE)+VLOOKUP('READMIT Patient Registry'!J309,Key!$G$2:$H$6,2,FALSE)+VLOOKUP('READMIT Patient Registry'!K309,Key!$G$8:$H$10,2,FALSE)+VLOOKUP('READMIT Patient Registry'!L309,Key!$G$12:$H$14,2,FALSE)+VLOOKUP('READMIT Patient Registry'!M309,Key!$I$2:$J$5,2,FALSE)+VLOOKUP('READMIT Patient Registry'!N309,Key!$K$2:$L$4,2,FALSE)+VLOOKUP('READMIT Patient Registry'!O309,Key!$K$6:$L$8,2,FALSE)+VLOOKUP('READMIT Patient Registry'!P309,Key!$M$2:$N$5,2,FALSE),\"\")","v":""},{"$f":"IFERROR(VLOOKUP(Q309,Key!$A$17:$B$20,2,TRUE),\"\")","v":""}]
[null,null,null,null,null,null,null,null,null,null,null,null,null,null,null,null,{"$f":"IFERROR(VLOOKUP(E310,Key!$A$2:$B$6,2,FALSE)+VLOOKUP(F310,Key!$C$2:$D$4,2,FALSE)+VLOOKUP(G310,Key!$C$6:$D$8,2,FALSE)+VLOOKUP('READMIT Patient Registry'!H310,Key!$C$10:$D$12,2,FALSE)+VLOOKUP('READMIT Patient Registry'!I310,Key!$E$2:$F$11,2,FALSE)+VLOOKUP('READMIT Patient Registry'!J310,Key!$G$2:$H$6,2,FALSE)+VLOOKUP('READMIT Patient Registry'!K310,Key!$G$8:$H$10,2,FALSE)+VLOOKUP('READMIT Patient Registry'!L310,Key!$G$12:$H$14,2,FALSE)+VLOOKUP('READMIT Patient Registry'!M310,Key!$I$2:$J$5,2,FALSE)+VLOOKUP('READMIT Patient Registry'!N310,Key!$K$2:$L$4,2,FALSE)+VLOOKUP('READMIT Patient Registry'!O310,Key!$K$6:$L$8,2,FALSE)+VLOOKUP('READMIT Patient Registry'!P310,Key!$M$2:$N$5,2,FALSE),\"\")","v":""},{"$f":"IFERROR(VLOOKUP(Q310,Key!$A$17:$B$20,2,TRUE),\"\")","v":""}]
[null,null,null,null,null,null,null,null,null,null,null,null,null,null,null,null,{"$f":"IFERROR(VLOOKUP(E311,Key!$A$2:$B$6,2,FALSE)+VLOOKUP(F311,Key!$C$2:$D$4,2,FALSE)+VLOOKUP(G311,Key!$C$6:$D$8,2,FALSE)+VLOOKUP('READMIT Patient Registry'!H311,Key!$C$10:$D$12,2,FALSE)+VLOOKUP('READMIT Patient Registry'!I311,Key!$E$2:$F$11,2,FALSE)+VLOOKUP('READMIT Patient Registry'!J311,Key!$G$2:$H$6,2,FALSE)+VLOOKUP('READMIT Patient Registry'!K311,Key!$G$8:$H$10,2,FALSE)+VLOOKUP('READMIT Patient Registry'!L311,Key!$G$12:$H$14,2,FALSE)+VLOOKUP('READMIT Patient Registry'!M311,Key!$I$2:$J$5,2,FALSE)+VLOOKUP('READMIT Patient Registry'!N311,Key!$K$2:$L$4,2,FALSE)+VLOOKUP('READMIT Patient Registry'!O311,Key!$K$6:$L$8,2,FALSE)+VLOOKUP('READMIT Patient Registry'!P311,Key!$M$2:$N$5,2,FALSE),\"\")","v":""},{"$f":"IFERROR(VLOOKUP(Q311,Key!$A$17:$B$20,2,TRUE),\"\")","v":""}]
[null,null,null,null,null,null,null,null,null,null,null,null,null,null,null,null,{"$f":"IFERROR(VLOOKUP(E312,Key!$A$2:$B$6,2,FALSE)+VLOOKUP(F312,Key!$C$2:$D$4,2,FALSE)+VLOOKUP(G312,Key!$C$6:$D$8,2,FALSE)+VLOOKUP('READMIT Patient Registry'!H312,Key!$C$10:$D$12,2,FALSE)+VLOOKUP('READMIT Patient Registry'!I312,Key!$E$2:$F$11,2,FALSE)+VLOOKUP('READMIT Patient Registry'!J312,Key!$G$2:$H$6,2,FALSE)+VLOOKUP('READMIT Patient Registry'!K312,Key!$G$8:$H$10,2,FALSE)+VLOOKUP('READMIT Patient Registry'!L312,Key!$G$12:$H$14,2,FALSE)+VLOOKUP('READMIT Patient Registry'!M312,Key!$I$2:$J$5,2,FALSE)+VLOOKUP('READMIT Patient Registry'!N312,Key!$K$2:$L$4,2,FALSE)+VLOOKUP('READMIT Patient Registry'!O312,Key!$K$6:$L$8,2,FALSE)+VLOOKUP('READMIT Patient Registry'!P312,Key!$M$2:$N$5,2,FALSE),\"\")","v":""},{"$f":"IFERROR(VLOOKUP(Q312,Key!$A$17:$B$20,2,TRUE),\"\")","v":""}]
[null,null,null,null,null,null,null,null,null,null,null,null,null,null,null,null,{"$f":"IFERROR(VLOOKUP(E313,Key!$A$2:$B$6,2,FALSE)+VLOOKUP(F313,Key!$C$2:$D$4,2,FALSE)+VLOOKUP(G313,Key!$C$6:$D$8,2,FALSE)+VLOOKUP('READMIT Patient Registry'!H313,Key!$C$10:$D$12,2,FALSE)+VLOOKUP('READMIT Patient Registry'!I313,Key!$E$2:$F$11,2,FALSE)+VLOOKUP('READMIT Patient Registry'!J313,Key!$G$2:$H$6,2,FALSE)+VLOOKUP('READMIT Patient Registry'!K313,Key!$G$8:$H$10,2,FALSE)+VLOOKUP('READMIT Patient Registry'!L313,Key!$G$12:$H$14,2,FALSE)+VLOOKUP('READMIT Patient Registry'!M313,Key!$I$2:$J$5,2,FALSE)+VLOOKUP('READMIT Patient Registry'!N313,Key!$K$2:$L$4,2,FALSE)+VLOOKUP('READMIT Patient Registry'!O313,Key!$K$6:$L$8,2,FALSE)+VLOOKUP('READMIT Patient Registry'!P313,Key!$M$2:$N$5,2,FALSE),\"\")","v":""},{"$f":"IFERROR(VLOOKUP(Q313,Key!$A$17:$B$20,2,TRUE),\"\")","v":""}]
[null,null,null,null,null,null,null,null,null,null,null,null,null,null,null,null,{"$f":"IFERROR(VLOOKUP(E314,Key!$A$2:$B$6,2,FALSE)+VLOOKUP(F314,Key!$C$2:$D$4,2,FALSE)+VLOOKUP(G314,Key!$C$6:$D$8,2,FALSE)+VLOOKUP('READMIT Patient Registry'!H314,Key!$C$10:$D$12,2,FALSE)+VLOOKUP('READMIT Patient Registry'!I314,Key!$E$2:$F$11,2,FALSE)+VLOOKUP('READMIT Patient Registry'!J314,Key!$G$2:$H$6,2,FALSE)+VLOOKUP('READMIT Patient Registry'!K314,Key!$G$8:$H$10,2,FALSE)+VLOOKUP('READMIT Patient Registry'!L314,Key!$G$12:$H$14,2,FALSE)+VLOOKUP('READMIT Patient Registry'!M314,Key!$I$2:$J$5,2,FALSE)+VLOOKUP('READMIT Patient Registry'!N314,Key!$K$2:$L$4,2,FALSE)+VLOOKUP('READMIT Patient Registry'!O314,Key!$K$6:$L$8,2,FALSE)+VLOOKUP('READMIT Patient Registry'!P314,Key!$M$2:$N$5,2,FALSE),\"\")","v":""},{"$f":"IFERROR(VLOOKUP(Q314,Key!$A$17:$B$20,2,TRUE),\"\")","v":""}]
[null,null,null,null,null,null,null,null,null,null,null,null,null,null,null,null,{"$f":"IFERROR(VLOOKUP(E315,Key!$A$2:$B$6,2,FALSE)+VLOOKUP(F315,Key!$C$2:$D$4,2,FALSE)+VLOOKUP(G315,Key!$C$6:$D$8,2,FALSE)+VLOOKUP('READMIT Patient Registry'!H315,Key!$C$10:$D$12,2,FALSE)+VLOOKUP('READMIT Patient Registry'!I315,Key!$E$2:$F$11,2,FALSE)+VLOOKUP('READMIT Patient Registry'!J315,Key!$G$2:$H$6,2,FALSE)+VLOOKUP('READMIT Patient Registry'!K315,Key!$G$8:$H$10,2,FALSE)+VLOOKUP('READMIT Patient Registry'!L315,Key!$G$12:$H$14,2,FALSE)+VLOOKUP('READMIT Patient Registry'!M315,Key!$I$2:$J$5,2,FALSE)+VLOOKUP('READMIT Patient Registry'!N315,Key!$K$2:$L$4,2,FALSE)+VLOOKUP('READMIT Patient Registry'!O315,Key!$K$6:$L$8,2,FALSE)+VLOOKUP('READMIT Patient Registry'!P315,Key!$M$2:$N$5,2,FALSE),\"\")","v":""},{"$f":"IFERROR(VLOOKUP(Q315,Key!$A$17:$B$20,2,TRUE),\"\")","v":""}]
[null,null,null,null,null,null,null,null,null,null,null,null,null,null,null,null,{"$f":"IFERROR(VLOOKUP(E316,Key!$A$2:$B$6,2,FALSE)+VLOOKUP(F316,Key!$C$2:$D$4,2,FALSE)+VLOOKUP(G316,Key!$C$6:$D$8,2,FALSE)+VLOOKUP('READMIT Patient Registry'!H316,Key!$C$10:$D$12,2,FALSE)+VLOOKUP('READMIT Patient Registry'!I316,Key!$E$2:$F$11,2,FALSE)+VLOOKUP('READMIT Patient Registry'!J316,Key!$G$2:$H$6,2,FALSE)+VLOOKUP('READMIT Patient Registry'!K316,Key!$G$8:$H$10,2,FALSE)+VLOOKUP('READMIT Patient Registry'!L316,Key!$G$12:$H$14,2,FALSE)+VLOOKUP('READMIT Patient Registry'!M316,Key!$I$2:$J$5,2,FALSE)+VLOOKUP('READMIT Patient Registry'!N316,Key!$K$2:$L$4,2,FALSE)+VLOOKUP('READMIT Patient Registry'!O316,Key!$K$6:$L$8,2,FALSE)+VLOOKUP('READMIT Patient Registry'!P316,Key!$M$2:$N$5,2,FALSE),\"\")","v":""},{"$f":"IFERROR(VLOOKUP(Q316,Key!$A$17:$B$20,2,TRUE),\"\")","v":""}]
[null,null,null,null,null,null,null,null,null,null,null,null,null,null,null,null,{"$f":"IFERROR(VLOOKUP(E317,Key!$A$2:$B$6,2,FALSE)+VLOOKUP(F317,Key!$C$2:$D$4,2,FALSE)+VLOOKUP(G317,Key!$C$6:$D$8,2,FALSE)+VLOOKUP('READMIT Patient Registry'!H317,Key!$C$10:$D$12,2,FALSE)+VLOOKUP('READMIT Patient Registry'!I317,Key!$E$2:$F$11,2,FALSE)+VLOOKUP('READMIT Patient Registry'!J317,Key!$G$2:$H$6,2,FALSE)+VLOOKUP('READMIT Patient Registry'!K317,Key!$G$8:$H$10,2,FALSE)+VLOOKUP('READMIT Patient Registry'!L317,Key!$G$12:$H$14,2,FALSE)+VLOOKUP('READMIT Patient Registry'!M317,Key!$I$2:$J$5,2,FALSE)+VLOOKUP('READMIT Patient Registry'!N317,Key!$K$2:$L$4,2,FALSE)+VLOOKUP('READMIT Patient Registry'!O317,Key!$K$6:$L$8,2,FALSE)+VLOOKUP('READMIT Patient Registry'!P317,Key!$M$2:$N$5,2,FALSE),\"\")","v":""},{"$f":"IFERROR(VLOOKUP(Q317,Key!$A$17:$B$20,2,TRUE),\"\")","v":""}]
[null,null,null,null,null,null,null,null,null,null,null,null,null,null,null,null,{"$f":"IFERROR(VLOOKUP(E318,Key!$A$2:$B$6,2,FALSE)+VLOOKUP(F318,Key!$C$2:$D$4,2,FALSE)+VLOOKUP(G318,Key!$C$6:$D$8,2,FALSE)+VLOOKUP('READMIT Patient Registry'!H318,Key!$C$10:$D$12,2,FALSE)+VLOOKUP('READMIT Patient Registry'!I318,Key!$E$2:$F$11,2,FALSE)+VLOOKUP('READMIT Patient Registry'!J318,Key!$G$2:$H$6,2,FALSE)+VLOOKUP('READMIT Patient Registry'!K318,Key!$G$8:$H$10,2,FALSE)+VLOOKUP('READMIT Patient Registry'!L318,Key!$G$12:$H$14,2,FALSE)+VLOOKUP('READMIT Patient Registry'!M318,Key!$I$2:$J$5,2,FALSE)+VLOOKUP('READMIT Patient Registry'!N318,Key!$K$2:$L$4,2,FALSE)+VLOOKUP('READMIT Patient Registry'!O318,Key!$K$6:$L$8,2,FALSE)+VLOOKUP('READMIT Patient Registry'!P318,Key!$M$2:$N$5,2,FALSE),\"\")","v":""},{"$f":"IFERROR(VLOOKUP(Q318,Key!$A$17:$B$20,2,TRUE),\"\")","v":""}]
[null,null,null,null,null,null,null,null,null,null,null,null,null,null,null,null,{"$f":"IFERROR(VLOOKUP(E319,Key!$A$2:$B$6,2,FALSE)+VLOOKUP(F319,Key!$C$2:$D$4,2,FALSE)+VLOOKUP(G319,Key!$C$6:$D$8,2,FALSE)+VLOOKUP('READMIT Patient Registry'!H319,Key!$C$10:$D$12,2,FALSE)+VLOOKUP('READMIT Patient Registry'!I319,Key!$E$2:$F$11,2,FALSE)+VLOOKUP('READMIT Patient Registry'!J319,Key!$G$2:$H$6,2,FALSE)+VLOOKUP('READMIT Patient Registry'!K319,Key!$G$8:$H$10,2,FALSE)+VLOOKUP('READMIT Patient Registry'!L319,Key!$G$12:$H$14,2,FALSE)+VLOOKUP('READMIT Patient Registry'!M319,Key!$I$2:$J$5,2,FALSE)+VLOOKUP('READMIT Patient Registry'!N319,Key!$K$2:$L$4,2,FALSE)+VLOOKUP('READMIT Patient Registry'!O319,Key!$K$6:$L$8,2,FALSE)+VLOOKUP('READMIT Patient Registry'!P319,Key!$M$2:$N$5,2,FALSE),\"\")","v":""},{"$f":"IFERROR(VLOOKUP(Q319,Key!$A$17:$B$20,2,TRUE),\"\")","v":""}]
[null,null,null,null,null,null,null,null,null,null,null,null,null,null,null,null,{"$f":"IFERROR(VLOOKUP(E320,Key!$A$2:$B$6,2,FALSE)+VLOOKUP(F320,Key!$C$2:$D$4,2,FALSE)+VLOOKUP(G320,Key!$C$6:$D$8,2,FALSE)+VLOOKUP('READMIT Patient Registry'!H320,Key!$C$10:$D$12,2,FALSE)+VLOOKUP('READMIT Patient Registry'!I320,Key!$E$2:$F$11,2,FALSE)+VLOOKUP('READMIT Patient Registry'!J320,Key!$G$2:$H$6,2,FALSE)+VLOOKUP('READMIT Patient Registry'!K320,Key!$G$8:$H$10,2,FALSE)+VLOOKUP('READMIT Patient Registry'!L320,Key!$G$12:$H$14,2,FALSE)+VLOOKUP('READMIT Patient Registry'!M320,Key!$I$2:$J$5,2,FALSE)+VLOOKUP('READMIT Patient Registry'!N320,Key!$K$2:$L$4,2,FALSE)+VLOOKUP('READMIT Patient Registry'!O320,Key!$K$6:$L$8,2,FALSE)+VLOOKUP('READMIT Patient Registry'!P320,Key!$M$2:$N$5,2,FALSE),\"\")","v":""},{"$f":"IFERROR(VLOOKUP(Q320,Key!$A$17:$B$20,2,TRUE),\"\")","v":""}]
[null,null,null,null,null,null,null,null,null,null,null,null,null,null,null,null,{"$f":"IFERROR(VLOOKUP(E321,Key!$A$2:$B$6,2,FALSE)+VLOOKUP(F321,Key!$C$2:$D$4,2,FALSE)+VLOOKUP(G321,Key!$C$6:$D$8,2,FALSE)+VLOOKUP('READMIT Patient Registry'!H321,Key!$C$10:$D$12,2,FALSE)+VLOOKUP('READMIT Patient Registry'!I321,Key!$E$2:$F$11,2,FALSE)+VLOOKUP('READMIT Patient Registry'!J321,Key!$G$2:$H$6,2,FALSE)+VLOOKUP('READMIT Patient Registry'!K321,Key!$G$8:$H$10,2,FALSE)+VLOOKUP('READMIT Patient Registry'!L321,Key!$G$12:$H$14,2,FALSE)+VLOOKUP('READMIT Patient Registry'!M321,Key!$I$2:$J$5,2,FALSE)+VLOOKUP('READMIT Patient Registry'!N321,Key!$K$2:$L$4,2,FALSE)+VLOOKUP('READMIT Patient Registry'!O321,Key!$K$6:$L$8,2,FALSE)+VLOOKUP('READMIT Patient Registry'!P321,Key!$M$2:$N$5,2,FALSE),\"\")","v":""},{"$f":"IFERROR(VLOOKUP(Q321,Key!$A$17:$B$20,2,TRUE),\"\")","v":""}]
[null,null,null,null,null,null,null,null,null,null,null,null,null,null,null,null,{"$f":"IFERROR(VLOOKUP(E322,Key!$A$2:$B$6,2,FALSE)+VLOOKUP(F322,Key!$C$2:$D$4,2,FALSE)+VLOOKUP(G322,Key!$C$6:$D$8,2,FALSE)+VLOOKUP('READMIT Patient Registry'!H322,Key!$C$10:$D$12,2,FALSE)+VLOOKUP('READMIT Patient Registry'!I322,Key!$E$2:$F$11,2,FALSE)+VLOOKUP('READMIT Patient Registry'!J322,Key!$G$2:$H$6,2,FALSE)+VLOOKUP('READMIT Patient Registry'!K322,Key!$G$8:$H$10,2,FALSE)+VLOOKUP('READMIT Patient Registry'!L322,Key!$G$12:$H$14,2,FALSE)+VLOOKUP('READMIT Patient Registry'!M322,Key!$I$2:$J$5,2,FALSE)+VLOOKUP('READMIT Patient Registry'!N322,Key!$K$2:$L$4,2,FALSE)+VLOOKUP('READMIT Patient Registry'!O322,Key!$K$6:$L$8,2,FALSE)+VLOOKUP('READMIT Patient Registry'!P322,Key!$M$2:$N$5,2,FALSE),\"\")","v":""},{"$f":"IFERROR(VLOOKUP(Q322,Key!$A$17:$B$20,2,TRUE),\"\")","v":""}]
[null,null,null,null,null,null,null,null,null,null,null,null,null,null,null,null,{"$f":"IFERROR(VLOOKUP(E323,Key!$A$2:$B$6,2,FALSE)+VLOOKUP(F323,Key!$C$2:$D$4,2,FALSE)+VLOOKUP(G323,Key!$C$6:$D$8,2,FALSE)+VLOOKUP('READMIT Patient Registry'!H323,Key!$C$10:$D$12,2,FALSE)+VLOOKUP('READMIT Patient Registry'!I323,Key!$E$2:$F$11,2,FALSE)+VLOOKUP('READMIT Patient Registry'!J323,Key!$G$2:$H$6,2,FALSE)+VLOOKUP('READMIT Patient Registry'!K323,Key!$G$8:$H$10,2,FALSE)+VLOOKUP('READMIT Patient Registry'!L323,Key!$G$12:$H$14,2,FALSE)+VLOOKUP('READMIT Patient Registry'!M323,Key!$I$2:$J$5,2,FALSE)+VLOOKUP('READMIT Patient Registry'!N323,Key!$K$2:$L$4,2,FALSE)+VLOOKUP('READMIT Patient Registry'!O323,Key!$K$6:$L$8,2,FALSE)+VLOOKUP('READMIT Patient Registry'!P323,Key!$M$2:$N$5,2,FALSE),\"\")","v":""},{"$f":"IFERROR(VLOOKUP(Q323,Key!$A$17:$B$20,2,TRUE),\"\")","v":""}]
[null,null,null,null,null,null,null,null,null,null,null,null,null,null,null,null,{"$f":"IFERROR(VLOOKUP(E324,Key!$A$2:$B$6,2,FALSE)+VLOOKUP(F324,Key!$C$2:$D$4,2,FALSE)+VLOOKUP(G324,Key!$C$6:$D$8,2,FALSE)+VLOOKUP('READMIT Patient Registry'!H324,Key!$C$10:$D$12,2,FALSE)+VLOOKUP('READMIT Patient Registry'!I324,Key!$E$2:$F$11,2,FALSE)+VLOOKUP('READMIT Patient Registry'!J324,Key!$G$2:$H$6,2,FALSE)+VLOOKUP('READMIT Patient Registry'!K324,Key!$G$8:$H$10,2,FALSE)+VLOOKUP('READMIT Patient Registry'!L324,Key!$G$12:$H$14,2,FALSE)+VLOOKUP('READMIT Patient Registry'!M324,Key!$I$2:$J$5,2,FALSE)+VLOOKUP('READMIT Patient Registry'!N324,Key!$K$2:$L$4,2,FALSE)+VLOOKUP('READMIT Patient Registry'!O324,Key!$K$6:$L$8,2,FALSE)+VLOOKUP('READMIT Patient Registry'!P324,Key!$M$2:$N$5,2,FALSE),\"\")","v":""},{"$f":"IFERROR(VLOOKUP(Q324,Key!$A$17:$B$20,2,TRUE),\"\")","v":""}]
[null,null,null,null,null,null,null,null,null,null,null,null,null,null,null,null,{"$f":"IFERROR(VLOOKUP(E325,Key!$A$2:$B$6,2,FALSE)+VLOOKUP(F325,Key!$C$2:$D$4,2,FALSE)+VLOOKUP(G325,Key!$C$6:$D$8,2,FALSE)+VLOOKUP('READMIT Patient Registry'!H325,Key!$C$10:$D$12,2,FALSE)+VLOOKUP('READMIT Patient Registry'!I325,Key!$E$2:$F$11,2,FALSE)+VLOOKUP('READMIT Patient Registry'!J325,Key!$G$2:$H$6,2,FALSE)+VLOOKUP('READMIT Patient Registry'!K325,Key!$G$8:$H$10,2,FALSE)+VLOOKUP('READMIT Patient Registry'!L325,Key!$G$12:$H$14,2,FALSE)+VLOOKUP('READMIT Patient Registry'!M325,Key!$I$2:$J$5,2,FALSE)+VLOOKUP('READMIT Patient Registry'!N325,Key!$K$2:$L$4,2,FALSE)+VLOOKUP('READMIT Patient Registry'!O325,Key!$K$6:$L$8,2,FALSE)+VLOOKUP('READMIT Patient Registry'!P325,Key!$M$2:$N$5,2,FALSE),\"\")","v":""},{"$f":"IFERROR(VLOOKUP(Q325,Key!$A$17:$B$20,2,TRUE),\"\")","v":""}]
[null,null,null,null,null,null,null,null,null,null,null,null,null,null,null,null,{"$f":"IFERROR(VLOOKUP(E326,Key!$A$2:$B$6,2,FALSE)+VLOOKUP(F326,Key!$C$2:$D$4,2,FALSE)+VLOOKUP(G326,Key!$C$6:$D$8,2,FALSE)+VLOOKUP('READMIT Patient Registry'!H326,Key!$C$10:$D$12,2,FALSE)+VLOOKUP('READMIT Patient Registry'!I326,Key!$E$2:$F$11,2,FALSE)+VLOOKUP('READMIT Patient Registry'!J326,Key!$G$2:$H$6,2,FALSE)+VLOOKUP('READMIT Patient Registry'!K326,Key!$G$8:$H$10,2,FALSE)+VLOOKUP('READMIT Patient Registry'!L326,Key!$G$12:$H$14,2,FALSE)+VLOOKUP('READMIT Patient Registry'!M326,Key!$I$2:$J$5,2,FALSE)+VLOOKUP('READMIT Patient Registry'!N326,Key!$K$2:$L$4,2,FALSE)+VLOOKUP('READMIT Patient Registry'!O326,Key!$K$6:$L$8,2,FALSE)+VLOOKUP('READMIT Patient Registry'!P326,Key!$M$2:$N$5,2,FALSE),\"\")","v":""},{"$f":"IFERROR(VLOOKUP(Q326,Key!$A$17:$B$20,2,TRUE),\"\")","v":""}]
[null,null,null,null,null,null,null,null,null,null,null,null,null,null,null,null,{"$f":"IFERROR(VLOOKUP(E327,Key!$A$2:$B$6,2,FALSE)+VLOOKUP(F327,Key!$C$2:$D$4,2,FALSE)+VLOOKUP(G327,Key!$C$6:$D$8,2,FALSE)+VLOOKUP('READMIT Patient Registry'!H327,Key!$C$10:$D$12,2,FALSE)+VLOOKUP('READMIT Patient Registry'!I327,Key!$E$2:$F$11,2,FALSE)+VLOOKUP('READMIT Patient Registry'!J327,Key!$G$2:$H$6,2,FALSE)+VLOOKUP('READMIT Patient Registry'!K327,Key!$G$8:$H$10,2,FALSE)+VLOOKUP('READMIT Patient Registry'!L327,Key!$G$12:$H$14,2,FALSE)+VLOOKUP('READMIT Patient Registry'!M327,Key!$I$2:$J$5,2,FALSE)+VLOOKUP('READMIT Patient Registry'!N327,Key!$K$2:$L$4,2,FALSE)+VLOOKUP('READMIT Patient Registry'!O327,Key!$K$6:$L$8,2,FALSE)+VLOOKUP('READMIT Patient Registry'!P327,Key!$M$2:$N$5,2,FALSE),\"\")","v":""},{"$f":"IFERROR(VLOOKUP(Q327,Key!$A$17:$B$20,2,TRUE),\"\")","v":""}]
[null,null,null,null,null,null,null,null,null,null,null,null,null,null,null,null,{"$f":"IFERROR(VLOOKUP(E328,Key!$A$2:$B$6,2,FALSE)+VLOOKUP(F328,Key!$C$2:$D$4,2,FALSE)+VLOOKUP(G328,Key!$C$6:$D$8,2,FALSE)+VLOOKUP('READMIT Patient Registry'!H328,Key!$C$10:$D$12,2,FALSE)+VLOOKUP('READMIT Patient Registry'!I328,Key!$E$2:$F$11,2,FALSE)+VLOOKUP('READMIT Patient Registry'!J328,Key!$G$2:$H$6,2,FALSE)+VLOOKUP('READMIT Patient Registry'!K328,Key!$G$8:$H$10,2,FALSE)+VLOOKUP('READMIT Patient Registry'!L328,Key!$G$12:$H$14,2,FALSE)+VLOOKUP('READMIT Patient Registry'!M328,Key!$I$2:$J$5,2,FALSE)+VLOOKUP('READMIT Patient Registry'!N328,Key!$K$2:$L$4,2,FALSE)+VLOOKUP('READMIT Patient Registry'!O328,Key!$K$6:$L$8,2,FALSE)+VLOOKUP('READMIT Patient Registry'!P328,Key!$M$2:$N$5,2,FALSE),\"\")","v":""},{"$f":"IFERROR(VLOOKUP(Q328,Key!$A$17:$B$20,2,TRUE),\"\")","v":""}]
[null,null,null,null,null,null,null,null,null,null,null,null,null,null,null,null,{"$f":"IFERROR(VLOOKUP(E329,Key!$A$2:$B$6,2,FALSE)+VLOOKUP(F329,Key!$C$2:$D$4,2,FALSE)+VLOOKUP(G329,Key!$C$6:$D$8,2,FALSE)+VLOOKUP('READMIT Patient Registry'!H329,Key!$C$10:$D$12,2,FALSE)+VLOOKUP('READMIT Patient Registry'!I329,Key!$E$2:$F$11,2,FALSE)+VLOOKUP('READMIT Patient Registry'!J329,Key!$G$2:$H$6,2,FALSE)+VLOOKUP('READMIT Patient Registry'!K329,Key!$G$8:$H$10,2,FALSE)+VLOOKUP('READMIT Patient Registry'!L329,Key!$G$12:$H$14,2,FALSE)+VLOOKUP('READMIT Patient Registry'!M329,Key!$I$2:$J$5,2,FALSE)+VLOOKUP('READMIT Patient Registry'!N329,Key!$K$2:$L$4,2,FALSE)+VLOOKUP('READMIT Patient Registry'!O329,Key!$K$6:$L$8,2,FALSE)+VLOOKUP('READMIT Patient Registry'!P329,Key!$M$2:$N$5,2,FALSE),\"\")","v":""},{"$f":"IFERROR(VLOOKUP(Q329,Key!$A$17:$B$20,2,TRUE),\"\")","v":""}]
[null,null,null,null,null,null,null,null,null,null,null,null,null,null,null,null,{"$f":"IFERROR(VLOOKUP(E330,Key!$A$2:$B$6,2,FALSE)+VLOOKUP(F330,Key!$C$2:$D$4,2,FALSE)+VLOOKUP(G330,Key!$C$6:$D$8,2,FALSE)+VLOOKUP('READMIT Patient Registry'!H330,Key!$C$10:$D$12,2,FALSE)+VLOOKUP('READMIT Patient Registry'!I330,Key!$E$2:$F$11,2,FALSE)+VLOOKUP('READMIT Patient Registry'!J330,Key!$G$2:$H$6,2,FALSE)+VLOOKUP('READMIT Patient Registry'!K330,Key!$G$8:$H$10,2,FALSE)+VLOOKUP('READMIT Patient Registry'!L330,Key!$G$12:$H$14,2,FALSE)+VLOOKUP('READMIT Patient Registry'!M330,Key!$I$2:$J$5,2,FALSE)+VLOOKUP('READMIT Patient Registry'!N330,Key!$K$2:$L$4,2,FALSE)+VLOOKUP('READMIT Patient Registry'!O330,Key!$K$6:$L$8,2,FALSE)+VLOOKUP('READMIT Patient Registry'!P330,Key!$M$2:$N$5,2,FALSE),\"\")","v":""},{"$f":"IFERROR(VLOOKUP(Q330,Key!$A$17:$B$20,2,TRUE),\"\")","v":""}]
[null,null,null,null,null,null,null,null,null,null,null,null,null,null,null,null,{"$f":"IFERROR(VLOOKUP(E331,Key!$A$2:$B$6,2,FALSE)+VLOOKUP(F331,Key!$C$2:$D$4,2,FALSE)+VLOOKUP(G331,Key!$C$6:$D$8,2,FALSE)+VLOOKUP('READMIT Patient Registry'!H331,Key!$C$10:$D$12,2,FALSE)+VLOOKUP('READMIT Patient Registry'!I331,Key!$E$2:$F$11,2,FALSE)+VLOOKUP('READMIT Patient Registry'!J331,Key!$G$2:$H$6,2,FALSE)+VLOOKUP('READMIT Patient Registry'!K331,Key!$G$8:$H$10,2,FALSE)+VLOOKUP('READMIT Patient Registry'!L331,Key!$G$12:$H$14,2,FALSE)+VLOOKUP('READMIT Patient Registry'!M331,Key!$I$2:$J$5,2,FALSE)+VLOOKUP('READMIT Patient Registry'!N331,Key!$K$2:$L$4,2,FALSE)+VLOOKUP('READMIT Patient Registry'!O331,Key!$K$6:$L$8,2,FALSE)+VLOOKUP('READMIT Patient Registry'!P331,Key!$M$2:$N$5,2,FALSE),\"\")","v":""},{"$f":"IFERROR(VLOOKUP(Q331,Key!$A$17:$B$20,2,TRUE),\"\")","v":""}]
[null,null,null,null,null,null,null,null,null,null,null,null,null,null,null,null,{"$f":"IFERROR(VLOOKUP(E332,Key!$A$2:$B$6,2,FALSE)+VLOOKUP(F332,Key!$C$2:$D$4,2,FALSE)+VLOOKUP(G332,Key!$C$6:$D$8,2,FALSE)+VLOOKUP('READMIT Patient Registry'!H332,Key!$C$10:$D$12,2,FALSE)+VLOOKUP('READMIT Patient Registry'!I332,Key!$E$2:$F$11,2,FALSE)+VLOOKUP('READMIT Patient Registry'!J332,Key!$G$2:$H$6,2,FALSE)+VLOOKUP('READMIT Patient Registry'!K332,Key!$G$8:$H$10,2,FALSE)+VLOOKUP('READMIT Patient Registry'!L332,Key!$G$12:$H$14,2,FALSE)+VLOOKUP('READMIT Patient Registry'!M332,Key!$I$2:$J$5,2,FALSE)+VLOOKUP('READMIT Patient Registry'!N332,Key!$K$2:$L$4,2,FALSE)+VLOOKUP('READMIT Patient Registry'!O332,Key!$K$6:$L$8,2,FALSE)+VLOOKUP('READMIT Patient Registry'!P332,Key!$M$2:$N$5,2,FALSE),\"\")","v":""},{"$f":"IFERROR(VLOOKUP(Q332,Key!$A$17:$B$20,2,TRUE),\"\")","v":""}]
[null,null,null,null,null,null,null,null,null,null,null,null,null,null,null,null,{"$f":"IFERROR(VLOOKUP(E333,Key!$A$2:$B$6,2,FALSE)+VLOOKUP(F333,Key!$C$2:$D$4,2,FALSE)+VLOOKUP(G333,Key!$C$6:$D$8,2,FALSE)+VLOOKUP('READMIT Patient Registry'!H333,Key!$C$10:$D$12,2,FALSE)+VLOOKUP('READMIT Patient Registry'!I333,Key!$E$2:$F$11,2,FALSE)+VLOOKUP('READMIT Patient Registry'!J333,Key!$G$2:$H$6,2,FALSE)+VLOOKUP('READMIT Patient Registry'!K333,Key!$G$8:$H$10,2,FALSE)+VLOOKUP('READMIT Patient Registry'!L333,Key!$G$12:$H$14,2,FALSE)+VLOOKUP('READMIT Patient Registry'!M333,Key!$I$2:$J$5,2,FALSE)+VLOOKUP('READMIT Patient Registry'!N333,Key!$K$2:$L$4,2,FALSE)+VLOOKUP('READMIT Patient Registry'!O333,Key!$K$6:$L$8,2,FALSE)+VLOOKUP('READMIT Patient Registry'!P333,Key!$M$2:$N$5,2,FALSE),\"\")","v":""},{"$f":"IFERROR(VLOOKUP(Q333,Key!$A$17:$B$20,2,TRUE),\"\")","v":""}]
[null,null,null,null,null,null,null,null,null,null,null,null,null,null,null,null,{"$f":"IFERROR(VLOOKUP(E334,Key!$A$2:$B$6,2,FALSE)+VLOOKUP(F334,Key!$C$2:$D$4,2,FALSE)+VLOOKUP(G334,Key!$C$6:$D$8,2,FALSE)+VLOOKUP('READMIT Patient Registry'!H334,Key!$C$10:$D$12,2,FALSE)+VLOOKUP('READMIT Patient Registry'!I334,Key!$E$2:$F$11,2,FALSE)+VLOOKUP('READMIT Patient Registry'!J334,Key!$G$2:$H$6,2,FALSE)+VLOOKUP('READMIT Patient Registry'!K334,Key!$G$8:$H$10,2,FALSE)+VLOOKUP('READMIT Patient Registry'!L334,Key!$G$12:$H$14,2,FALSE)+VLOOKUP('READMIT Patient Registry'!M334,Key!$I$2:$J$5,2,FALSE)+VLOOKUP('READMIT Patient Registry'!N334,Key!$K$2:$L$4,2,FALSE)+VLOOKUP('READMIT Patient Registry'!O334,Key!$K$6:$L$8,2,FALSE)+VLOOKUP('READMIT Patient Registry'!P334,Key!$M$2:$N$5,2,FALSE),\"\")","v":""},{"$f":"IFERROR(VLOOKUP(Q334,Key!$A$17:$B$20,2,TRUE),\"\")","v":""}]
[null,null,null,null,null,null,null,null,null,null,null,null,null,null,null,null,{"$f":"IFERROR(VLOOKUP(E335,Key!$A$2:$B$6,2,FALSE)+VLOOKUP(F335,Key!$C$2:$D$4,2,FALSE)+VLOOKUP(G335,Key!$C$6:$D$8,2,FALSE)+VLOOKUP('READMIT Patient Registry'!H335,Key!$C$10:$D$12,2,FALSE)+VLOOKUP('READMIT Patient Registry'!I335,Key!$E$2:$F$11,2,FALSE)+VLOOKUP('READMIT Patient Registry'!J335,Key!$G$2:$H$6,2,FALSE)+VLOOKUP('READMIT Patient Registry'!K335,Key!$G$8:$H$10,2,FALSE)+VLOOKUP('READMIT Patient Registry'!L335,Key!$G$12:$H$14,2,FALSE)+VLOOKUP('READMIT Patient Registry'!M335,Key!$I$2:$J$5,2,FALSE)+VLOOKUP('READMIT Patient Registry'!N335,Key!$K$2:$L$4,2,FALSE)+VLOOKUP('READMIT Patient Registry'!O335,Key!$K$6:$L$8,2,FALSE)+VLOOKUP('READMIT Patient Registry'!P335,Key!$M$2:$N$5,2,FALSE),\"\")","v":""},{"$f":"IFERROR(VLOOKUP(Q335,Key!$A$17:$B$20,2,TRUE),\"\")","v":""}]
[null,null,null,null,null,null,null,null,null,null,null,null,null,null,null,null,{"$f":"IFERROR(VLOOKUP(E336,Key!$A$2:$B$6,2,FALSE)+VLOOKUP(F336,Key!$C$2:$D$4,2,FALSE)+VLOOKUP(G336,Key!$C$6:$D$8,2,FALSE)+VLOOKUP('READMIT Patient Registry'!H336,Key!$C$10:$D$12,2,FALSE)+VLOOKUP('READMIT Patient Registry'!I336,Key!$E$2:$F$11,2,FALSE)+VLOOKUP('READMIT Patient Registry'!J336,Key!$G$2:$H$6,2,FALSE)+VLOOKUP('READMIT Patient Registry'!K336,Key!$G$8:$H$10,2,FALSE)+VLOOKUP('READMIT Patient Registry'!L336,Key!$G$12:$H$14,2,FALSE)+VLOOKUP('READMIT Patient Registry'!M336,Key!$I$2:$J$5,2,FALSE)+VLOOKUP('READMIT Patient Registry'!N336,Key!$K$2:$L$4,2,FALSE)+VLOOKUP('READMIT Patient Registry'!O336,Key!$K$6:$L$8,2,FALSE)+VLOOKUP('READMIT Patient Registry'!P336,Key!$M$2:$N$5,2,FALSE),\"\")","v":""},{"$f":"IFERROR(VLOOKUP(Q336,Key!$A$17:$B$20,2,TRUE),\"\")","v":""}]
[null,null,null,null,null,null,null,null,null,null,null,null,null,null,null,null,{"$f":"IFERROR(VLOOKUP(E337,Key!$A$2:$B$6,2,FALSE)+VLOOKUP(F337,Key!$C$2:$D$4,2,FALSE)+VLOOKUP(G337,Key!$C$6:$D$8,2,FALSE)+VLOOKUP('READMIT Patient Registry'!H337,Key!$C$10:$D$12,2,FALSE)+VLOOKUP('READMIT Patient Registry'!I337,Key!$E$2:$F$11,2,FALSE)+VLOOKUP('READMIT Patient Registry'!J337,Key!$G$2:$H$6,2,FALSE)+VLOOKUP('READMIT Patient Registry'!K337,Key!$G$8:$H$10,2,FALSE)+VLOOKUP('READMIT Patient Registry'!L337,Key!$G$12:$H$14,2,FALSE)+VLOOKUP('READMIT Patient Registry'!M337,Key!$I$2:$J$5,2,FALSE)+VLOOKUP('READMIT Patient Registry'!N337,Key!$K$2:$L$4,2,FALSE)+VLOOKUP('READMIT Patient Registry'!O337,Key!$K$6:$L$8,2,FALSE)+VLOOKUP('READMIT Patient Registry'!P337,Key!$M$2:$N$5,2,FALSE),\"\")","v":""},{"$f":"IFERROR(VLOOKUP(Q337,Key!$A$17:$B$20,2,TRUE),\"\")","v":""}]
[null,null,null,null,null,null,null,null,null,null,null,null,null,null,null,null,{"$f":"IFERROR(VLOOKUP(E338,Key!$A$2:$B$6,2,FALSE)+VLOOKUP(F338,Key!$C$2:$D$4,2,FALSE)+VLOOKUP(G338,Key!$C$6:$D$8,2,FALSE)+VLOOKUP('READMIT Patient Registry'!H338,Key!$C$10:$D$12,2,FALSE)+VLOOKUP('READMIT Patient Registry'!I338,Key!$E$2:$F$11,2,FALSE)+VLOOKUP('READMIT Patient Registry'!J338,Key!$G$2:$H$6,2,FALSE)+VLOOKUP('READMIT Patient Registry'!K338,Key!$G$8:$H$10,2,FALSE)+VLOOKUP('READMIT Patient Registry'!L338,Key!$G$12:$H$14,2,FALSE)+VLOOKUP('READMIT Patient Registry'!M338,Key!$I$2:$J$5,2,FALSE)+VLOOKUP('READMIT Patient Registry'!N338,Key!$K$2:$L$4,2,FALSE)+VLOOKUP('READMIT Patient Registry'!O338,Key!$K$6:$L$8,2,FALSE)+VLOOKUP('READMIT Patient Registry'!P338,Key!$M$2:$N$5,2,FALSE),\"\")","v":""},{"$f":"IFERROR(VLOOKUP(Q338,Key!$A$17:$B$20,2,TRUE),\"\")","v":""}]
[null,null,null,null,null,null,null,null,null,null,null,null,null,null,null,null,{"$f":"IFERROR(VLOOKUP(E339,Key!$A$2:$B$6,2,FALSE)+VLOOKUP(F339,Key!$C$2:$D$4,2,FALSE)+VLOOKUP(G339,Key!$C$6:$D$8,2,FALSE)+VLOOKUP('READMIT Patient Registry'!H339,Key!$C$10:$D$12,2,FALSE)+VLOOKUP('READMIT Patient Registry'!I339,Key!$E$2:$F$11,2,FALSE)+VLOOKUP('READMIT Patient Registry'!J339,Key!$G$2:$H$6,2,FALSE)+VLOOKUP('READMIT Patient Registry'!K339,Key!$G$8:$H$10,2,FALSE)+VLOOKUP('READMIT Patient Registry'!L339,Key!$G$12:$H$14,2,FALSE)+VLOOKUP('READMIT Patient Registry'!M339,Key!$I$2:$J$5,2,FALSE)+VLOOKUP('READMIT Patient Registry'!N339,Key!$K$2:$L$4,2,FALSE)+VLOOKUP('READMIT Patient Registry'!O339,Key!$K$6:$L$8,2,FALSE)+VLOOKUP('READMIT Patient Registry'!P339,Key!$M$2:$N$5,2,FALSE),\"\")","v":""},{"$f":"IFERROR(VLOOKUP(Q339,Key!$A$17:$B$20,2,TRUE),\"\")","v":""}]
[null,null,null,null,null,null,null,null,null,null,null,null,null,null,null,null,{"$f":"IFERROR(VLOOKUP(E340,Key!$A$2:$B$6,2,FALSE)+VLOOKUP(F340,Key!$C$2:$D$4,2,FALSE)+VLOOKUP(G340,Key!$C$6:$D$8,2,FALSE)+VLOOKUP('READMIT Patient Registry'!H340,Key!$C$10:$D$12,2,FALSE)+VLOOKUP('READMIT Patient Registry'!I340,Key!$E$2:$F$11,2,FALSE)+VLOOKUP('READMIT Patient Registry'!J340,Key!$G$2:$H$6,2,FALSE)+VLOOKUP('READMIT Patient Registry'!K340,Key!$G$8:$H$10,2,FALSE)+VLOOKUP('READMIT Patient Registry'!L340,Key!$G$12:$H$14,2,FALSE)+VLOOKUP('READMIT Patient Registry'!M340,Key!$I$2:$J$5,2,FALSE)+VLOOKUP('READMIT Patient Registry'!N340,Key!$K$2:$L$4,2,FALSE)+VLOOKUP('READMIT Patient Registry'!O340,Key!$K$6:$L$8,2,FALSE)+VLOOKUP('READMIT Patient Registry'!P340,Key!$M$2:$N$5,2,FALSE),\"\")","v":""},{"$f":"IFERROR(VLOOKUP(Q340,Key!$A$17:$B$20,2,TRUE),\"\")","v":""}]
[null,null,null,null,null,null,null,null,null,null,null,null,null,null,null,null,{"$f":"IFERROR(VLOOKUP(E341,Key!$A$2:$B$6,2,FALSE)+VLOOKUP(F341,Key!$C$2:$D$4,2,FALSE)+VLOOKUP(G341,Key!$C$6:$D$8,2,FALSE)+VLOOKUP('READMIT Patient Registry'!H341,Key!$C$10:$D$12,2,FALSE)+VLOOKUP('READMIT Patient Registry'!I341,Key!$E$2:$F$11,2,FALSE)+VLOOKUP('READMIT Patient Registry'!J341,Key!$G$2:$H$6,2,FALSE)+VLOOKUP('READMIT Patient Registry'!K341,Key!$G$8:$H$10,2,FALSE)+VLOOKUP('READMIT Patient Registry'!L341,Key!$G$12:$H$14,2,FALSE)+VLOOKUP('READMIT Patient Registry'!M341,Key!$I$2:$J$5,2,FALSE)+VLOOKUP('READMIT Patient Registry'!N341,Key!$K$2:$L$4,2,FALSE)+VLOOKUP('READMIT Patient Registry'!O341,Key!$K$6:$L$8,2,FALSE)+VLOOKUP('READMIT Patient Registry'!P341,Key!$M$2:$N$5,2,FALSE),\"\")","v":""},{"$f":"IFERROR(VLOOKUP(Q341,Key!$A$17:$B$20,2,TRUE),\"\")","v":""}]
[null,null,null,null,null,null,null,null,null,null,null,null,null,null,null,null,{"$f":"IFERROR(VLOOKUP(E342,Key!$A$2:$B$6,2,FALSE)+VLOOKUP(F342,Key!$C$2:$D$4,2,FALSE)+VLOOKUP(G342,Key!$C$6:$D$8,2,FALSE)+VLOOKUP('READMIT Patient Registry'!H342,Key!$C$10:$D$12,2,FALSE)+VLOOKUP('READMIT Patient Registry'!I342,Key!$E$2:$F$11,2,FALSE)+VLOOKUP('READMIT Patient Registry'!J342,Key!$G$2:$H$6,2,FALSE)+VLOOKUP('READMIT Patient Registry'!K342,Key!$G$8:$H$10,2,FALSE)+VLOOKUP('READMIT Patient Registry'!L342,Key!$G$12:$H$14,2,FALSE)+VLOOKUP('READMIT Patient Registry'!M342,Key!$I$2:$J$5,2,FALSE)+VLOOKUP('READMIT Patient Registry'!N342,Key!$K$2:$L$4,2,FALSE)+VLOOKUP('READMIT Patient Registry'!O342,Key!$K$6:$L$8,2,FALSE)+VLOOKUP('READMIT Patient Registry'!P342,Key!$M$2:$N$5,2,FALSE),\"\")","v":""},{"$f":"IFERROR(VLOOKUP(Q342,Key!$A$17:$B$20,2,TRUE),\"\")","v":""}]
[null,null,null,null,null,null,null,null,null,null,null,null,null,null,null,null,{"$f":"IFERROR(VLOOKUP(E343,Key!$A$2:$B$6,2,FALSE)+VLOOKUP(F343,Key!$C$2:$D$4,2,FALSE)+VLOOKUP(G343,Key!$C$6:$D$8,2,FALSE)+VLOOKUP('READMIT Patient Registry'!H343,Key!$C$10:$D$12,2,FALSE)+VLOOKUP('READMIT Patient Registry'!I343,Key!$E$2:$F$11,2,FALSE)+VLOOKUP('READMIT Patient Registry'!J343,Key!$G$2:$H$6,2,FALSE)+VLOOKUP('READMIT Patient Registry'!K343,Key!$G$8:$H$10,2,FALSE)+VLOOKUP('READMIT Patient Registry'!L343,Key!$G$12:$H$14,2,FALSE)+VLOOKUP('READMIT Patient Registry'!M343,Key!$I$2:$J$5,2,FALSE)+VLOOKUP('READMIT Patient Registry'!N343,Key!$K$2:$L$4,2,FALSE)+VLOOKUP('READMIT Patient Registry'!O343,Key!$K$6:$L$8,2,FALSE)+VLOOKUP('READMIT Patient Registry'!P343,Key!$M$2:$N$5,2,FALSE),\"\")","v":""},{"$f":"IFERROR(VLOOKUP(Q343,Key!$A$17:$B$20,2,TRUE),\"\")","v":""}]
[null,null,null,null,null,null,null,null,null,null,null,null,null,null,null,null,{"$f":"IFERROR(VLOOKUP(E344,Key!$A$2:$B$6,2,FALSE)+VLOOKUP(F344,Key!$C$2:$D$4,2,FALSE)+VLOOKUP(G344,Key!$C$6:$D$8,2,FALSE)+VLOOKUP('READMIT Patient Registry'!H344,Key!$C$10:$D$12,2,FALSE)+VLOOKUP('READMIT Patient Registry'!I344,Key!$E$2:$F$11,2,FALSE)+VLOOKUP('READMIT Patient Registry'!J344,Key!$G$2:$H$6,2,FALSE)+VLOOKUP('READMIT Patient Registry'!K344,Key!$G$8:$H$10,2,FALSE)+VLOOKUP('READMIT Patient Registry'!L344,Key!$G$12:$H$14,2,FALSE)+VLOOKUP('READMIT Patient Registry'!M344,Key!$I$2:$J$5,2,FALSE)+VLOOKUP('READMIT Patient Registry'!N344,Key!$K$2:$L$4,2,FALSE)+VLOOKUP('READMIT Patient Registry'!O344,Key!$K$6:$L$8,2,FALSE)+VLOOKUP('READMIT Patient Registry'!P344,Key!$M$2:$N$5,2,FALSE),\"\")","v":""},{"$f":"IFERROR(VLOOKUP(Q344,Key!$A$17:$B$20,2,TRUE),\"\")","v":""}]
[null,null,null,null,null,null,null,null,null,null,null,null,null,null,null,null,{"$f":"IFERROR(VLOOKUP(E345,Key!$A$2:$B$6,2,FALSE)+VLOOKUP(F345,Key!$C$2:$D$4,2,FALSE)+VLOOKUP(G345,Key!$C$6:$D$8,2,FALSE)+VLOOKUP('READMIT Patient Registry'!H345,Key!$C$10:$D$12,2,FALSE)+VLOOKUP('READMIT Patient Registry'!I345,Key!$E$2:$F$11,2,FALSE)+VLOOKUP('READMIT Patient Registry'!J345,Key!$G$2:$H$6,2,FALSE)+VLOOKUP('READMIT Patient Registry'!K345,Key!$G$8:$H$10,2,FALSE)+VLOOKUP('READMIT Patient Registry'!L345,Key!$G$12:$H$14,2,FALSE)+VLOOKUP('READMIT Patient Registry'!M345,Key!$I$2:$J$5,2,FALSE)+VLOOKUP('READMIT Patient Registry'!N345,Key!$K$2:$L$4,2,FALSE)+VLOOKUP('READMIT Patient Registry'!O345,Key!$K$6:$L$8,2,FALSE)+VLOOKUP('READMIT Patient Registry'!P345,Key!$M$2:$N$5,2,FALSE),\"\")","v":""},{"$f":"IFERROR(VLOOKUP(Q345,Key!$A$17:$B$20,2,TRUE),\"\")","v":""}]
[null,null,null,null,null,null,null,null,null,null,null,null,null,null,null,null,{"$f":"IFERROR(VLOOKUP(E346,Key!$A$2:$B$6,2,FALSE)+VLOOKUP(F346,Key!$C$2:$D$4,2,FALSE)+VLOOKUP(G346,Key!$C$6:$D$8,2,FALSE)+VLOOKUP('READMIT Patient Registry'!H346,Key!$C$10:$D$12,2,FALSE)+VLOOKUP('READMIT Patient Registry'!I346,Key!$E$2:$F$11,2,FALSE)+VLOOKUP('READMIT Patient Registry'!J346,Key!$G$2:$H$6,2,FALSE)+VLOOKUP('READMIT Patient Registry'!K346,Key!$G$8:$H$10,2,FALSE)+VLOOKUP('READMIT Patient Registry'!L346,Key!$G$12:$H$14,2,FALSE)+VLOOKUP('READMIT Patient Registry'!M346,Key!$I$2:$J$5,2,FALSE)+VLOOKUP('READMIT Patient Registry'!N346,Key!$K$2:$L$4,2,FALSE)+VLOOKUP('READMIT Patient Registry'!O346,Key!$K$6:$L$8,2,FALSE)+VLOOKUP('READMIT Patient Registry'!P346,Key!$M$2:$N$5,2,FALSE),\"\")","v":""},{"$f":"IFERROR(VLOOKUP(Q346,Key!$A$17:$B$20,2,TRUE),\"\")","v":""}]
[null,null,null,null,null,null,null,null,null,null,null,null,null,null,null,null,{"$f":"IFERROR(VLOOKUP(E347,Key!$A$2:$B$6,2,FALSE)+VLOOKUP(F347,Key!$C$2:$D$4,2,FALSE)+VLOOKUP(G347,Key!$C$6:$D$8,2,FALSE)+VLOOKUP('READMIT Patient Registry'!H347,Key!$C$10:$D$12,2,FALSE)+VLOOKUP('READMIT Patient Registry'!I347,Key!$E$2:$F$11,2,FALSE)+VLOOKUP('READMIT Patient Registry'!J347,Key!$G$2:$H$6,2,FALSE)+VLOOKUP('READMIT Patient Registry'!K347,Key!$G$8:$H$10,2,FALSE)+VLOOKUP('READMIT Patient Registry'!L347,Key!$G$12:$H$14,2,FALSE)+VLOOKUP('READMIT Patient Registry'!M347,Key!$I$2:$J$5,2,FALSE)+VLOOKUP('READMIT Patient Registry'!N347,Key!$K$2:$L$4,2,FALSE)+VLOOKUP('READMIT Patient Registry'!O347,Key!$K$6:$L$8,2,FALSE)+VLOOKUP('READMIT Patient Registry'!P347,Key!$M$2:$N$5,2,FALSE),\"\")","v":""},{"$f":"IFERROR(VLOOKUP(Q347,Key!$A$17:$B$20,2,TRUE),\"\")","v":""}]
[null,null,null,null,null,null,null,null,null,null,null,null,null,null,null,null,{"$f":"IFERROR(VLOOKUP(E348,Key!$A$2:$B$6,2,FALSE)+VLOOKUP(F348,Key!$C$2:$D$4,2,FALSE)+VLOOKUP(G348,Key!$C$6:$D$8,2,FALSE)+VLOOKUP('READMIT Patient Registry'!H348,Key!$C$10:$D$12,2,FALSE)+VLOOKUP('READMIT Patient Registry'!I348,Key!$E$2:$F$11,2,FALSE)+VLOOKUP('READMIT Patient Registry'!J348,Key!$G$2:$H$6,2,FALSE)+VLOOKUP('READMIT Patient Registry'!K348,Key!$G$8:$H$10,2,FALSE)+VLOOKUP('READMIT Patient Registry'!L348,Key!$G$12:$H$14,2,FALSE)+VLOOKUP('READMIT Patient Registry'!M348,Key!$I$2:$J$5,2,FALSE)+VLOOKUP('READMIT Patient Registry'!N348,Key!$K$2:$L$4,2,FALSE)+VLOOKUP('READMIT Patient Registry'!O348,Key!$K$6:$L$8,2,FALSE)+VLOOKUP('READMIT Patient Registry'!P348,Key!$M$2:$N$5,2,FALSE),\"\")","v":""},{"$f":"IFERROR(VLOOKUP(Q348,Key!$A$17:$B$20,2,TRUE),\"\")","v":""}]
[null,null,null,null,null,null,null,null,null,null,null,null,null,null,null,null,{"$f":"IFERROR(VLOOKUP(E349,Key!$A$2:$B$6,2,FALSE)+VLOOKUP(F349,Key!$C$2:$D$4,2,FALSE)+VLOOKUP(G349,Key!$C$6:$D$8,2,FALSE)+VLOOKUP('READMIT Patient Registry'!H349,Key!$C$10:$D$12,2,FALSE)+VLOOKUP('READMIT Patient Registry'!I349,Key!$E$2:$F$11,2,FALSE)+VLOOKUP('READMIT Patient Registry'!J349,Key!$G$2:$H$6,2,FALSE)+VLOOKUP('READMIT Patient Registry'!K349,Key!$G$8:$H$10,2,FALSE)+VLOOKUP('READMIT Patient Registry'!L349,Key!$G$12:$H$14,2,FALSE)+VLOOKUP('READMIT Patient Registry'!M349,Key!$I$2:$J$5,2,FALSE)+VLOOKUP('READMIT Patient Registry'!N349,Key!$K$2:$L$4,2,FALSE)+VLOOKUP('READMIT Patient Registry'!O349,Key!$K$6:$L$8,2,FALSE)+VLOOKUP('READMIT Patient Registry'!P349,Key!$M$2:$N$5,2,FALSE),\"\")","v":""},{"$f":"IFERROR(VLOOKUP(Q349,Key!$A$17:$B$20,2,TRUE),\"\")","v":""}]
[null,null,null,null,null,null,null,null,null,null,null,null,null,null,null,null,{"$f":"IFERROR(VLOOKUP(E350,Key!$A$2:$B$6,2,FALSE)+VLOOKUP(F350,Key!$C$2:$D$4,2,FALSE)+VLOOKUP(G350,Key!$C$6:$D$8,2,FALSE)+VLOOKUP('READMIT Patient Registry'!H350,Key!$C$10:$D$12,2,FALSE)+VLOOKUP('READMIT Patient Registry'!I350,Key!$E$2:$F$11,2,FALSE)+VLOOKUP('READMIT Patient Registry'!J350,Key!$G$2:$H$6,2,FALSE)+VLOOKUP('READMIT Patient Registry'!K350,Key!$G$8:$H$10,2,FALSE)+VLOOKUP('READMIT Patient Registry'!L350,Key!$G$12:$H$14,2,FALSE)+VLOOKUP('READMIT Patient Registry'!M350,Key!$I$2:$J$5,2,FALSE)+VLOOKUP('READMIT Patient Registry'!N350,Key!$K$2:$L$4,2,FALSE)+VLOOKUP('READMIT Patient Registry'!O350,Key!$K$6:$L$8,2,FALSE)+VLOOKUP('READMIT Patient Registry'!P350,Key!$M$2:$N$5,2,FALSE),\"\")","v":""},{"$f":"IFERROR(VLOOKUP(Q350,Key!$A$17:$B$20,2,TRUE),\"\")","v":""}]
[null,null,null,null,null,null,null,null,null,null,null,null,null,null,null,null,{"$f":"IFERROR(VLOOKUP(E351,Key!$A$2:$B$6,2,FALSE)+VLOOKUP(F351,Key!$C$2:$D$4,2,FALSE)+VLOOKUP(G351,Key!$C$6:$D$8,2,FALSE)+VLOOKUP('READMIT Patient Registry'!H351,Key!$C$10:$D$12,2,FALSE)+VLOOKUP('READMIT Patient Registry'!I351,Key!$E$2:$F$11,2,FALSE)+VLOOKUP('READMIT Patient Registry'!J351,Key!$G$2:$H$6,2,FALSE)+VLOOKUP('READMIT Patient Registry'!K351,Key!$G$8:$H$10,2,FALSE)+VLOOKUP('READMIT Patient Registry'!L351,Key!$G$12:$H$14,2,FALSE)+VLOOKUP('READMIT Patient Registry'!M351,Key!$I$2:$J$5,2,FALSE)+VLOOKUP('READMIT Patient Registry'!N351,Key!$K$2:$L$4,2,FALSE)+VLOOKUP('READMIT Patient Registry'!O351,Key!$K$6:$L$8,2,FALSE)+VLOOKUP('READMIT Patient Registry'!P351,Key!$M$2:$N$5,2,FALSE),\"\")","v":""},{"$f":"IFERROR(VLOOKUP(Q351,Key!$A$17:$B$20,2,TRUE),\"\")","v":""}]
[null,null,null,null,null,null,null,null,null,null,null,null,null,null,null,null,{"$f":"IFERROR(VLOOKUP(E352,Key!$A$2:$B$6,2,FALSE)+VLOOKUP(F352,Key!$C$2:$D$4,2,FALSE)+VLOOKUP(G352,Key!$C$6:$D$8,2,FALSE)+VLOOKUP('READMIT Patient Registry'!H352,Key!$C$10:$D$12,2,FALSE)+VLOOKUP('READMIT Patient Registry'!I352,Key!$E$2:$F$11,2,FALSE)+VLOOKUP('READMIT Patient Registry'!J352,Key!$G$2:$H$6,2,FALSE)+VLOOKUP('READMIT Patient Registry'!K352,Key!$G$8:$H$10,2,FALSE)+VLOOKUP('READMIT Patient Registry'!L352,Key!$G$12:$H$14,2,FALSE)+VLOOKUP('READMIT Patient Registry'!M352,Key!$I$2:$J$5,2,FALSE)+VLOOKUP('READMIT Patient Registry'!N352,Key!$K$2:$L$4,2,FALSE)+VLOOKUP('READMIT Patient Registry'!O352,Key!$K$6:$L$8,2,FALSE)+VLOOKUP('READMIT Patient Registry'!P352,Key!$M$2:$N$5,2,FALSE),\"\")","v":""},{"$f":"IFERROR(VLOOKUP(Q352,Key!$A$17:$B$20,2,TRUE),\"\")","v":""}]
[null,null,null,null,null,null,null,null,null,null,null,null,null,null,null,null,{"$f":"IFERROR(VLOOKUP(E353,Key!$A$2:$B$6,2,FALSE)+VLOOKUP(F353,Key!$C$2:$D$4,2,FALSE)+VLOOKUP(G353,Key!$C$6:$D$8,2,FALSE)+VLOOKUP('READMIT Patient Registry'!H353,Key!$C$10:$D$12,2,FALSE)+VLOOKUP('READMIT Patient Registry'!I353,Key!$E$2:$F$11,2,FALSE)+VLOOKUP('READMIT Patient Registry'!J353,Key!$G$2:$H$6,2,FALSE)+VLOOKUP('READMIT Patient Registry'!K353,Key!$G$8:$H$10,2,FALSE)+VLOOKUP('READMIT Patient Registry'!L353,Key!$G$12:$H$14,2,FALSE)+VLOOKUP('READMIT Patient Registry'!M353,Key!$I$2:$J$5,2,FALSE)+VLOOKUP('READMIT Patient Registry'!N353,Key!$K$2:$L$4,2,FALSE)+VLOOKUP('READMIT Patient Registry'!O353,Key!$K$6:$L$8,2,FALSE)+VLOOKUP('READMIT Patient Registry'!P353,Key!$M$2:$N$5,2,FALSE),\"\")","v":""},{"$f":"IFERROR(VLOOKUP(Q353,Key!$A$17:$B$20,2,TRUE),\"\")","v":""}]
[null,null,null,null,null,null,null,null,null,null,null,null,null,null,null,null,{"$f":"IFERROR(VLOOKUP(E354,Key!$A$2:$B$6,2,FALSE)+VLOOKUP(F354,Key!$C$2:$D$4,2,FALSE)+VLOOKUP(G354,Key!$C$6:$D$8,2,FALSE)+VLOOKUP('READMIT Patient Registry'!H354,Key!$C$10:$D$12,2,FALSE)+VLOOKUP('READMIT Patient Registry'!I354,Key!$E$2:$F$11,2,FALSE)+VLOOKUP('READMIT Patient Registry'!J354,Key!$G$2:$H$6,2,FALSE)+VLOOKUP('READMIT Patient Registry'!K354,Key!$G$8:$H$10,2,FALSE)+VLOOKUP('READMIT Patient Registry'!L354,Key!$G$12:$H$14,2,FALSE)+VLOOKUP('READMIT Patient Registry'!M354,Key!$I$2:$J$5,2,FALSE)+VLOOKUP('READMIT Patient Registry'!N354,Key!$K$2:$L$4,2,FALSE)+VLOOKUP('READMIT Patient Registry'!O354,Key!$K$6:$L$8,2,FALSE)+VLOOKUP('READMIT Patient Registry'!P354,Key!$M$2:$N$5,2,FALSE),\"\")","v":""},{"$f":"IFERROR(VLOOKUP(Q354,Key!$A$17:$B$20,2,TRUE),\"\")","v":""}]
[null,null,null,null,null,null,null,null,null,null,null,null,null,null,null,null,{"$f":"IFERROR(VLOOKUP(E355,Key!$A$2:$B$6,2,FALSE)+VLOOKUP(F355,Key!$C$2:$D$4,2,FALSE)+VLOOKUP(G355,Key!$C$6:$D$8,2,FALSE)+VLOOKUP('READMIT Patient Registry'!H355,Key!$C$10:$D$12,2,FALSE)+VLOOKUP('READMIT Patient Registry'!I355,Key!$E$2:$F$11,2,FALSE)+VLOOKUP('READMIT Patient Registry'!J355,Key!$G$2:$H$6,2,FALSE)+VLOOKUP('READMIT Patient Registry'!K355,Key!$G$8:$H$10,2,FALSE)+VLOOKUP('READMIT Patient Registry'!L355,Key!$G$12:$H$14,2,FALSE)+VLOOKUP('READMIT Patient Registry'!M355,Key!$I$2:$J$5,2,FALSE)+VLOOKUP('READMIT Patient Registry'!N355,Key!$K$2:$L$4,2,FALSE)+VLOOKUP('READMIT Patient Registry'!O355,Key!$K$6:$L$8,2,FALSE)+VLOOKUP('READMIT Patient Registry'!P355,Key!$M$2:$N$5,2,FALSE),\"\")","v":""},{"$f":"IFERROR(VLOOKUP(Q355,Key!$A$17:$B$20,2,TRUE),\"\")","v":""}]
[null,null,null,null,null,null,null,null,null,null,null,null,null,null,null,null,{"$f":"IFERROR(VLOOKUP(E356,Key!$A$2:$B$6,2,FALSE)+VLOOKUP(F356,Key!$C$2:$D$4,2,FALSE)+VLOOKUP(G356,Key!$C$6:$D$8,2,FALSE)+VLOOKUP('READMIT Patient Registry'!H356,Key!$C$10:$D$12,2,FALSE)+VLOOKUP('READMIT Patient Registry'!I356,Key!$E$2:$F$11,2,FALSE)+VLOOKUP('READMIT Patient Registry'!J356,Key!$G$2:$H$6,2,FALSE)+VLOOKUP('READMIT Patient Registry'!K356,Key!$G$8:$H$10,2,FALSE)+VLOOKUP('READMIT Patient Registry'!L356,Key!$G$12:$H$14,2,FALSE)+VLOOKUP('READMIT Patient Registry'!M356,Key!$I$2:$J$5,2,FALSE)+VLOOKUP('READMIT Patient Registry'!N356,Key!$K$2:$L$4,2,FALSE)+VLOOKUP('READMIT Patient Registry'!O356,Key!$K$6:$L$8,2,FALSE)+VLOOKUP('READMIT Patient Registry'!P356,Key!$M$2:$N$5,2,FALSE),\"\")","v":""},{"$f":"IFERROR(VLOOKUP(Q356,Key!$A$17:$B$20,2,TRUE),\"\")","v":""}]
[null,null,null,null,null,null,null,null,null,null,null,null,null,null,null,null,{"$f":"IFERROR(VLOOKUP(E357,Key!$A$2:$B$6,2,FALSE)+VLOOKUP(F357,Key!$C$2:$D$4,2,FALSE)+VLOOKUP(G357,Key!$C$6:$D$8,2,FALSE)+VLOOKUP('READMIT Patient Registry'!H357,Key!$C$10:$D$12,2,FALSE)+VLOOKUP('READMIT Patient Registry'!I357,Key!$E$2:$F$11,2,FALSE)+VLOOKUP('READMIT Patient Registry'!J357,Key!$G$2:$H$6,2,FALSE)+VLOOKUP('READMIT Patient Registry'!K357,Key!$G$8:$H$10,2,FALSE)+VLOOKUP('READMIT Patient Registry'!L357,Key!$G$12:$H$14,2,FALSE)+VLOOKUP('READMIT Patient Registry'!M357,Key!$I$2:$J$5,2,FALSE)+VLOOKUP('READMIT Patient Registry'!N357,Key!$K$2:$L$4,2,FALSE)+VLOOKUP('READMIT Patient Registry'!O357,Key!$K$6:$L$8,2,FALSE)+VLOOKUP('READMIT Patient Registry'!P357,Key!$M$2:$N$5,2,FALSE),\"\")","v":""},{"$f":"IFERROR(VLOOKUP(Q357,Key!$A$17:$B$20,2,TRUE),\"\")","v":""}]
[null,null,null,null,null,null,null,null,null,null,null,null,null,null,null,null,{"$f":"IFERROR(VLOOKUP(E358,Key!$A$2:$B$6,2,FALSE)+VLOOKUP(F358,Key!$C$2:$D$4,2,FALSE)+VLOOKUP(G358,Key!$C$6:$D$8,2,FALSE)+VLOOKUP('READMIT Patient Registry'!H358,Key!$C$10:$D$12,2,FALSE)+VLOOKUP('READMIT Patient Registry'!I358,Key!$E$2:$F$11,2,FALSE)+VLOOKUP('READMIT Patient Registry'!J358,Key!$G$2:$H$6,2,FALSE)+VLOOKUP('READMIT Patient Registry'!K358,Key!$G$8:$H$10,2,FALSE)+VLOOKUP('READMIT Patient Registry'!L358,Key!$G$12:$H$14,2,FALSE)+VLOOKUP('READMIT Patient Registry'!M358,Key!$I$2:$J$5,2,FALSE)+VLOOKUP('READMIT Patient Registry'!N358,Key!$K$2:$L$4,2,FALSE)+VLOOKUP('READMIT Patient Registry'!O358,Key!$K$6:$L$8,2,FALSE)+VLOOKUP('READMIT Patient Registry'!P358,Key!$M$2:$N$5,2,FALSE),\"\")","v":""},{"$f":"IFERROR(VLOOKUP(Q358,Key!$A$17:$B$20,2,TRUE),\"\")","v":""}]
[null,null,null,null,null,null,null,null,null,null,null,null,null,null,null,null,{"$f":"IFERROR(VLOOKUP(E359,Key!$A$2:$B$6,2,FALSE)+VLOOKUP(F359,Key!$C$2:$D$4,2,FALSE)+VLOOKUP(G359,Key!$C$6:$D$8,2,FALSE)+VLOOKUP('READMIT Patient Registry'!H359,Key!$C$10:$D$12,2,FALSE)+VLOOKUP('READMIT Patient Registry'!I359,Key!$E$2:$F$11,2,FALSE)+VLOOKUP('READMIT Patient Registry'!J359,Key!$G$2:$H$6,2,FALSE)+VLOOKUP('READMIT Patient Registry'!K359,Key!$G$8:$H$10,2,FALSE)+VLOOKUP('READMIT Patient Registry'!L359,Key!$G$12:$H$14,2,FALSE)+VLOOKUP('READMIT Patient Registry'!M359,Key!$I$2:$J$5,2,FALSE)+VLOOKUP('READMIT Patient Registry'!N359,Key!$K$2:$L$4,2,FALSE)+VLOOKUP('READMIT Patient Registry'!O359,Key!$K$6:$L$8,2,FALSE)+VLOOKUP('READMIT Patient Registry'!P359,Key!$M$2:$N$5,2,FALSE),\"\")","v":""},{"$f":"IFERROR(VLOOKUP(Q359,Key!$A$17:$B$20,2,TRUE),\"\")","v":""}]
[null,null,null,null,null,null,null,null,null,null,null,null,null,null,null,null,{"$f":"IFERROR(VLOOKUP(E360,Key!$A$2:$B$6,2,FALSE)+VLOOKUP(F360,Key!$C$2:$D$4,2,FALSE)+VLOOKUP(G360,Key!$C$6:$D$8,2,FALSE)+VLOOKUP('READMIT Patient Registry'!H360,Key!$C$10:$D$12,2,FALSE)+VLOOKUP('READMIT Patient Registry'!I360,Key!$E$2:$F$11,2,FALSE)+VLOOKUP('READMIT Patient Registry'!J360,Key!$G$2:$H$6,2,FALSE)+VLOOKUP('READMIT Patient Registry'!K360,Key!$G$8:$H$10,2,FALSE)+VLOOKUP('READMIT Patient Registry'!L360,Key!$G$12:$H$14,2,FALSE)+VLOOKUP('READMIT Patient Registry'!M360,Key!$I$2:$J$5,2,FALSE)+VLOOKUP('READMIT Patient Registry'!N360,Key!$K$2:$L$4,2,FALSE)+VLOOKUP('READMIT Patient Registry'!O360,Key!$K$6:$L$8,2,FALSE)+VLOOKUP('READMIT Patient Registry'!P360,Key!$M$2:$N$5,2,FALSE),\"\")","v":""},{"$f":"IFERROR(VLOOKUP(Q360,Key!$A$17:$B$20,2,TRUE),\"\")","v":""}]
[null,null,null,null,null,null,null,null,null,null,null,null,null,null,null,null,{"$f":"IFERROR(VLOOKUP(E361,Key!$A$2:$B$6,2,FALSE)+VLOOKUP(F361,Key!$C$2:$D$4,2,FALSE)+VLOOKUP(G361,Key!$C$6:$D$8,2,FALSE)+VLOOKUP('READMIT Patient Registry'!H361,Key!$C$10:$D$12,2,FALSE)+VLOOKUP('READMIT Patient Registry'!I361,Key!$E$2:$F$11,2,FALSE)+VLOOKUP('READMIT Patient Registry'!J361,Key!$G$2:$H$6,2,FALSE)+VLOOKUP('READMIT Patient Registry'!K361,Key!$G$8:$H$10,2,FALSE)+VLOOKUP('READMIT Patient Registry'!L361,Key!$G$12:$H$14,2,FALSE)+VLOOKUP('READMIT Patient Registry'!M361,Key!$I$2:$J$5,2,FALSE)+VLOOKUP('READMIT Patient Registry'!N361,Key!$K$2:$L$4,2,FALSE)+VLOOKUP('READMIT Patient Registry'!O361,Key!$K$6:$L$8,2,FALSE)+VLOOKUP('READMIT Patient Registry'!P361,Key!$M$2:$N$5,2,FALSE),\"\")","v":""},{"$f":"IFERROR(VLOOKUP(Q361,Key!$A$17:$B$20,2,TRUE),\"\")","v":""}]
[null,null,null,null,null,null,null,null,null,null,null,null,null,null,null,null,{"$f":"IFERROR(VLOOKUP(E362,Key!$A$2:$B$6,2,FALSE)+VLOOKUP(F362,Key!$C$2:$D$4,2,FALSE)+VLOOKUP(G362,Key!$C$6:$D$8,2,FALSE)+VLOOKUP('READMIT Patient Registry'!H362,Key!$C$10:$D$12,2,FALSE)+VLOOKUP('READMIT Patient Registry'!I362,Key!$E$2:$F$11,2,FALSE)+VLOOKUP('READMIT Patient Registry'!J362,Key!$G$2:$H$6,2,FALSE)+VLOOKUP('READMIT Patient Registry'!K362,Key!$G$8:$H$10,2,FALSE)+VLOOKUP('READMIT Patient Registry'!L362,Key!$G$12:$H$14,2,FALSE)+VLOOKUP('READMIT Patient Registry'!M362,Key!$I$2:$J$5,2,FALSE)+VLOOKUP('READMIT Patient Registry'!N362,Key!$K$2:$L$4,2,FALSE)+VLOOKUP('READMIT Patient Registry'!O362,Key!$K$6:$L$8,2,FALSE)+VLOOKUP('READMIT Patient Registry'!P362,Key!$M$2:$N$5,2,FALSE),\"\")","v":""},{"$f":"IFERROR(VLOOKUP(Q362,Key!$A$17:$B$20,2,TRUE),\"\")","v":""}]
[null,null,null,null,null,null,null,null,null,null,null,null,null,null,null,null,{"$f":"IFERROR(VLOOKUP(E363,Key!$A$2:$B$6,2,FALSE)+VLOOKUP(F363,Key!$C$2:$D$4,2,FALSE)+VLOOKUP(G363,Key!$C$6:$D$8,2,FALSE)+VLOOKUP('READMIT Patient Registry'!H363,Key!$C$10:$D$12,2,FALSE)+VLOOKUP('READMIT Patient Registry'!I363,Key!$E$2:$F$11,2,FALSE)+VLOOKUP('READMIT Patient Registry'!J363,Key!$G$2:$H$6,2,FALSE)+VLOOKUP('READMIT Patient Registry'!K363,Key!$G$8:$H$10,2,FALSE)+VLOOKUP('READMIT Patient Registry'!L363,Key!$G$12:$H$14,2,FALSE)+VLOOKUP('READMIT Patient Registry'!M363,Key!$I$2:$J$5,2,FALSE)+VLOOKUP('READMIT Patient Registry'!N363,Key!$K$2:$L$4,2,FALSE)+VLOOKUP('READMIT Patient Registry'!O363,Key!$K$6:$L$8,2,FALSE)+VLOOKUP('READMIT Patient Registry'!P363,Key!$M$2:$N$5,2,FALSE),\"\")","v":""},{"$f":"IFERROR(VLOOKUP(Q363,Key!$A$17:$B$20,2,TRUE),\"\")","v":""}]
[null,null,null,null,null,null,null,null,null,null,null,null,null,null,null,null,{"$f":"IFERROR(VLOOKUP(E364,Key!$A$2:$B$6,2,FALSE)+VLOOKUP(F364,Key!$C$2:$D$4,2,FALSE)+VLOOKUP(G364,Key!$C$6:$D$8,2,FALSE)+VLOOKUP('READMIT Patient Registry'!H364,Key!$C$10:$D$12,2,FALSE)+VLOOKUP('READMIT Patient Registry'!I364,Key!$E$2:$F$11,2,FALSE)+VLOOKUP('READMIT Patient Registry'!J364,Key!$G$2:$H$6,2,FALSE)+VLOOKUP('READMIT Patient Registry'!K364,Key!$G$8:$H$10,2,FALSE)+VLOOKUP('READMIT Patient Registry'!L364,Key!$G$12:$H$14,2,FALSE)+VLOOKUP('READMIT Patient Registry'!M364,Key!$I$2:$J$5,2,FALSE)+VLOOKUP('READMIT Patient Registry'!N364,Key!$K$2:$L$4,2,FALSE)+VLOOKUP('READMIT Patient Registry'!O364,Key!$K$6:$L$8,2,FALSE)+VLOOKUP('READMIT Patient Registry'!P364,Key!$M$2:$N$5,2,FALSE),\"\")","v":""},{"$f":"IFERROR(VLOOKUP(Q364,Key!$A$17:$B$20,2,TRUE),\"\")","v":""}]
[null,null,null,null,null,null,null,null,null,null,null,null,null,null,null,null,{"$f":"IFERROR(VLOOKUP(E365,Key!$A$2:$B$6,2,FALSE)+VLOOKUP(F365,Key!$C$2:$D$4,2,FALSE)+VLOOKUP(G365,Key!$C$6:$D$8,2,FALSE)+VLOOKUP('READMIT Patient Registry'!H365,Key!$C$10:$D$12,2,FALSE)+VLOOKUP('READMIT Patient Registry'!I365,Key!$E$2:$F$11,2,FALSE)+VLOOKUP('READMIT Patient Registry'!J365,Key!$G$2:$H$6,2,FALSE)+VLOOKUP('READMIT Patient Registry'!K365,Key!$G$8:$H$10,2,FALSE)+VLOOKUP('READMIT Patient Registry'!L365,Key!$G$12:$H$14,2,FALSE)+VLOOKUP('READMIT Patient Registry'!M365,Key!$I$2:$J$5,2,FALSE)+VLOOKUP('READMIT Patient Registry'!N365,Key!$K$2:$L$4,2,FALSE)+VLOOKUP('READMIT Patient Registry'!O365,Key!$K$6:$L$8,2,FALSE)+VLOOKUP('READMIT Patient Registry'!P365,Key!$M$2:$N$5,2,FALSE),\"\")","v":""},{"$f":"IFERROR(VLOOKUP(Q365,Key!$A$17:$B$20,2,TRUE),\"\")","v":""}]
[null,null,null,null,null,null,null,null,null,null,null,null,null,null,null,null,{"$f":"IFERROR(VLOOKUP(E366,Key!$A$2:$B$6,2,FALSE)+VLOOKUP(F366,Key!$C$2:$D$4,2,FALSE)+VLOOKUP(G366,Key!$C$6:$D$8,2,FALSE)+VLOOKUP('READMIT Patient Registry'!H366,Key!$C$10:$D$12,2,FALSE)+VLOOKUP('READMIT Patient Registry'!I366,Key!$E$2:$F$11,2,FALSE)+VLOOKUP('READMIT Patient Registry'!J366,Key!$G$2:$H$6,2,FALSE)+VLOOKUP('READMIT Patient Registry'!K366,Key!$G$8:$H$10,2,FALSE)+VLOOKUP('READMIT Patient Registry'!L366,Key!$G$12:$H$14,2,FALSE)+VLOOKUP('READMIT Patient Registry'!M366,Key!$I$2:$J$5,2,FALSE)+VLOOKUP('READMIT Patient Registry'!N366,Key!$K$2:$L$4,2,FALSE)+VLOOKUP('READMIT Patient Registry'!O366,Key!$K$6:$L$8,2,FALSE)+VLOOKUP('READMIT Patient Registry'!P366,Key!$M$2:$N$5,2,FALSE),\"\")","v":""},{"$f":"IFERROR(VLOOKUP(Q366,Key!$A$17:$B$20,2,TRUE),\"\")","v":""}]
[null,null,null,null,null,null,null,null,null,null,null,null,null,null,null,null,{"$f":"IFERROR(VLOOKUP(E367,Key!$A$2:$B$6,2,FALSE)+VLOOKUP(F367,Key!$C$2:$D$4,2,FALSE)+VLOOKUP(G367,Key!$C$6:$D$8,2,FALSE)+VLOOKUP('READMIT Patient Registry'!H367,Key!$C$10:$D$12,2,FALSE)+VLOOKUP('READMIT Patient Registry'!I367,Key!$E$2:$F$11,2,FALSE)+VLOOKUP('READMIT Patient Registry'!J367,Key!$G$2:$H$6,2,FALSE)+VLOOKUP('READMIT Patient Registry'!K367,Key!$G$8:$H$10,2,FALSE)+VLOOKUP('READMIT Patient Registry'!L367,Key!$G$12:$H$14,2,FALSE)+VLOOKUP('READMIT Patient Registry'!M367,Key!$I$2:$J$5,2,FALSE)+VLOOKUP('READMIT Patient Registry'!N367,Key!$K$2:$L$4,2,FALSE)+VLOOKUP('READMIT Patient Registry'!O367,Key!$K$6:$L$8,2,FALSE)+VLOOKUP('READMIT Patient Registry'!P367,Key!$M$2:$N$5,2,FALSE),\"\")","v":""},{"$f":"IFERROR(VLOOKUP(Q367,Key!$A$17:$B$20,2,TRUE),\"\")","v":""}]
[null,null,null,null,null,null,null,null,null,null,null,null,null,null,null,null,{"$f":"IFERROR(VLOOKUP(E368,Key!$A$2:$B$6,2,FALSE)+VLOOKUP(F368,Key!$C$2:$D$4,2,FALSE)+VLOOKUP(G368,Key!$C$6:$D$8,2,FALSE)+VLOOKUP('READMIT Patient Registry'!H368,Key!$C$10:$D$12,2,FALSE)+VLOOKUP('READMIT Patient Registry'!I368,Key!$E$2:$F$11,2,FALSE)+VLOOKUP('READMIT Patient Registry'!J368,Key!$G$2:$H$6,2,FALSE)+VLOOKUP('READMIT Patient Registry'!K368,Key!$G$8:$H$10,2,FALSE)+VLOOKUP('READMIT Patient Registry'!L368,Key!$G$12:$H$14,2,FALSE)+VLOOKUP('READMIT Patient Registry'!M368,Key!$I$2:$J$5,2,FALSE)+VLOOKUP('READMIT Patient Registry'!N368,Key!$K$2:$L$4,2,FALSE)+VLOOKUP('READMIT Patient Registry'!O368,Key!$K$6:$L$8,2,FALSE)+VLOOKUP('READMIT Patient Registry'!P368,Key!$M$2:$N$5,2,FALSE),\"\")","v":""},{"$f":"IFERROR(VLOOKUP(Q368,Key!$A$17:$B$20,2,TRUE),\"\")","v":""}]
[null,null,null,null,null,null,null,null,null,null,null,null,null,null,null,null,{"$f":"IFERROR(VLOOKUP(E369,Key!$A$2:$B$6,2,FALSE)+VLOOKUP(F369,Key!$C$2:$D$4,2,FALSE)+VLOOKUP(G369,Key!$C$6:$D$8,2,FALSE)+VLOOKUP('READMIT Patient Registry'!H369,Key!$C$10:$D$12,2,FALSE)+VLOOKUP('READMIT Patient Registry'!I369,Key!$E$2:$F$11,2,FALSE)+VLOOKUP('READMIT Patient Registry'!J369,Key!$G$2:$H$6,2,FALSE)+VLOOKUP('READMIT Patient Registry'!K369,Key!$G$8:$H$10,2,FALSE)+VLOOKUP('READMIT Patient Registry'!L369,Key!$G$12:$H$14,2,FALSE)+VLOOKUP('READMIT Patient Registry'!M369,Key!$I$2:$J$5,2,FALSE)+VLOOKUP('READMIT Patient Registry'!N369,Key!$K$2:$L$4,2,FALSE)+VLOOKUP('READMIT Patient Registry'!O369,Key!$K$6:$L$8,2,FALSE)+VLOOKUP('READMIT Patient Registry'!P369,Key!$M$2:$N$5,2,FALSE),\"\")","v":""},{"$f":"IFERROR(VLOOKUP(Q369,Key!$A$17:$B$20,2,TRUE),\"\")","v":""}]
[null,null,null,null,null,null,null,null,null,null,null,null,null,null,null,null,{"$f":"IFERROR(VLOOKUP(E370,Key!$A$2:$B$6,2,FALSE)+VLOOKUP(F370,Key!$C$2:$D$4,2,FALSE)+VLOOKUP(G370,Key!$C$6:$D$8,2,FALSE)+VLOOKUP('READMIT Patient Registry'!H370,Key!$C$10:$D$12,2,FALSE)+VLOOKUP('READMIT Patient Registry'!I370,Key!$E$2:$F$11,2,FALSE)+VLOOKUP('READMIT Patient Registry'!J370,Key!$G$2:$H$6,2,FALSE)+VLOOKUP('READMIT Patient Registry'!K370,Key!$G$8:$H$10,2,FALSE)+VLOOKUP('READMIT Patient Registry'!L370,Key!$G$12:$H$14,2,FALSE)+VLOOKUP('READMIT Patient Registry'!M370,Key!$I$2:$J$5,2,FALSE)+VLOOKUP('READMIT Patient Registry'!N370,Key!$K$2:$L$4,2,FALSE)+VLOOKUP('READMIT Patient Registry'!O370,Key!$K$6:$L$8,2,FALSE)+VLOOKUP('READMIT Patient Registry'!P370,Key!$M$2:$N$5,2,FALSE),\"\")","v":""},{"$f":"IFERROR(VLOOKUP(Q370,Key!$A$17:$B$20,2,TRUE),\"\")","v":""}]
[null,null,null,null,null,null,null,null,null,null,null,null,null,null,null,null,{"$f":"IFERROR(VLOOKUP(E371,Key!$A$2:$B$6,2,FALSE)+VLOOKUP(F371,Key!$C$2:$D$4,2,FALSE)+VLOOKUP(G371,Key!$C$6:$D$8,2,FALSE)+VLOOKUP('READMIT Patient Registry'!H371,Key!$C$10:$D$12,2,FALSE)+VLOOKUP('READMIT Patient Registry'!I371,Key!$E$2:$F$11,2,FALSE)+VLOOKUP('READMIT Patient Registry'!J371,Key!$G$2:$H$6,2,FALSE)+VLOOKUP('READMIT Patient Registry'!K371,Key!$G$8:$H$10,2,FALSE)+VLOOKUP('READMIT Patient Registry'!L371,Key!$G$12:$H$14,2,FALSE)+VLOOKUP('READMIT Patient Registry'!M371,Key!$I$2:$J$5,2,FALSE)+VLOOKUP('READMIT Patient Registry'!N371,Key!$K$2:$L$4,2,FALSE)+VLOOKUP('READMIT Patient Registry'!O371,Key!$K$6:$L$8,2,FALSE)+VLOOKUP('READMIT Patient Registry'!P371,Key!$M$2:$N$5,2,FALSE),\"\")","v":""},{"$f":"IFERROR(VLOOKUP(Q371,Key!$A$17:$B$20,2,TRUE),\"\")","v":""}]
[null,null,null,null,null,null,null,null,null,null,null,null,null,null,null,null,{"$f":"IFERROR(VLOOKUP(E372,Key!$A$2:$B$6,2,FALSE)+VLOOKUP(F372,Key!$C$2:$D$4,2,FALSE)+VLOOKUP(G372,Key!$C$6:$D$8,2,FALSE)+VLOOKUP('READMIT Patient Registry'!H372,Key!$C$10:$D$12,2,FALSE)+VLOOKUP('READMIT Patient Registry'!I372,Key!$E$2:$F$11,2,FALSE)+VLOOKUP('READMIT Patient Registry'!J372,Key!$G$2:$H$6,2,FALSE)+VLOOKUP('READMIT Patient Registry'!K372,Key!$G$8:$H$10,2,FALSE)+VLOOKUP('READMIT Patient Registry'!L372,Key!$G$12:$H$14,2,FALSE)+VLOOKUP('READMIT Patient Registry'!M372,Key!$I$2:$J$5,2,FALSE)+VLOOKUP('READMIT Patient Registry'!N372,Key!$K$2:$L$4,2,FALSE)+VLOOKUP('READMIT Patient Registry'!O372,Key!$K$6:$L$8,2,FALSE)+VLOOKUP('READMIT Patient Registry'!P372,Key!$M$2:$N$5,2,FALSE),\"\")","v":""},{"$f":"IFERROR(VLOOKUP(Q372,Key!$A$17:$B$20,2,TRUE),\"\")","v":""}]
[null,null,null,null,null,null,null,null,null,null,null,null,null,null,null,null,{"$f":"IFERROR(VLOOKUP(E373,Key!$A$2:$B$6,2,FALSE)+VLOOKUP(F373,Key!$C$2:$D$4,2,FALSE)+VLOOKUP(G373,Key!$C$6:$D$8,2,FALSE)+VLOOKUP('READMIT Patient Registry'!H373,Key!$C$10:$D$12,2,FALSE)+VLOOKUP('READMIT Patient Registry'!I373,Key!$E$2:$F$11,2,FALSE)+VLOOKUP('READMIT Patient Registry'!J373,Key!$G$2:$H$6,2,FALSE)+VLOOKUP('READMIT Patient Registry'!K373,Key!$G$8:$H$10,2,FALSE)+VLOOKUP('READMIT Patient Registry'!L373,Key!$G$12:$H$14,2,FALSE)+VLOOKUP('READMIT Patient Registry'!M373,Key!$I$2:$J$5,2,FALSE)+VLOOKUP('READMIT Patient Registry'!N373,Key!$K$2:$L$4,2,FALSE)+VLOOKUP('READMIT Patient Registry'!O373,Key!$K$6:$L$8,2,FALSE)+VLOOKUP('READMIT Patient Registry'!P373,Key!$M$2:$N$5,2,FALSE),\"\")","v":""},{"$f":"IFERROR(VLOOKUP(Q373,Key!$A$17:$B$20,2,TRUE),\"\")","v":""}]
[null,null,null,null,null,null,null,null,null,null,null,null,null,null,null,null,{"$f":"IFERROR(VLOOKUP(E374,Key!$A$2:$B$6,2,FALSE)+VLOOKUP(F374,Key!$C$2:$D$4,2,FALSE)+VLOOKUP(G374,Key!$C$6:$D$8,2,FALSE)+VLOOKUP('READMIT Patient Registry'!H374,Key!$C$10:$D$12,2,FALSE)+VLOOKUP('READMIT Patient Registry'!I374,Key!$E$2:$F$11,2,FALSE)+VLOOKUP('READMIT Patient Registry'!J374,Key!$G$2:$H$6,2,FALSE)+VLOOKUP('READMIT Patient Registry'!K374,Key!$G$8:$H$10,2,FALSE)+VLOOKUP('READMIT Patient Registry'!L374,Key!$G$12:$H$14,2,FALSE)+VLOOKUP('READMIT Patient Registry'!M374,Key!$I$2:$J$5,2,FALSE)+VLOOKUP('READMIT Patient Registry'!N374,Key!$K$2:$L$4,2,FALSE)+VLOOKUP('READMIT Patient Registry'!O374,Key!$K$6:$L$8,2,FALSE)+VLOOKUP('READMIT Patient Registry'!P374,Key!$M$2:$N$5,2,FALSE),\"\")","v":""},{"$f":"IFERROR(VLOOKUP(Q374,Key!$A$17:$B$20,2,TRUE),\"\")","v":""}]
[null,null,null,null,null,null,null,null,null,null,null,null,null,null,null,null,{"$f":"IFERROR(VLOOKUP(E375,Key!$A$2:$B$6,2,FALSE)+VLOOKUP(F375,Key!$C$2:$D$4,2,FALSE)+VLOOKUP(G375,Key!$C$6:$D$8,2,FALSE)+VLOOKUP('READMIT Patient Registry'!H375,Key!$C$10:$D$12,2,FALSE)+VLOOKUP('READMIT Patient Registry'!I375,Key!$E$2:$F$11,2,FALSE)+VLOOKUP('READMIT Patient Registry'!J375,Key!$G$2:$H$6,2,FALSE)+VLOOKUP('READMIT Patient Registry'!K375,Key!$G$8:$H$10,2,FALSE)+VLOOKUP('READMIT Patient Registry'!L375,Key!$G$12:$H$14,2,FALSE)+VLOOKUP('READMIT Patient Registry'!M375,Key!$I$2:$J$5,2,FALSE)+VLOOKUP('READMIT Patient Registry'!N375,Key!$K$2:$L$4,2,FALSE)+VLOOKUP('READMIT Patient Registry'!O375,Key!$K$6:$L$8,2,FALSE)+VLOOKUP('READMIT Patient Registry'!P375,Key!$M$2:$N$5,2,FALSE),\"\")","v":""},{"$f":"IFERROR(VLOOKUP(Q375,Key!$A$17:$B$20,2,TRUE),\"\")","v":""}]
[null,null,null,null,null,null,null,null,null,null,null,null,null,null,null,null,{"$f":"IFERROR(VLOOKUP(E376,Key!$A$2:$B$6,2,FALSE)+VLOOKUP(F376,Key!$C$2:$D$4,2,FALSE)+VLOOKUP(G376,Key!$C$6:$D$8,2,FALSE)+VLOOKUP('READMIT Patient Registry'!H376,Key!$C$10:$D$12,2,FALSE)+VLOOKUP('READMIT Patient Registry'!I376,Key!$E$2:$F$11,2,FALSE)+VLOOKUP('READMIT Patient Registry'!J376,Key!$G$2:$H$6,2,FALSE)+VLOOKUP('READMIT Patient Registry'!K376,Key!$G$8:$H$10,2,FALSE)+VLOOKUP('READMIT Patient Registry'!L376,Key!$G$12:$H$14,2,FALSE)+VLOOKUP('READMIT Patient Registry'!M376,Key!$I$2:$J$5,2,FALSE)+VLOOKUP('READMIT Patient Registry'!N376,Key!$K$2:$L$4,2,FALSE)+VLOOKUP('READMIT Patient Registry'!O376,Key!$K$6:$L$8,2,FALSE)+VLOOKUP('READMIT Patient Registry'!P376,Key!$M$2:$N$5,2,FALSE),\"\")","v":""},{"$f":"IFERROR(VLOOKUP(Q376,Key!$A$17:$B$20,2,TRUE),\"\")","v":""}]
[null,null,null,null,null,null,null,null,null,null,null,null,null,null,null,null,{"$f":"IFERROR(VLOOKUP(E377,Key!$A$2:$B$6,2,FALSE)+VLOOKUP(F377,Key!$C$2:$D$4,2,FALSE)+VLOOKUP(G377,Key!$C$6:$D$8,2,FALSE)+VLOOKUP('READMIT Patient Registry'!H377,Key!$C$10:$D$12,2,FALSE)+VLOOKUP('READMIT Patient Registry'!I377,Key!$E$2:$F$11,2,FALSE)+VLOOKUP('READMIT Patient Registry'!J377,Key!$G$2:$H$6,2,FALSE)+VLOOKUP('READMIT Patient Registry'!K377,Key!$G$8:$H$10,2,FALSE)+VLOOKUP('READMIT Patient Registry'!L377,Key!$G$12:$H$14,2,FALSE)+VLOOKUP('READMIT Patient Registry'!M377,Key!$I$2:$J$5,2,FALSE)+VLOOKUP('READMIT Patient Registry'!N377,Key!$K$2:$L$4,2,FALSE)+VLOOKUP('READMIT Patient Registry'!O377,Key!$K$6:$L$8,2,FALSE)+VLOOKUP('READMIT Patient Registry'!P377,Key!$M$2:$N$5,2,FALSE),\"\")","v":""},{"$f":"IFERROR(VLOOKUP(Q377,Key!$A$17:$B$20,2,TRUE),\"\")","v":""}]
[null,null,null,null,null,null,null,null,null,null,null,null,null,null,null,null,{"$f":"IFERROR(VLOOKUP(E378,Key!$A$2:$B$6,2,FALSE)+VLOOKUP(F378,Key!$C$2:$D$4,2,FALSE)+VLOOKUP(G378,Key!$C$6:$D$8,2,FALSE)+VLOOKUP('READMIT Patient Registry'!H378,Key!$C$10:$D$12,2,FALSE)+VLOOKUP('READMIT Patient Registry'!I378,Key!$E$2:$F$11,2,FALSE)+VLOOKUP('READMIT Patient Registry'!J378,Key!$G$2:$H$6,2,FALSE)+VLOOKUP('READMIT Patient Registry'!K378,Key!$G$8:$H$10,2,FALSE)+VLOOKUP('READMIT Patient Registry'!L378,Key!$G$12:$H$14,2,FALSE)+VLOOKUP('READMIT Patient Registry'!M378,Key!$I$2:$J$5,2,FALSE)+VLOOKUP('READMIT Patient Registry'!N378,Key!$K$2:$L$4,2,FALSE)+VLOOKUP('READMIT Patient Registry'!O378,Key!$K$6:$L$8,2,FALSE)+VLOOKUP('READMIT Patient Registry'!P378,Key!$M$2:$N$5,2,FALSE),\"\")","v":""},{"$f":"IFERROR(VLOOKUP(Q378,Key!$A$17:$B$20,2,TRUE),\"\")","v":""}]
[null,null,null,null,null,null,null,null,null,null,null,null,null,null,null,null,{"$f":"IFERROR(VLOOKUP(E379,Key!$A$2:$B$6,2,FALSE)+VLOOKUP(F379,Key!$C$2:$D$4,2,FALSE)+VLOOKUP(G379,Key!$C$6:$D$8,2,FALSE)+VLOOKUP('READMIT Patient Registry'!H379,Key!$C$10:$D$12,2,FALSE)+VLOOKUP('READMIT Patient Registry'!I379,Key!$E$2:$F$11,2,FALSE)+VLOOKUP('READMIT Patient Registry'!J379,Key!$G$2:$H$6,2,FALSE)+VLOOKUP('READMIT Patient Registry'!K379,Key!$G$8:$H$10,2,FALSE)+VLOOKUP('READMIT Patient Registry'!L379,Key!$G$12:$H$14,2,FALSE)+VLOOKUP('READMIT Patient Registry'!M379,Key!$I$2:$J$5,2,FALSE)+VLOOKUP('READMIT Patient Registry'!N379,Key!$K$2:$L$4,2,FALSE)+VLOOKUP('READMIT Patient Registry'!O379,Key!$K$6:$L$8,2,FALSE)+VLOOKUP('READMIT Patient Registry'!P379,Key!$M$2:$N$5,2,FALSE),\"\")","v":""},{"$f":"IFERROR(VLOOKUP(Q379,Key!$A$17:$B$20,2,TRUE),\"\")","v":""}]
[null,null,null,null,null,null,null,null,null,null,null,null,null,null,null,null,{"$f":"IFERROR(VLOOKUP(E380,Key!$A$2:$B$6,2,FALSE)+VLOOKUP(F380,Key!$C$2:$D$4,2,FALSE)+VLOOKUP(G380,Key!$C$6:$D$8,2,FALSE)+VLOOKUP('READMIT Patient Registry'!H380,Key!$C$10:$D$12,2,FALSE)+VLOOKUP('READMIT Patient Registry'!I380,Key!$E$2:$F$11,2,FALSE)+VLOOKUP('READMIT Patient Registry'!J380,Key!$G$2:$H$6,2,FALSE)+VLOOKUP('READMIT Patient Registry'!K380,Key!$G$8:$H$10,2,FALSE)+VLOOKUP('READMIT Patient Registry'!L380,Key!$G$12:$H$14,2,FALSE)+VLOOKUP('READMIT Patient Registry'!M380,Key!$I$2:$J$5,2,FALSE)+VLOOKUP('READMIT Patient Registry'!N380,Key!$K$2:$L$4,2,FALSE)+VLOOKUP('READMIT Patient Registry'!O380,Key!$K$6:$L$8,2,FALSE)+VLOOKUP('READMIT Patient Registry'!P380,Key!$M$2:$N$5,2,FALSE),\"\")","v":""},{"$f":"IFERROR(VLOOKUP(Q380,Key!$A$17:$B$20,2,TRUE),\"\")","v":""}]
[null,null,null,null,null,null,null,null,null,null,null,null,null,null,null,null,{"$f":"IFERROR(VLOOKUP(E381,Key!$A$2:$B$6,2,FALSE)+VLOOKUP(F381,Key!$C$2:$D$4,2,FALSE)+VLOOKUP(G381,Key!$C$6:$D$8,2,FALSE)+VLOOKUP('READMIT Patient Registry'!H381,Key!$C$10:$D$12,2,FALSE)+VLOOKUP('READMIT Patient Registry'!I381,Key!$E$2:$F$11,2,FALSE)+VLOOKUP('READMIT Patient Registry'!J381,Key!$G$2:$H$6,2,FALSE)+VLOOKUP('READMIT Patient Registry'!K381,Key!$G$8:$H$10,2,FALSE)+VLOOKUP('READMIT Patient Registry'!L381,Key!$G$12:$H$14,2,FALSE)+VLOOKUP('READMIT Patient Registry'!M381,Key!$I$2:$J$5,2,FALSE)+VLOOKUP('READMIT Patient Registry'!N381,Key!$K$2:$L$4,2,FALSE)+VLOOKUP('READMIT Patient Registry'!O381,Key!$K$6:$L$8,2,FALSE)+VLOOKUP('READMIT Patient Registry'!P381,Key!$M$2:$N$5,2,FALSE),\"\")","v":""},{"$f":"IFERROR(VLOOKUP(Q381,Key!$A$17:$B$20,2,TRUE),\"\")","v":""}]
[null,null,null,null,null,null,null,null,null,null,null,null,null,null,null,null,{"$f":"IFERROR(VLOOKUP(E382,Key!$A$2:$B$6,2,FALSE)+VLOOKUP(F382,Key!$C$2:$D$4,2,FALSE)+VLOOKUP(G382,Key!$C$6:$D$8,2,FALSE)+VLOOKUP('READMIT Patient Registry'!H382,Key!$C$10:$D$12,2,FALSE)+VLOOKUP('READMIT Patient Registry'!I382,Key!$E$2:$F$11,2,FALSE)+VLOOKUP('READMIT Patient Registry'!J382,Key!$G$2:$H$6,2,FALSE)+VLOOKUP('READMIT Patient Registry'!K382,Key!$G$8:$H$10,2,FALSE)+VLOOKUP('READMIT Patient Registry'!L382,Key!$G$12:$H$14,2,FALSE)+VLOOKUP('READMIT Patient Registry'!M382,Key!$I$2:$J$5,2,FALSE)+VLOOKUP('READMIT Patient Registry'!N382,Key!$K$2:$L$4,2,FALSE)+VLOOKUP('READMIT Patient Registry'!O382,Key!$K$6:$L$8,2,FALSE)+VLOOKUP('READMIT Patient Registry'!P382,Key!$M$2:$N$5,2,FALSE),\"\")","v":""},{"$f":"IFERROR(VLOOKUP(Q382,Key!$A$17:$B$20,2,TRUE),\"\")","v":""}]
[null,null,null,null,null,null,null,null,null,null,null,null,null,null,null,null,{"$f":"IFERROR(VLOOKUP(E383,Key!$A$2:$B$6,2,FALSE)+VLOOKUP(F383,Key!$C$2:$D$4,2,FALSE)+VLOOKUP(G383,Key!$C$6:$D$8,2,FALSE)+VLOOKUP('READMIT Patient Registry'!H383,Key!$C$10:$D$12,2,FALSE)+VLOOKUP('READMIT Patient Registry'!I383,Key!$E$2:$F$11,2,FALSE)+VLOOKUP('READMIT Patient Registry'!J383,Key!$G$2:$H$6,2,FALSE)+VLOOKUP('READMIT Patient Registry'!K383,Key!$G$8:$H$10,2,FALSE)+VLOOKUP('READMIT Patient Registry'!L383,Key!$G$12:$H$14,2,FALSE)+VLOOKUP('READMIT Patient Registry'!M383,Key!$I$2:$J$5,2,FALSE)+VLOOKUP('READMIT Patient Registry'!N383,Key!$K$2:$L$4,2,FALSE)+VLOOKUP('READMIT Patient Registry'!O383,Key!$K$6:$L$8,2,FALSE)+VLOOKUP('READMIT Patient Registry'!P383,Key!$M$2:$N$5,2,FALSE),\"\")","v":""},{"$f":"IFERROR(VLOOKUP(Q383,Key!$A$17:$B$20,2,TRUE),\"\")","v":""}]
[null,null,null,null,null,null,null,null,null,null,null,null,null,null,null,null,{"$f":"IFERROR(VLOOKUP(E384,Key!$A$2:$B$6,2,FALSE)+VLOOKUP(F384,Key!$C$2:$D$4,2,FALSE)+VLOOKUP(G384,Key!$C$6:$D$8,2,FALSE)+VLOOKUP('READMIT Patient Registry'!H384,Key!$C$10:$D$12,2,FALSE)+VLOOKUP('READMIT Patient Registry'!I384,Key!$E$2:$F$11,2,FALSE)+VLOOKUP('READMIT Patient Registry'!J384,Key!$G$2:$H$6,2,FALSE)+VLOOKUP('READMIT Patient Registry'!K384,Key!$G$8:$H$10,2,FALSE)+VLOOKUP('READMIT Patient Registry'!L384,Key!$G$12:$H$14,2,FALSE)+VLOOKUP('READMIT Patient Registry'!M384,Key!$I$2:$J$5,2,FALSE)+VLOOKUP('READMIT Patient Registry'!N384,Key!$K$2:$L$4,2,FALSE)+VLOOKUP('READMIT Patient Registry'!O384,Key!$K$6:$L$8,2,FALSE)+VLOOKUP('READMIT Patient Registry'!P384,Key!$M$2:$N$5,2,FALSE),\"\")","v":""},{"$f":"IFERROR(VLOOKUP(Q384,Key!$A$17:$B$20,2,TRUE),\"\")","v":""}]
[null,null,null,null,null,null,null,null,null,null,null,null,null,null,null,null,{"$f":"IFERROR(VLOOKUP(E385,Key!$A$2:$B$6,2,FALSE)+VLOOKUP(F385,Key!$C$2:$D$4,2,FALSE)+VLOOKUP(G385,Key!$C$6:$D$8,2,FALSE)+VLOOKUP('READMIT Patient Registry'!H385,Key!$C$10:$D$12,2,FALSE)+VLOOKUP('READMIT Patient Registry'!I385,Key!$E$2:$F$11,2,FALSE)+VLOOKUP('READMIT Patient Registry'!J385,Key!$G$2:$H$6,2,FALSE)+VLOOKUP('READMIT Patient Registry'!K385,Key!$G$8:$H$10,2,FALSE)+VLOOKUP('READMIT Patient Registry'!L385,Key!$G$12:$H$14,2,FALSE)+VLOOKUP('READMIT Patient Registry'!M385,Key!$I$2:$J$5,2,FALSE)+VLOOKUP('READMIT Patient Registry'!N385,Key!$K$2:$L$4,2,FALSE)+VLOOKUP('READMIT Patient Registry'!O385,Key!$K$6:$L$8,2,FALSE)+VLOOKUP('READMIT Patient Registry'!P385,Key!$M$2:$N$5,2,FALSE),\"\")","v":""},{"$f":"IFERROR(VLOOKUP(Q385,Key!$A$17:$B$20,2,TRUE),\"\")","v":""}]
[null,null,null,null,null,null,null,null,null,null,null,null,null,null,null,null,{"$f":"IFERROR(VLOOKUP(E386,Key!$A$2:$B$6,2,FALSE)+VLOOKUP(F386,Key!$C$2:$D$4,2,FALSE)+VLOOKUP(G386,Key!$C$6:$D$8,2,FALSE)+VLOOKUP('READMIT Patient Registry'!H386,Key!$C$10:$D$12,2,FALSE)+VLOOKUP('READMIT Patient Registry'!I386,Key!$E$2:$F$11,2,FALSE)+VLOOKUP('READMIT Patient Registry'!J386,Key!$G$2:$H$6,2,FALSE)+VLOOKUP('READMIT Patient Registry'!K386,Key!$G$8:$H$10,2,FALSE)+VLOOKUP('READMIT Patient Registry'!L386,Key!$G$12:$H$14,2,FALSE)+VLOOKUP('READMIT Patient Registry'!M386,Key!$I$2:$J$5,2,FALSE)+VLOOKUP('READMIT Patient Registry'!N386,Key!$K$2:$L$4,2,FALSE)+VLOOKUP('READMIT Patient Registry'!O386,Key!$K$6:$L$8,2,FALSE)+VLOOKUP('READMIT Patient Registry'!P386,Key!$M$2:$N$5,2,FALSE),\"\")","v":""},{"$f":"IFERROR(VLOOKUP(Q386,Key!$A$17:$B$20,2,TRUE),\"\")","v":""}]
[null,null,null,null,null,null,null,null,null,null,null,null,null,null,null,null,{"$f":"IFERROR(VLOOKUP(E387,Key!$A$2:$B$6,2,FALSE)+VLOOKUP(F387,Key!$C$2:$D$4,2,FALSE)+VLOOKUP(G387,Key!$C$6:$D$8,2,FALSE)+VLOOKUP('READMIT Patient Registry'!H387,Key!$C$10:$D$12,2,FALSE)+VLOOKUP('READMIT Patient Registry'!I387,Key!$E$2:$F$11,2,FALSE)+VLOOKUP('READMIT Patient Registry'!J387,Key!$G$2:$H$6,2,FALSE)+VLOOKUP('READMIT Patient Registry'!K387,Key!$G$8:$H$10,2,FALSE)+VLOOKUP('READMIT Patient Registry'!L387,Key!$G$12:$H$14,2,FALSE)+VLOOKUP('READMIT Patient Registry'!M387,Key!$I$2:$J$5,2,FALSE)+VLOOKUP('READMIT Patient Registry'!N387,Key!$K$2:$L$4,2,FALSE)+VLOOKUP('READMIT Patient Registry'!O387,Key!$K$6:$L$8,2,FALSE)+VLOOKUP('READMIT Patient Registry'!P387,Key!$M$2:$N$5,2,FALSE),\"\")","v":""},{"$f":"IFERROR(VLOOKUP(Q387,Key!$A$17:$B$20,2,TRUE),\"\")","v":""}]
[null,null,null,null,null,null,null,null,null,null,null,null,null,null,null,null,{"$f":"IFERROR(VLOOKUP(E388,Key!$A$2:$B$6,2,FALSE)+VLOOKUP(F388,Key!$C$2:$D$4,2,FALSE)+VLOOKUP(G388,Key!$C$6:$D$8,2,FALSE)+VLOOKUP('READMIT Patient Registry'!H388,Key!$C$10:$D$12,2,FALSE)+VLOOKUP('READMIT Patient Registry'!I388,Key!$E$2:$F$11,2,FALSE)+VLOOKUP('READMIT Patient Registry'!J388,Key!$G$2:$H$6,2,FALSE)+VLOOKUP('READMIT Patient Registry'!K388,Key!$G$8:$H$10,2,FALSE)+VLOOKUP('READMIT Patient Registry'!L388,Key!$G$12:$H$14,2,FALSE)+VLOOKUP('READMIT Patient Registry'!M388,Key!$I$2:$J$5,2,FALSE)+VLOOKUP('READMIT Patient Registry'!N388,Key!$K$2:$L$4,2,FALSE)+VLOOKUP('READMIT Patient Registry'!O388,Key!$K$6:$L$8,2,FALSE)+VLOOKUP('READMIT Patient Registry'!P388,Key!$M$2:$N$5,2,FALSE),\"\")","v":""},{"$f":"IFERROR(VLOOKUP(Q388,Key!$A$17:$B$20,2,TRUE),\"\")","v":""}]
[null,null,null,null,null,null,null,null,null,null,null,null,null,null,null,null,{"$f":"IFERROR(VLOOKUP(E389,Key!$A$2:$B$6,2,FALSE)+VLOOKUP(F389,Key!$C$2:$D$4,2,FALSE)+VLOOKUP(G389,Key!$C$6:$D$8,2,FALSE)+VLOOKUP('READMIT Patient Registry'!H389,Key!$C$10:$D$12,2,FALSE)+VLOOKUP('READMIT Patient Registry'!I389,Key!$E$2:$F$11,2,FALSE)+VLOOKUP('READMIT Patient Registry'!J389,Key!$G$2:$H$6,2,FALSE)+VLOOKUP('READMIT Patient Registry'!K389,Key!$G$8:$H$10,2,FALSE)+VLOOKUP('READMIT Patient Registry'!L389,Key!$G$12:$H$14,2,FALSE)+VLOOKUP('READMIT Patient Registry'!M389,Key!$I$2:$J$5,2,FALSE)+VLOOKUP('READMIT Patient Registry'!N389,Key!$K$2:$L$4,2,FALSE)+VLOOKUP('READMIT Patient Registry'!O389,Key!$K$6:$L$8,2,FALSE)+VLOOKUP('READMIT Patient Registry'!P389,Key!$M$2:$N$5,2,FALSE),\"\")","v":""},{"$f":"IFERROR(VLOOKUP(Q389,Key!$A$17:$B$20,2,TRUE),\"\")","v":""}]
[null,null,null,null,null,null,null,null,null,null,null,null,null,null,null,null,{"$f":"IFERROR(VLOOKUP(E390,Key!$A$2:$B$6,2,FALSE)+VLOOKUP(F390,Key!$C$2:$D$4,2,FALSE)+VLOOKUP(G390,Key!$C$6:$D$8,2,FALSE)+VLOOKUP('READMIT Patient Registry'!H390,Key!$C$10:$D$12,2,FALSE)+VLOOKUP('READMIT Patient Registry'!I390,Key!$E$2:$F$11,2,FALSE)+VLOOKUP('READMIT Patient Registry'!J390,Key!$G$2:$H$6,2,FALSE)+VLOOKUP('READMIT Patient Registry'!K390,Key!$G$8:$H$10,2,FALSE)+VLOOKUP('READMIT Patient Registry'!L390,Key!$G$12:$H$14,2,FALSE)+VLOOKUP('READMIT Patient Registry'!M390,Key!$I$2:$J$5,2,FALSE)+VLOOKUP('READMIT Patient Registry'!N390,Key!$K$2:$L$4,2,FALSE)+VLOOKUP('READMIT Patient Registry'!O390,Key!$K$6:$L$8,2,FALSE)+VLOOKUP('READMIT Patient Registry'!P390,Key!$M$2:$N$5,2,FALSE),\"\")","v":""},{"$f":"IFERROR(VLOOKUP(Q390,Key!$A$17:$B$20,2,TRUE),\"\")","v":""}]
[null,null,null,null,null,null,null,null,null,null,null,null,null,null,null,null,{"$f":"IFERROR(VLOOKUP(E391,Key!$A$2:$B$6,2,FALSE)+VLOOKUP(F391,Key!$C$2:$D$4,2,FALSE)+VLOOKUP(G391,Key!$C$6:$D$8,2,FALSE)+VLOOKUP('READMIT Patient Registry'!H391,Key!$C$10:$D$12,2,FALSE)+VLOOKUP('READMIT Patient Registry'!I391,Key!$E$2:$F$11,2,FALSE)+VLOOKUP('READMIT Patient Registry'!J391,Key!$G$2:$H$6,2,FALSE)+VLOOKUP('READMIT Patient Registry'!K391,Key!$G$8:$H$10,2,FALSE)+VLOOKUP('READMIT Patient Registry'!L391,Key!$G$12:$H$14,2,FALSE)+VLOOKUP('READMIT Patient Registry'!M391,Key!$I$2:$J$5,2,FALSE)+VLOOKUP('READMIT Patient Registry'!N391,Key!$K$2:$L$4,2,FALSE)+VLOOKUP('READMIT Patient Registry'!O391,Key!$K$6:$L$8,2,FALSE)+VLOOKUP('READMIT Patient Registry'!P391,Key!$M$2:$N$5,2,FALSE),\"\")","v":""},{"$f":"IFERROR(VLOOKUP(Q391,Key!$A$17:$B$20,2,TRUE),\"\")","v":""}]
[null,null,null,null,null,null,null,null,null,null,null,null,null,null,null,null,{"$f":"IFERROR(VLOOKUP(E392,Key!$A$2:$B$6,2,FALSE)+VLOOKUP(F392,Key!$C$2:$D$4,2,FALSE)+VLOOKUP(G392,Key!$C$6:$D$8,2,FALSE)+VLOOKUP('READMIT Patient Registry'!H392,Key!$C$10:$D$12,2,FALSE)+VLOOKUP('READMIT Patient Registry'!I392,Key!$E$2:$F$11,2,FALSE)+VLOOKUP('READMIT Patient Registry'!J392,Key!$G$2:$H$6,2,FALSE)+VLOOKUP('READMIT Patient Registry'!K392,Key!$G$8:$H$10,2,FALSE)+VLOOKUP('READMIT Patient Registry'!L392,Key!$G$12:$H$14,2,FALSE)+VLOOKUP('READMIT Patient Registry'!M392,Key!$I$2:$J$5,2,FALSE)+VLOOKUP('READMIT Patient Registry'!N392,Key!$K$2:$L$4,2,FALSE)+VLOOKUP('READMIT Patient Registry'!O392,Key!$K$6:$L$8,2,FALSE)+VLOOKUP('READMIT Patient Registry'!P392,Key!$M$2:$N$5,2,FALSE),\"\")","v":""},{"$f":"IFERROR(VLOOKUP(Q392,Key!$A$17:$B$20,2,TRUE),\"\")","v":""}]
[null,null,null,null,null,null,null,null,null,null,null,null,null,null,null,null,{"$f":"IFERROR(VLOOKUP(E393,Key!$A$2:$B$6,2,FALSE)+VLOOKUP(F393,Key!$C$2:$D$4,2,FALSE)+VLOOKUP(G393,Key!$C$6:$D$8,2,FALSE)+VLOOKUP('READMIT Patient Registry'!H393,Key!$C$10:$D$12,2,FALSE)+VLOOKUP('READMIT Patient Registry'!I393,Key!$E$2:$F$11,2,FALSE)+VLOOKUP('READMIT Patient Registry'!J393,Key!$G$2:$H$6,2,FALSE)+VLOOKUP('READMIT Patient Registry'!K393,Key!$G$8:$H$10,2,FALSE)+VLOOKUP('READMIT Patient Registry'!L393,Key!$G$12:$H$14,2,FALSE)+VLOOKUP('READMIT Patient Registry'!M393,Key!$I$2:$J$5,2,FALSE)+VLOOKUP('READMIT Patient Registry'!N393,Key!$K$2:$L$4,2,FALSE)+VLOOKUP('READMIT Patient Registry'!O393,Key!$K$6:$L$8,2,FALSE)+VLOOKUP('READMIT Patient Registry'!P393,Key!$M$2:$N$5,2,FALSE),\"\")","v":""},{"$f":"IFERROR(VLOOKUP(Q393,Key!$A$17:$B$20,2,TRUE),\"\")","v":""}]
[null,null,null,null,null,null,null,null,null,null,null,null,null,null,null,null,{"$f":"IFERROR(VLOOKUP(E394,Key!$A$2:$B$6,2,FALSE)+VLOOKUP(F394,Key!$C$2:$D$4,2,FALSE)+VLOOKUP(G394,Key!$C$6:$D$8,2,FALSE)+VLOOKUP('READMIT Patient Registry'!H394,Key!$C$10:$D$12,2,FALSE)+VLOOKUP('READMIT Patient Registry'!I394,Key!$E$2:$F$11,2,FALSE)+VLOOKUP('READMIT Patient Registry'!J394,Key!$G$2:$H$6,2,FALSE)+VLOOKUP('READMIT Patient Registry'!K394,Key!$G$8:$H$10,2,FALSE)+VLOOKUP('READMIT Patient Registry'!L394,Key!$G$12:$H$14,2,FALSE)+VLOOKUP('READMIT Patient Registry'!M394,Key!$I$2:$J$5,2,FALSE)+VLOOKUP('READMIT Patient Registry'!N394,Key!$K$2:$L$4,2,FALSE)+VLOOKUP('READMIT Patient Registry'!O394,Key!$K$6:$L$8,2,FALSE)+VLOOKUP('READMIT Patient Registry'!P394,Key!$M$2:$N$5,2,FALSE),\"\")","v":""},{"$f":"IFERROR(VLOOKUP(Q394,Key!$A$17:$B$20,2,TRUE),\"\")","v":""}]
[null,null,null,null,null,null,null,null,null,null,null,null,null,null,null,null,{"$f":"IFERROR(VLOOKUP(E395,Key!$A$2:$B$6,2,FALSE)+VLOOKUP(F395,Key!$C$2:$D$4,2,FALSE)+VLOOKUP(G395,Key!$C$6:$D$8,2,FALSE)+VLOOKUP('READMIT Patient Registry'!H395,Key!$C$10:$D$12,2,FALSE)+VLOOKUP('READMIT Patient Registry'!I395,Key!$E$2:$F$11,2,FALSE)+VLOOKUP('READMIT Patient Registry'!J395,Key!$G$2:$H$6,2,FALSE)+VLOOKUP('READMIT Patient Registry'!K395,Key!$G$8:$H$10,2,FALSE)+VLOOKUP('READMIT Patient Registry'!L395,Key!$G$12:$H$14,2,FALSE)+VLOOKUP('READMIT Patient Registry'!M395,Key!$I$2:$J$5,2,FALSE)+VLOOKUP('READMIT Patient Registry'!N395,Key!$K$2:$L$4,2,FALSE)+VLOOKUP('READMIT Patient Registry'!O395,Key!$K$6:$L$8,2,FALSE)+VLOOKUP('READMIT Patient Registry'!P395,Key!$M$2:$N$5,2,FALSE),\"\")","v":""},{"$f":"IFERROR(VLOOKUP(Q395,Key!$A$17:$B$20,2,TRUE),\"\")","v":""}]
[null,null,null,null,null,null,null,null,null,null,null,null,null,null,null,null,{"$f":"IFERROR(VLOOKUP(E396,Key!$A$2:$B$6,2,FALSE)+VLOOKUP(F396,Key!$C$2:$D$4,2,FALSE)+VLOOKUP(G396,Key!$C$6:$D$8,2,FALSE)+VLOOKUP('READMIT Patient Registry'!H396,Key!$C$10:$D$12,2,FALSE)+VLOOKUP('READMIT Patient Registry'!I396,Key!$E$2:$F$11,2,FALSE)+VLOOKUP('READMIT Patient Registry'!J396,Key!$G$2:$H$6,2,FALSE)+VLOOKUP('READMIT Patient Registry'!K396,Key!$G$8:$H$10,2,FALSE)+VLOOKUP('READMIT Patient Registry'!L396,Key!$G$12:$H$14,2,FALSE)+VLOOKUP('READMIT Patient Registry'!M396,Key!$I$2:$J$5,2,FALSE)+VLOOKUP('READMIT Patient Registry'!N396,Key!$K$2:$L$4,2,FALSE)+VLOOKUP('READMIT Patient Registry'!O396,Key!$K$6:$L$8,2,FALSE)+VLOOKUP('READMIT Patient Registry'!P396,Key!$M$2:$N$5,2,FALSE),\"\")","v":""},{"$f":"IFERROR(VLOOKUP(Q396,Key!$A$17:$B$20,2,TRUE),\"\")","v":""}]
[null,null,null,null,null,null,null,null,null,null,null,null,null,null,null,null,{"$f":"IFERROR(VLOOKUP(E397,Key!$A$2:$B$6,2,FALSE)+VLOOKUP(F397,Key!$C$2:$D$4,2,FALSE)+VLOOKUP(G397,Key!$C$6:$D$8,2,FALSE)+VLOOKUP('READMIT Patient Registry'!H397,Key!$C$10:$D$12,2,FALSE)+VLOOKUP('READMIT Patient Registry'!I397,Key!$E$2:$F$11,2,FALSE)+VLOOKUP('READMIT Patient Registry'!J397,Key!$G$2:$H$6,2,FALSE)+VLOOKUP('READMIT Patient Registry'!K397,Key!$G$8:$H$10,2,FALSE)+VLOOKUP('READMIT Patient Registry'!L397,Key!$G$12:$H$14,2,FALSE)+VLOOKUP('READMIT Patient Registry'!M397,Key!$I$2:$J$5,2,FALSE)+VLOOKUP('READMIT Patient Registry'!N397,Key!$K$2:$L$4,2,FALSE)+VLOOKUP('READMIT Patient Registry'!O397,Key!$K$6:$L$8,2,FALSE)+VLOOKUP('READMIT Patient Registry'!P397,Key!$M$2:$N$5,2,FALSE),\"\")","v":""},{"$f":"IFERROR(VLOOKUP(Q397,Key!$A$17:$B$20,2,TRUE),\"\")","v":""}]
[null,null,null,null,null,null,null,null,null,null,null,null,null,null,null,null,{"$f":"IFERROR(VLOOKUP(E398,Key!$A$2:$B$6,2,FALSE)+VLOOKUP(F398,Key!$C$2:$D$4,2,FALSE)+VLOOKUP(G398,Key!$C$6:$D$8,2,FALSE)+VLOOKUP('READMIT Patient Registry'!H398,Key!$C$10:$D$12,2,FALSE)+VLOOKUP('READMIT Patient Registry'!I398,Key!$E$2:$F$11,2,FALSE)+VLOOKUP('READMIT Patient Registry'!J398,Key!$G$2:$H$6,2,FALSE)+VLOOKUP('READMIT Patient Registry'!K398,Key!$G$8:$H$10,2,FALSE)+VLOOKUP('READMIT Patient Registry'!L398,Key!$G$12:$H$14,2,FALSE)+VLOOKUP('READMIT Patient Registry'!M398,Key!$I$2:$J$5,2,FALSE)+VLOOKUP('READMIT Patient Registry'!N398,Key!$K$2:$L$4,2,FALSE)+VLOOKUP('READMIT Patient Registry'!O398,Key!$K$6:$L$8,2,FALSE)+VLOOKUP('READMIT Patient Registry'!P398,Key!$M$2:$N$5,2,FALSE),\"\")","v":""},{"$f":"IFERROR(VLOOKUP(Q398,Key!$A$17:$B$20,2,TRUE),\"\")","v":""}]
[null,null,null,null,null,null,null,null,null,null,null,null,null,null,null,null,{"$f":"IFERROR(VLOOKUP(E399,Key!$A$2:$B$6,2,FALSE)+VLOOKUP(F399,Key!$C$2:$D$4,2,FALSE)+VLOOKUP(G399,Key!$C$6:$D$8,2,FALSE)+VLOOKUP('READMIT Patient Registry'!H399,Key!$C$10:$D$12,2,FALSE)+VLOOKUP('READMIT Patient Registry'!I399,Key!$E$2:$F$11,2,FALSE)+VLOOKUP('READMIT Patient Registry'!J399,Key!$G$2:$H$6,2,FALSE)+VLOOKUP('READMIT Patient Registry'!K399,Key!$G$8:$H$10,2,FALSE)+VLOOKUP('READMIT Patient Registry'!L399,Key!$G$12:$H$14,2,FALSE)+VLOOKUP('READMIT Patient Registry'!M399,Key!$I$2:$J$5,2,FALSE)+VLOOKUP('READMIT Patient Registry'!N399,Key!$K$2:$L$4,2,FALSE)+VLOOKUP('READMIT Patient Registry'!O399,Key!$K$6:$L$8,2,FALSE)+VLOOKUP('READMIT Patient Registry'!P399,Key!$M$2:$N$5,2,FALSE),\"\")","v":""},{"$f":"IFERROR(VLOOKUP(Q399,Key!$A$17:$B$20,2,TRUE),\"\")","v":""}]
[null,null,null,null,null,null,null,null,null,null,null,null,null,null,null,null,{"$f":"IFERROR(VLOOKUP(E400,Key!$A$2:$B$6,2,FALSE)+VLOOKUP(F400,Key!$C$2:$D$4,2,FALSE)+VLOOKUP(G400,Key!$C$6:$D$8,2,FALSE)+VLOOKUP('READMIT Patient Registry'!H400,Key!$C$10:$D$12,2,FALSE)+VLOOKUP('READMIT Patient Registry'!I400,Key!$E$2:$F$11,2,FALSE)+VLOOKUP('READMIT Patient Registry'!J400,Key!$G$2:$H$6,2,FALSE)+VLOOKUP('READMIT Patient Registry'!K400,Key!$G$8:$H$10,2,FALSE)+VLOOKUP('READMIT Patient Registry'!L400,Key!$G$12:$H$14,2,FALSE)+VLOOKUP('READMIT Patient Registry'!M400,Key!$I$2:$J$5,2,FALSE)+VLOOKUP('READMIT Patient Registry'!N400,Key!$K$2:$L$4,2,FALSE)+VLOOKUP('READMIT Patient Registry'!O400,Key!$K$6:$L$8,2,FALSE)+VLOOKUP('READMIT Patient Registry'!P400,Key!$M$2:$N$5,2,FALSE),\"\")","v":""},{"$f":"IFERROR(VLOOKUP(Q400,Key!$A$17:$B$20,2,TRUE),\"\")","v":""}]
[null,null,null,null,null,null,null,null,null,null,null,null,null,null,null,null,{"$f":"IFERROR(VLOOKUP(E401,Key!$A$2:$B$6,2,FALSE)+VLOOKUP(F401,Key!$C$2:$D$4,2,FALSE)+VLOOKUP(G401,Key!$C$6:$D$8,2,FALSE)+VLOOKUP('READMIT Patient Registry'!H401,Key!$C$10:$D$12,2,FALSE)+VLOOKUP('READMIT Patient Registry'!I401,Key!$E$2:$F$11,2,FALSE)+VLOOKUP('READMIT Patient Registry'!J401,Key!$G$2:$H$6,2,FALSE)+VLOOKUP('READMIT Patient Registry'!K401,Key!$G$8:$H$10,2,FALSE)+VLOOKUP('READMIT Patient Registry'!L401,Key!$G$12:$H$14,2,FALSE)+VLOOKUP('READMIT Patient Registry'!M401,Key!$I$2:$J$5,2,FALSE)+VLOOKUP('READMIT Patient Registry'!N401,Key!$K$2:$L$4,2,FALSE)+VLOOKUP('READMIT Patient Registry'!O401,Key!$K$6:$L$8,2,FALSE)+VLOOKUP('READMIT Patient Registry'!P401,Key!$M$2:$N$5,2,FALSE),\"\")","v":""},{"$f":"IFERROR(VLOOKUP(Q401,Key!$A$17:$B$20,2,TRUE),\"\")","v":""}]
[null,null,null,null,null,null,null,null,null,null,null,null,null,null,null,null,{"$f":"IFERROR(VLOOKUP(E402,Key!$A$2:$B$6,2,FALSE)+VLOOKUP(F402,Key!$C$2:$D$4,2,FALSE)+VLOOKUP(G402,Key!$C$6:$D$8,2,FALSE)+VLOOKUP('READMIT Patient Registry'!H402,Key!$C$10:$D$12,2,FALSE)+VLOOKUP('READMIT Patient Registry'!I402,Key!$E$2:$F$11,2,FALSE)+VLOOKUP('READMIT Patient Registry'!J402,Key!$G$2:$H$6,2,FALSE)+VLOOKUP('READMIT Patient Registry'!K402,Key!$G$8:$H$10,2,FALSE)+VLOOKUP('READMIT Patient Registry'!L402,Key!$G$12:$H$14,2,FALSE)+VLOOKUP('READMIT Patient Registry'!M402,Key!$I$2:$J$5,2,FALSE)+VLOOKUP('READMIT Patient Registry'!N402,Key!$K$2:$L$4,2,FALSE)+VLOOKUP('READMIT Patient Registry'!O402,Key!$K$6:$L$8,2,FALSE)+VLOOKUP('READMIT Patient Registry'!P402,Key!$M$2:$N$5,2,FALSE),\"\")","v":""},{"$f":"IFERROR(VLOOKUP(Q402,Key!$A$17:$B$20,2,TRUE),\"\")","v":""}]
[null,null,null,null,null,null,null,null,null,null,null,null,null,null,null,null,{"$f":"IFERROR(VLOOKUP(E403,Key!$A$2:$B$6,2,FALSE)+VLOOKUP(F403,Key!$C$2:$D$4,2,FALSE)+VLOOKUP(G403,Key!$C$6:$D$8,2,FALSE)+VLOOKUP('READMIT Patient Registry'!H403,Key!$C$10:$D$12,2,FALSE)+VLOOKUP('READMIT Patient Registry'!I403,Key!$E$2:$F$11,2,FALSE)+VLOOKUP('READMIT Patient Registry'!J403,Key!$G$2:$H$6,2,FALSE)+VLOOKUP('READMIT Patient Registry'!K403,Key!$G$8:$H$10,2,FALSE)+VLOOKUP('READMIT Patient Registry'!L403,Key!$G$12:$H$14,2,FALSE)+VLOOKUP('READMIT Patient Registry'!M403,Key!$I$2:$J$5,2,FALSE)+VLOOKUP('READMIT Patient Registry'!N403,Key!$K$2:$L$4,2,FALSE)+VLOOKUP('READMIT Patient Registry'!O403,Key!$K$6:$L$8,2,FALSE)+VLOOKUP('READMIT Patient Registry'!P403,Key!$M$2:$N$5,2,FALSE),\"\")","v":""},{"$f":"IFERROR(VLOOKUP(Q403,Key!$A$17:$B$20,2,TRUE),\"\")","v":""}]
[null,null,null,null,null,null,null,null,null,null,null,null,null,null,null,null,{"$f":"IFERROR(VLOOKUP(E404,Key!$A$2:$B$6,2,FALSE)+VLOOKUP(F404,Key!$C$2:$D$4,2,FALSE)+VLOOKUP(G404,Key!$C$6:$D$8,2,FALSE)+VLOOKUP('READMIT Patient Registry'!H404,Key!$C$10:$D$12,2,FALSE)+VLOOKUP('READMIT Patient Registry'!I404,Key!$E$2:$F$11,2,FALSE)+VLOOKUP('READMIT Patient Registry'!J404,Key!$G$2:$H$6,2,FALSE)+VLOOKUP('READMIT Patient Registry'!K404,Key!$G$8:$H$10,2,FALSE)+VLOOKUP('READMIT Patient Registry'!L404,Key!$G$12:$H$14,2,FALSE)+VLOOKUP('READMIT Patient Registry'!M404,Key!$I$2:$J$5,2,FALSE)+VLOOKUP('READMIT Patient Registry'!N404,Key!$K$2:$L$4,2,FALSE)+VLOOKUP('READMIT Patient Registry'!O404,Key!$K$6:$L$8,2,FALSE)+VLOOKUP('READMIT Patient Registry'!P404,Key!$M$2:$N$5,2,FALSE),\"\")","v":""},{"$f":"IFERROR(VLOOKUP(Q404,Key!$A$17:$B$20,2,TRUE),\"\")","v":""}]
[null,null,null,null,null,null,null,null,null,null,null,null,null,null,null,null,{"$f":"IFERROR(VLOOKUP(E405,Key!$A$2:$B$6,2,FALSE)+VLOOKUP(F405,Key!$C$2:$D$4,2,FALSE)+VLOOKUP(G405,Key!$C$6:$D$8,2,FALSE)+VLOOKUP('READMIT Patient Registry'!H405,Key!$C$10:$D$12,2,FALSE)+VLOOKUP('READMIT Patient Registry'!I405,Key!$E$2:$F$11,2,FALSE)+VLOOKUP('READMIT Patient Registry'!J405,Key!$G$2:$H$6,2,FALSE)+VLOOKUP('READMIT Patient Registry'!K405,Key!$G$8:$H$10,2,FALSE)+VLOOKUP('READMIT Patient Registry'!L405,Key!$G$12:$H$14,2,FALSE)+VLOOKUP('READMIT Patient Registry'!M405,Key!$I$2:$J$5,2,FALSE)+VLOOKUP('READMIT Patient Registry'!N405,Key!$K$2:$L$4,2,FALSE)+VLOOKUP('READMIT Patient Registry'!O405,Key!$K$6:$L$8,2,FALSE)+VLOOKUP('READMIT Patient Registry'!P405,Key!$M$2:$N$5,2,FALSE),\"\")","v":""},{"$f":"IFERROR(VLOOKUP(Q405,Key!$A$17:$B$20,2,TRUE),\"\")","v":""}]
[null,null,null,null,null,null,null,null,null,null,null,null,null,null,null,null,{"$f":"IFERROR(VLOOKUP(E406,Key!$A$2:$B$6,2,FALSE)+VLOOKUP(F406,Key!$C$2:$D$4,2,FALSE)+VLOOKUP(G406,Key!$C$6:$D$8,2,FALSE)+VLOOKUP('READMIT Patient Registry'!H406,Key!$C$10:$D$12,2,FALSE)+VLOOKUP('READMIT Patient Registry'!I406,Key!$E$2:$F$11,2,FALSE)+VLOOKUP('READMIT Patient Registry'!J406,Key!$G$2:$H$6,2,FALSE)+VLOOKUP('READMIT Patient Registry'!K406,Key!$G$8:$H$10,2,FALSE)+VLOOKUP('READMIT Patient Registry'!L406,Key!$G$12:$H$14,2,FALSE)+VLOOKUP('READMIT Patient Registry'!M406,Key!$I$2:$J$5,2,FALSE)+VLOOKUP('READMIT Patient Registry'!N406,Key!$K$2:$L$4,2,FALSE)+VLOOKUP('READMIT Patient Registry'!O406,Key!$K$6:$L$8,2,FALSE)+VLOOKUP('READMIT Patient Registry'!P406,Key!$M$2:$N$5,2,FALSE),\"\")","v":""},{"$f":"IFERROR(VLOOKUP(Q406,Key!$A$17:$B$20,2,TRUE),\"\")","v":""}]
[null,null,null,null,null,null,null,null,null,null,null,null,null,null,null,null,{"$f":"IFERROR(VLOOKUP(E407,Key!$A$2:$B$6,2,FALSE)+VLOOKUP(F407,Key!$C$2:$D$4,2,FALSE)+VLOOKUP(G407,Key!$C$6:$D$8,2,FALSE)+VLOOKUP('READMIT Patient Registry'!H407,Key!$C$10:$D$12,2,FALSE)+VLOOKUP('READMIT Patient Registry'!I407,Key!$E$2:$F$11,2,FALSE)+VLOOKUP('READMIT Patient Registry'!J407,Key!$G$2:$H$6,2,FALSE)+VLOOKUP('READMIT Patient Registry'!K407,Key!$G$8:$H$10,2,FALSE)+VLOOKUP('READMIT Patient Registry'!L407,Key!$G$12:$H$14,2,FALSE)+VLOOKUP('READMIT Patient Registry'!M407,Key!$I$2:$J$5,2,FALSE)+VLOOKUP('READMIT Patient Registry'!N407,Key!$K$2:$L$4,2,FALSE)+VLOOKUP('READMIT Patient Registry'!O407,Key!$K$6:$L$8,2,FALSE)+VLOOKUP('READMIT Patient Registry'!P407,Key!$M$2:$N$5,2,FALSE),\"\")","v":""},{"$f":"IFERROR(VLOOKUP(Q407,Key!$A$17:$B$20,2,TRUE),\"\")","v":""}]
[null,null,null,null,null,null,null,null,null,null,null,null,null,null,null,null,{"$f":"IFERROR(VLOOKUP(E408,Key!$A$2:$B$6,2,FALSE)+VLOOKUP(F408,Key!$C$2:$D$4,2,FALSE)+VLOOKUP(G408,Key!$C$6:$D$8,2,FALSE)+VLOOKUP('READMIT Patient Registry'!H408,Key!$C$10:$D$12,2,FALSE)+VLOOKUP('READMIT Patient Registry'!I408,Key!$E$2:$F$11,2,FALSE)+VLOOKUP('READMIT Patient Registry'!J408,Key!$G$2:$H$6,2,FALSE)+VLOOKUP('READMIT Patient Registry'!K408,Key!$G$8:$H$10,2,FALSE)+VLOOKUP('READMIT Patient Registry'!L408,Key!$G$12:$H$14,2,FALSE)+VLOOKUP('READMIT Patient Registry'!M408,Key!$I$2:$J$5,2,FALSE)+VLOOKUP('READMIT Patient Registry'!N408,Key!$K$2:$L$4,2,FALSE)+VLOOKUP('READMIT Patient Registry'!O408,Key!$K$6:$L$8,2,FALSE)+VLOOKUP('READMIT Patient Registry'!P408,Key!$M$2:$N$5,2,FALSE),\"\")","v":""},{"$f":"IFERROR(VLOOKUP(Q408,Key!$A$17:$B$20,2,TRUE),\"\")","v":""}]
[null,null,null,null,null,null,null,null,null,null,null,null,null,null,null,null,{"$f":"IFERROR(VLOOKUP(E409,Key!$A$2:$B$6,2,FALSE)+VLOOKUP(F409,Key!$C$2:$D$4,2,FALSE)+VLOOKUP(G409,Key!$C$6:$D$8,2,FALSE)+VLOOKUP('READMIT Patient Registry'!H409,Key!$C$10:$D$12,2,FALSE)+VLOOKUP('READMIT Patient Registry'!I409,Key!$E$2:$F$11,2,FALSE)+VLOOKUP('READMIT Patient Registry'!J409,Key!$G$2:$H$6,2,FALSE)+VLOOKUP('READMIT Patient Registry'!K409,Key!$G$8:$H$10,2,FALSE)+VLOOKUP('READMIT Patient Registry'!L409,Key!$G$12:$H$14,2,FALSE)+VLOOKUP('READMIT Patient Registry'!M409,Key!$I$2:$J$5,2,FALSE)+VLOOKUP('READMIT Patient Registry'!N409,Key!$K$2:$L$4,2,FALSE)+VLOOKUP('READMIT Patient Registry'!O409,Key!$K$6:$L$8,2,FALSE)+VLOOKUP('READMIT Patient Registry'!P409,Key!$M$2:$N$5,2,FALSE),\"\")","v":""},{"$f":"IFERROR(VLOOKUP(Q409,Key!$A$17:$B$20,2,TRUE),\"\")","v":""}]
[null,null,null,null,null,null,null,null,null,null,null,null,null,null,null,null,{"$f":"IFERROR(VLOOKUP(E410,Key!$A$2:$B$6,2,FALSE)+VLOOKUP(F410,Key!$C$2:$D$4,2,FALSE)+VLOOKUP(G410,Key!$C$6:$D$8,2,FALSE)+VLOOKUP('READMIT Patient Registry'!H410,Key!$C$10:$D$12,2,FALSE)+VLOOKUP('READMIT Patient Registry'!I410,Key!$E$2:$F$11,2,FALSE)+VLOOKUP('READMIT Patient Registry'!J410,Key!$G$2:$H$6,2,FALSE)+VLOOKUP('READMIT Patient Registry'!K410,Key!$G$8:$H$10,2,FALSE)+VLOOKUP('READMIT Patient Registry'!L410,Key!$G$12:$H$14,2,FALSE)+VLOOKUP('READMIT Patient Registry'!M410,Key!$I$2:$J$5,2,FALSE)+VLOOKUP('READMIT Patient Registry'!N410,Key!$K$2:$L$4,2,FALSE)+VLOOKUP('READMIT Patient Registry'!O410,Key!$K$6:$L$8,2,FALSE)+VLOOKUP('READMIT Patient Registry'!P410,Key!$M$2:$N$5,2,FALSE),\"\")","v":""},{"$f":"IFERROR(VLOOKUP(Q410,Key!$A$17:$B$20,2,TRUE),\"\")","v":""}]
[null,null,null,null,null,null,null,null,null,null,null,null,null,null,null,null,{"$f":"IFERROR(VLOOKUP(E411,Key!$A$2:$B$6,2,FALSE)+VLOOKUP(F411,Key!$C$2:$D$4,2,FALSE)+VLOOKUP(G411,Key!$C$6:$D$8,2,FALSE)+VLOOKUP('READMIT Patient Registry'!H411,Key!$C$10:$D$12,2,FALSE)+VLOOKUP('READMIT Patient Registry'!I411,Key!$E$2:$F$11,2,FALSE)+VLOOKUP('READMIT Patient Registry'!J411,Key!$G$2:$H$6,2,FALSE)+VLOOKUP('READMIT Patient Registry'!K411,Key!$G$8:$H$10,2,FALSE)+VLOOKUP('READMIT Patient Registry'!L411,Key!$G$12:$H$14,2,FALSE)+VLOOKUP('READMIT Patient Registry'!M411,Key!$I$2:$J$5,2,FALSE)+VLOOKUP('READMIT Patient Registry'!N411,Key!$K$2:$L$4,2,FALSE)+VLOOKUP('READMIT Patient Registry'!O411,Key!$K$6:$L$8,2,FALSE)+VLOOKUP('READMIT Patient Registry'!P411,Key!$M$2:$N$5,2,FALSE),\"\")","v":""},{"$f":"IFERROR(VLOOKUP(Q411,Key!$A$17:$B$20,2,TRUE),\"\")","v":""}]
[null,null,null,null,null,null,null,null,null,null,null,null,null,null,null,null,{"$f":"IFERROR(VLOOKUP(E412,Key!$A$2:$B$6,2,FALSE)+VLOOKUP(F412,Key!$C$2:$D$4,2,FALSE)+VLOOKUP(G412,Key!$C$6:$D$8,2,FALSE)+VLOOKUP('READMIT Patient Registry'!H412,Key!$C$10:$D$12,2,FALSE)+VLOOKUP('READMIT Patient Registry'!I412,Key!$E$2:$F$11,2,FALSE)+VLOOKUP('READMIT Patient Registry'!J412,Key!$G$2:$H$6,2,FALSE)+VLOOKUP('READMIT Patient Registry'!K412,Key!$G$8:$H$10,2,FALSE)+VLOOKUP('READMIT Patient Registry'!L412,Key!$G$12:$H$14,2,FALSE)+VLOOKUP('READMIT Patient Registry'!M412,Key!$I$2:$J$5,2,FALSE)+VLOOKUP('READMIT Patient Registry'!N412,Key!$K$2:$L$4,2,FALSE)+VLOOKUP('READMIT Patient Registry'!O412,Key!$K$6:$L$8,2,FALSE)+VLOOKUP('READMIT Patient Registry'!P412,Key!$M$2:$N$5,2,FALSE),\"\")","v":""},{"$f":"IFERROR(VLOOKUP(Q412,Key!$A$17:$B$20,2,TRUE),\"\")","v":""}]
[null,null,null,null,null,null,null,null,null,null,null,null,null,null,null,null,{"$f":"IFERROR(VLOOKUP(E413,Key!$A$2:$B$6,2,FALSE)+VLOOKUP(F413,Key!$C$2:$D$4,2,FALSE)+VLOOKUP(G413,Key!$C$6:$D$8,2,FALSE)+VLOOKUP('READMIT Patient Registry'!H413,Key!$C$10:$D$12,2,FALSE)+VLOOKUP('READMIT Patient Registry'!I413,Key!$E$2:$F$11,2,FALSE)+VLOOKUP('READMIT Patient Registry'!J413,Key!$G$2:$H$6,2,FALSE)+VLOOKUP('READMIT Patient Registry'!K413,Key!$G$8:$H$10,2,FALSE)+VLOOKUP('READMIT Patient Registry'!L413,Key!$G$12:$H$14,2,FALSE)+VLOOKUP('READMIT Patient Registry'!M413,Key!$I$2:$J$5,2,FALSE)+VLOOKUP('READMIT Patient Registry'!N413,Key!$K$2:$L$4,2,FALSE)+VLOOKUP('READMIT Patient Registry'!O413,Key!$K$6:$L$8,2,FALSE)+VLOOKUP('READMIT Patient Registry'!P413,Key!$M$2:$N$5,2,FALSE),\"\")","v":""},{"$f":"IFERROR(VLOOKUP(Q413,Key!$A$17:$B$20,2,TRUE),\"\")","v":""}]
[null,null,null,null,null,null,null,null,null,null,null,null,null,null,null,null,{"$f":"IFERROR(VLOOKUP(E414,Key!$A$2:$B$6,2,FALSE)+VLOOKUP(F414,Key!$C$2:$D$4,2,FALSE)+VLOOKUP(G414,Key!$C$6:$D$8,2,FALSE)+VLOOKUP('READMIT Patient Registry'!H414,Key!$C$10:$D$12,2,FALSE)+VLOOKUP('READMIT Patient Registry'!I414,Key!$E$2:$F$11,2,FALSE)+VLOOKUP('READMIT Patient Registry'!J414,Key!$G$2:$H$6,2,FALSE)+VLOOKUP('READMIT Patient Registry'!K414,Key!$G$8:$H$10,2,FALSE)+VLOOKUP('READMIT Patient Registry'!L414,Key!$G$12:$H$14,2,FALSE)+VLOOKUP('READMIT Patient Registry'!M414,Key!$I$2:$J$5,2,FALSE)+VLOOKUP('READMIT Patient Registry'!N414,Key!$K$2:$L$4,2,FALSE)+VLOOKUP('READMIT Patient Registry'!O414,Key!$K$6:$L$8,2,FALSE)+VLOOKUP('READMIT Patient Registry'!P414,Key!$M$2:$N$5,2,FALSE),\"\")","v":""},{"$f":"IFERROR(VLOOKUP(Q414,Key!$A$17:$B$20,2,TRUE),\"\")","v":""}]
[null,null,null,null,null,null,null,null,null,null,null,null,null,null,null,null,{"$f":"IFERROR(VLOOKUP(E415,Key!$A$2:$B$6,2,FALSE)+VLOOKUP(F415,Key!$C$2:$D$4,2,FALSE)+VLOOKUP(G415,Key!$C$6:$D$8,2,FALSE)+VLOOKUP('READMIT Patient Registry'!H415,Key!$C$10:$D$12,2,FALSE)+VLOOKUP('READMIT Patient Registry'!I415,Key!$E$2:$F$11,2,FALSE)+VLOOKUP('READMIT Patient Registry'!J415,Key!$G$2:$H$6,2,FALSE)+VLOOKUP('READMIT Patient Registry'!K415,Key!$G$8:$H$10,2,FALSE)+VLOOKUP('READMIT Patient Registry'!L415,Key!$G$12:$H$14,2,FALSE)+VLOOKUP('READMIT Patient Registry'!M415,Key!$I$2:$J$5,2,FALSE)+VLOOKUP('READMIT Patient Registry'!N415,Key!$K$2:$L$4,2,FALSE)+VLOOKUP('READMIT Patient Registry'!O415,Key!$K$6:$L$8,2,FALSE)+VLOOKUP('READMIT Patient Registry'!P415,Key!$M$2:$N$5,2,FALSE),\"\")","v":""},{"$f":"IFERROR(VLOOKUP(Q415,Key!$A$17:$B$20,2,TRUE),\"\")","v":""}]
[null,null,null,null,null,null,null,null,null,null,null,null,null,null,null,null,{"$f":"IFERROR(VLOOKUP(E416,Key!$A$2:$B$6,2,FALSE)+VLOOKUP(F416,Key!$C$2:$D$4,2,FALSE)+VLOOKUP(G416,Key!$C$6:$D$8,2,FALSE)+VLOOKUP('READMIT Patient Registry'!H416,Key!$C$10:$D$12,2,FALSE)+VLOOKUP('READMIT Patient Registry'!I416,Key!$E$2:$F$11,2,FALSE)+VLOOKUP('READMIT Patient Registry'!J416,Key!$G$2:$H$6,2,FALSE)+VLOOKUP('READMIT Patient Registry'!K416,Key!$G$8:$H$10,2,FALSE)+VLOOKUP('READMIT Patient Registry'!L416,Key!$G$12:$H$14,2,FALSE)+VLOOKUP('READMIT Patient Registry'!M416,Key!$I$2:$J$5,2,FALSE)+VLOOKUP('READMIT Patient Registry'!N416,Key!$K$2:$L$4,2,FALSE)+VLOOKUP('READMIT Patient Registry'!O416,Key!$K$6:$L$8,2,FALSE)+VLOOKUP('READMIT Patient Registry'!P416,Key!$M$2:$N$5,2,FALSE),\"\")","v":""},{"$f":"IFERROR(VLOOKUP(Q416,Key!$A$17:$B$20,2,TRUE),\"\")","v":""}]
[null,null,null,null,null,null,null,null,null,null,null,null,null,null,null,null,{"$f":"IFERROR(VLOOKUP(E417,Key!$A$2:$B$6,2,FALSE)+VLOOKUP(F417,Key!$C$2:$D$4,2,FALSE)+VLOOKUP(G417,Key!$C$6:$D$8,2,FALSE)+VLOOKUP('READMIT Patient Registry'!H417,Key!$C$10:$D$12,2,FALSE)+VLOOKUP('READMIT Patient Registry'!I417,Key!$E$2:$F$11,2,FALSE)+VLOOKUP('READMIT Patient Registry'!J417,Key!$G$2:$H$6,2,FALSE)+VLOOKUP('READMIT Patient Registry'!K417,Key!$G$8:$H$10,2,FALSE)+VLOOKUP('READMIT Patient Registry'!L417,Key!$G$12:$H$14,2,FALSE)+VLOOKUP('READMIT Patient Registry'!M417,Key!$I$2:$J$5,2,FALSE)+VLOOKUP('READMIT Patient Registry'!N417,Key!$K$2:$L$4,2,FALSE)+VLOOKUP('READMIT Patient Registry'!O417,Key!$K$6:$L$8,2,FALSE)+VLOOKUP('READMIT Patient Registry'!P417,Key!$M$2:$N$5,2,FALSE),\"\")","v":""},{"$f":"IFERROR(VLOOKUP(Q417,Key!$A$17:$B$20,2,TRUE),\"\")","v":""}]
[null,null,null,null,null,null,null,null,null,null,null,null,null,null,null,null,{"$f":"IFERROR(VLOOKUP(E418,Key!$A$2:$B$6,2,FALSE)+VLOOKUP(F418,Key!$C$2:$D$4,2,FALSE)+VLOOKUP(G418,Key!$C$6:$D$8,2,FALSE)+VLOOKUP('READMIT Patient Registry'!H418,Key!$C$10:$D$12,2,FALSE)+VLOOKUP('READMIT Patient Registry'!I418,Key!$E$2:$F$11,2,FALSE)+VLOOKUP('READMIT Patient Registry'!J418,Key!$G$2:$H$6,2,FALSE)+VLOOKUP('READMIT Patient Registry'!K418,Key!$G$8:$H$10,2,FALSE)+VLOOKUP('READMIT Patient Registry'!L418,Key!$G$12:$H$14,2,FALSE)+VLOOKUP('READMIT Patient Registry'!M418,Key!$I$2:$J$5,2,FALSE)+VLOOKUP('READMIT Patient Registry'!N418,Key!$K$2:$L$4,2,FALSE)+VLOOKUP('READMIT Patient Registry'!O418,Key!$K$6:$L$8,2,FALSE)+VLOOKUP('READMIT Patient Registry'!P418,Key!$M$2:$N$5,2,FALSE),\"\")","v":""},{"$f":"IFERROR(VLOOKUP(Q418,Key!$A$17:$B$20,2,TRUE),\"\")","v":""}]
[null,null,null,null,null,null,null,null,null,null,null,null,null,null,null,null,{"$f":"IFERROR(VLOOKUP(E419,Key!$A$2:$B$6,2,FALSE)+VLOOKUP(F419,Key!$C$2:$D$4,2,FALSE)+VLOOKUP(G419,Key!$C$6:$D$8,2,FALSE)+VLOOKUP('READMIT Patient Registry'!H419,Key!$C$10:$D$12,2,FALSE)+VLOOKUP('READMIT Patient Registry'!I419,Key!$E$2:$F$11,2,FALSE)+VLOOKUP('READMIT Patient Registry'!J419,Key!$G$2:$H$6,2,FALSE)+VLOOKUP('READMIT Patient Registry'!K419,Key!$G$8:$H$10,2,FALSE)+VLOOKUP('READMIT Patient Registry'!L419,Key!$G$12:$H$14,2,FALSE)+VLOOKUP('READMIT Patient Registry'!M419,Key!$I$2:$J$5,2,FALSE)+VLOOKUP('READMIT Patient Registry'!N419,Key!$K$2:$L$4,2,FALSE)+VLOOKUP('READMIT Patient Registry'!O419,Key!$K$6:$L$8,2,FALSE)+VLOOKUP('READMIT Patient Registry'!P419,Key!$M$2:$N$5,2,FALSE),\"\")","v":""},{"$f":"IFERROR(VLOOKUP(Q419,Key!$A$17:$B$20,2,TRUE),\"\")","v":""}]
[null,null,null,null,null,null,null,null,null,null,null,null,null,null,null,null,{"$f":"IFERROR(VLOOKUP(E420,Key!$A$2:$B$6,2,FALSE)+VLOOKUP(F420,Key!$C$2:$D$4,2,FALSE)+VLOOKUP(G420,Key!$C$6:$D$8,2,FALSE)+VLOOKUP('READMIT Patient Registry'!H420,Key!$C$10:$D$12,2,FALSE)+VLOOKUP('READMIT Patient Registry'!I420,Key!$E$2:$F$11,2,FALSE)+VLOOKUP('READMIT Patient Registry'!J420,Key!$G$2:$H$6,2,FALSE)+VLOOKUP('READMIT Patient Registry'!K420,Key!$G$8:$H$10,2,FALSE)+VLOOKUP('READMIT Patient Registry'!L420,Key!$G$12:$H$14,2,FALSE)+VLOOKUP('READMIT Patient Registry'!M420,Key!$I$2:$J$5,2,FALSE)+VLOOKUP('READMIT Patient Registry'!N420,Key!$K$2:$L$4,2,FALSE)+VLOOKUP('READMIT Patient Registry'!O420,Key!$K$6:$L$8,2,FALSE)+VLOOKUP('READMIT Patient Registry'!P420,Key!$M$2:$N$5,2,FALSE),\"\")","v":""},{"$f":"IFERROR(VLOOKUP(Q420,Key!$A$17:$B$20,2,TRUE),\"\")","v":""}]
[null,null,null,null,null,null,null,null,null,null,null,null,null,null,null,null,{"$f":"IFERROR(VLOOKUP(E421,Key!$A$2:$B$6,2,FALSE)+VLOOKUP(F421,Key!$C$2:$D$4,2,FALSE)+VLOOKUP(G421,Key!$C$6:$D$8,2,FALSE)+VLOOKUP('READMIT Patient Registry'!H421,Key!$C$10:$D$12,2,FALSE)+VLOOKUP('READMIT Patient Registry'!I421,Key!$E$2:$F$11,2,FALSE)+VLOOKUP('READMIT Patient Registry'!J421,Key!$G$2:$H$6,2,FALSE)+VLOOKUP('READMIT Patient Registry'!K421,Key!$G$8:$H$10,2,FALSE)+VLOOKUP('READMIT Patient Registry'!L421,Key!$G$12:$H$14,2,FALSE)+VLOOKUP('READMIT Patient Registry'!M421,Key!$I$2:$J$5,2,FALSE)+VLOOKUP('READMIT Patient Registry'!N421,Key!$K$2:$L$4,2,FALSE)+VLOOKUP('READMIT Patient Registry'!O421,Key!$K$6:$L$8,2,FALSE)+VLOOKUP('READMIT Patient Registry'!P421,Key!$M$2:$N$5,2,FALSE),\"\")","v":""},{"$f":"IFERROR(VLOOKUP(Q421,Key!$A$17:$B$20,2,TRUE),\"\")","v":""}]
[null,null,null,null,null,null,null,null,null,null,null,null,null,null,null,null,{"$f":"IFERROR(VLOOKUP(E422,Key!$A$2:$B$6,2,FALSE)+VLOOKUP(F422,Key!$C$2:$D$4,2,FALSE)+VLOOKUP(G422,Key!$C$6:$D$8,2,FALSE)+VLOOKUP('READMIT Patient Registry'!H422,Key!$C$10:$D$12,2,FALSE)+VLOOKUP('READMIT Patient Registry'!I422,Key!$E$2:$F$11,2,FALSE)+VLOOKUP('READMIT Patient Registry'!J422,Key!$G$2:$H$6,2,FALSE)+VLOOKUP('READMIT Patient Registry'!K422,Key!$G$8:$H$10,2,FALSE)+VLOOKUP('READMIT Patient Registry'!L422,Key!$G$12:$H$14,2,FALSE)+VLOOKUP('READMIT Patient Registry'!M422,Key!$I$2:$J$5,2,FALSE)+VLOOKUP('READMIT Patient Registry'!N422,Key!$K$2:$L$4,2,FALSE)+VLOOKUP('READMIT Patient Registry'!O422,Key!$K$6:$L$8,2,FALSE)+VLOOKUP('READMIT Patient Registry'!P422,Key!$M$2:$N$5,2,FALSE),\"\")","v":""},{"$f":"IFERROR(VLOOKUP(Q422,Key!$A$17:$B$20,2,TRUE),\"\")","v":""}]
[null,null,null,null,null,null,null,null,null,null,null,null,null,null,null,null,{"$f":"IFERROR(VLOOKUP(E423,Key!$A$2:$B$6,2,FALSE)+VLOOKUP(F423,Key!$C$2:$D$4,2,FALSE)+VLOOKUP(G423,Key!$C$6:$D$8,2,FALSE)+VLOOKUP('READMIT Patient Registry'!H423,Key!$C$10:$D$12,2,FALSE)+VLOOKUP('READMIT Patient Registry'!I423,Key!$E$2:$F$11,2,FALSE)+VLOOKUP('READMIT Patient Registry'!J423,Key!$G$2:$H$6,2,FALSE)+VLOOKUP('READMIT Patient Registry'!K423,Key!$G$8:$H$10,2,FALSE)+VLOOKUP('READMIT Patient Registry'!L423,Key!$G$12:$H$14,2,FALSE)+VLOOKUP('READMIT Patient Registry'!M423,Key!$I$2:$J$5,2,FALSE)+VLOOKUP('READMIT Patient Registry'!N423,Key!$K$2:$L$4,2,FALSE)+VLOOKUP('READMIT Patient Registry'!O423,Key!$K$6:$L$8,2,FALSE)+VLOOKUP('READMIT Patient Registry'!P423,Key!$M$2:$N$5,2,FALSE),\"\")","v":""},{"$f":"IFERROR(VLOOKUP(Q423,Key!$A$17:$B$20,2,TRUE),\"\")","v":""}]
[null,null,null,null,null,null,null,null,null,null,null,null,null,null,null,null,{"$f":"IFERROR(VLOOKUP(E424,Key!$A$2:$B$6,2,FALSE)+VLOOKUP(F424,Key!$C$2:$D$4,2,FALSE)+VLOOKUP(G424,Key!$C$6:$D$8,2,FALSE)+VLOOKUP('READMIT Patient Registry'!H424,Key!$C$10:$D$12,2,FALSE)+VLOOKUP('READMIT Patient Registry'!I424,Key!$E$2:$F$11,2,FALSE)+VLOOKUP('READMIT Patient Registry'!J424,Key!$G$2:$H$6,2,FALSE)+VLOOKUP('READMIT Patient Registry'!K424,Key!$G$8:$H$10,2,FALSE)+VLOOKUP('READMIT Patient Registry'!L424,Key!$G$12:$H$14,2,FALSE)+VLOOKUP('READMIT Patient Registry'!M424,Key!$I$2:$J$5,2,FALSE)+VLOOKUP('READMIT Patient Registry'!N424,Key!$K$2:$L$4,2,FALSE)+VLOOKUP('READMIT Patient Registry'!O424,Key!$K$6:$L$8,2,FALSE)+VLOOKUP('READMIT Patient Registry'!P424,Key!$M$2:$N$5,2,FALSE),\"\")","v":""},{"$f":"IFERROR(VLOOKUP(Q424,Key!$A$17:$B$20,2,TRUE),\"\")","v":""}]
[null,null,null,null,null,null,null,null,null,null,null,null,null,null,null,null,{"$f":"IFERROR(VLOOKUP(E425,Key!$A$2:$B$6,2,FALSE)+VLOOKUP(F425,Key!$C$2:$D$4,2,FALSE)+VLOOKUP(G425,Key!$C$6:$D$8,2,FALSE)+VLOOKUP('READMIT Patient Registry'!H425,Key!$C$10:$D$12,2,FALSE)+VLOOKUP('READMIT Patient Registry'!I425,Key!$E$2:$F$11,2,FALSE)+VLOOKUP('READMIT Patient Registry'!J425,Key!$G$2:$H$6,2,FALSE)+VLOOKUP('READMIT Patient Registry'!K425,Key!$G$8:$H$10,2,FALSE)+VLOOKUP('READMIT Patient Registry'!L425,Key!$G$12:$H$14,2,FALSE)+VLOOKUP('READMIT Patient Registry'!M425,Key!$I$2:$J$5,2,FALSE)+VLOOKUP('READMIT Patient Registry'!N425,Key!$K$2:$L$4,2,FALSE)+VLOOKUP('READMIT Patient Registry'!O425,Key!$K$6:$L$8,2,FALSE)+VLOOKUP('READMIT Patient Registry'!P425,Key!$M$2:$N$5,2,FALSE),\"\")","v":""},{"$f":"IFERROR(VLOOKUP(Q425,Key!$A$17:$B$20,2,TRUE),\"\")","v":""}]
[null,null,null,null,null,null,null,null,null,null,null,null,null,null,null,null,{"$f":"IFERROR(VLOOKUP(E426,Key!$A$2:$B$6,2,FALSE)+VLOOKUP(F426,Key!$C$2:$D$4,2,FALSE)+VLOOKUP(G426,Key!$C$6:$D$8,2,FALSE)+VLOOKUP('READMIT Patient Registry'!H426,Key!$C$10:$D$12,2,FALSE)+VLOOKUP('READMIT Patient Registry'!I426,Key!$E$2:$F$11,2,FALSE)+VLOOKUP('READMIT Patient Registry'!J426,Key!$G$2:$H$6,2,FALSE)+VLOOKUP('READMIT Patient Registry'!K426,Key!$G$8:$H$10,2,FALSE)+VLOOKUP('READMIT Patient Registry'!L426,Key!$G$12:$H$14,2,FALSE)+VLOOKUP('READMIT Patient Registry'!M426,Key!$I$2:$J$5,2,FALSE)+VLOOKUP('READMIT Patient Registry'!N426,Key!$K$2:$L$4,2,FALSE)+VLOOKUP('READMIT Patient Registry'!O426,Key!$K$6:$L$8,2,FALSE)+VLOOKUP('READMIT Patient Registry'!P426,Key!$M$2:$N$5,2,FALSE),\"\")","v":""},{"$f":"IFERROR(VLOOKUP(Q426,Key!$A$17:$B$20,2,TRUE),\"\")","v":""}]
[null,null,null,null,null,null,null,null,null,null,null,null,null,null,null,null,{"$f":"IFERROR(VLOOKUP(E427,Key!$A$2:$B$6,2,FALSE)+VLOOKUP(F427,Key!$C$2:$D$4,2,FALSE)+VLOOKUP(G427,Key!$C$6:$D$8,2,FALSE)+VLOOKUP('READMIT Patient Registry'!H427,Key!$C$10:$D$12,2,FALSE)+VLOOKUP('READMIT Patient Registry'!I427,Key!$E$2:$F$11,2,FALSE)+VLOOKUP('READMIT Patient Registry'!J427,Key!$G$2:$H$6,2,FALSE)+VLOOKUP('READMIT Patient Registry'!K427,Key!$G$8:$H$10,2,FALSE)+VLOOKUP('READMIT Patient Registry'!L427,Key!$G$12:$H$14,2,FALSE)+VLOOKUP('READMIT Patient Registry'!M427,Key!$I$2:$J$5,2,FALSE)+VLOOKUP('READMIT Patient Registry'!N427,Key!$K$2:$L$4,2,FALSE)+VLOOKUP('READMIT Patient Registry'!O427,Key!$K$6:$L$8,2,FALSE)+VLOOKUP('READMIT Patient Registry'!P427,Key!$M$2:$N$5,2,FALSE),\"\")","v":""},{"$f":"IFERROR(VLOOKUP(Q427,Key!$A$17:$B$20,2,TRUE),\"\")","v":""}]
[null,null,null,null,null,null,null,null,null,null,null,null,null,null,null,null,{"$f":"IFERROR(VLOOKUP(E428,Key!$A$2:$B$6,2,FALSE)+VLOOKUP(F428,Key!$C$2:$D$4,2,FALSE)+VLOOKUP(G428,Key!$C$6:$D$8,2,FALSE)+VLOOKUP('READMIT Patient Registry'!H428,Key!$C$10:$D$12,2,FALSE)+VLOOKUP('READMIT Patient Registry'!I428,Key!$E$2:$F$11,2,FALSE)+VLOOKUP('READMIT Patient Registry'!J428,Key!$G$2:$H$6,2,FALSE)+VLOOKUP('READMIT Patient Registry'!K428,Key!$G$8:$H$10,2,FALSE)+VLOOKUP('READMIT Patient Registry'!L428,Key!$G$12:$H$14,2,FALSE)+VLOOKUP('READMIT Patient Registry'!M428,Key!$I$2:$J$5,2,FALSE)+VLOOKUP('READMIT Patient Registry'!N428,Key!$K$2:$L$4,2,FALSE)+VLOOKUP('READMIT Patient Registry'!O428,Key!$K$6:$L$8,2,FALSE)+VLOOKUP('READMIT Patient Registry'!P428,Key!$M$2:$N$5,2,FALSE),\"\")","v":""},{"$f":"IFERROR(VLOOKUP(Q428,Key!$A$17:$B$20,2,TRUE),\"\")","v":""}]
[null,null,null,null,null,null,null,null,null,null,null,null,null,null,null,null,{"$f":"IFERROR(VLOOKUP(E429,Key!$A$2:$B$6,2,FALSE)+VLOOKUP(F429,Key!$C$2:$D$4,2,FALSE)+VLOOKUP(G429,Key!$C$6:$D$8,2,FALSE)+VLOOKUP('READMIT Patient Registry'!H429,Key!$C$10:$D$12,2,FALSE)+VLOOKUP('READMIT Patient Registry'!I429,Key!$E$2:$F$11,2,FALSE)+VLOOKUP('READMIT Patient Registry'!J429,Key!$G$2:$H$6,2,FALSE)+VLOOKUP('READMIT Patient Registry'!K429,Key!$G$8:$H$10,2,FALSE)+VLOOKUP('READMIT Patient Registry'!L429,Key!$G$12:$H$14,2,FALSE)+VLOOKUP('READMIT Patient Registry'!M429,Key!$I$2:$J$5,2,FALSE)+VLOOKUP('READMIT Patient Registry'!N429,Key!$K$2:$L$4,2,FALSE)+VLOOKUP('READMIT Patient Registry'!O429,Key!$K$6:$L$8,2,FALSE)+VLOOKUP('READMIT Patient Registry'!P429,Key!$M$2:$N$5,2,FALSE),\"\")","v":""},{"$f":"IFERROR(VLOOKUP(Q429,Key!$A$17:$B$20,2,TRUE),\"\")","v":""}]
[null,null,null,null,null,null,null,null,null,null,null,null,null,null,null,null,{"$f":"IFERROR(VLOOKUP(E430,Key!$A$2:$B$6,2,FALSE)+VLOOKUP(F430,Key!$C$2:$D$4,2,FALSE)+VLOOKUP(G430,Key!$C$6:$D$8,2,FALSE)+VLOOKUP('READMIT Patient Registry'!H430,Key!$C$10:$D$12,2,FALSE)+VLOOKUP('READMIT Patient Registry'!I430,Key!$E$2:$F$11,2,FALSE)+VLOOKUP('READMIT Patient Registry'!J430,Key!$G$2:$H$6,2,FALSE)+VLOOKUP('READMIT Patient Registry'!K430,Key!$G$8:$H$10,2,FALSE)+VLOOKUP('READMIT Patient Registry'!L430,Key!$G$12:$H$14,2,FALSE)+VLOOKUP('READMIT Patient Registry'!M430,Key!$I$2:$J$5,2,FALSE)+VLOOKUP('READMIT Patient Registry'!N430,Key!$K$2:$L$4,2,FALSE)+VLOOKUP('READMIT Patient Registry'!O430,Key!$K$6:$L$8,2,FALSE)+VLOOKUP('READMIT Patient Registry'!P430,Key!$M$2:$N$5,2,FALSE),\"\")","v":""},{"$f":"IFERROR(VLOOKUP(Q430,Key!$A$17:$B$20,2,TRUE),\"\")","v":""}]
[null,null,null,null,null,null,null,null,null,null,null,null,null,null,null,null,{"$f":"IFERROR(VLOOKUP(E431,Key!$A$2:$B$6,2,FALSE)+VLOOKUP(F431,Key!$C$2:$D$4,2,FALSE)+VLOOKUP(G431,Key!$C$6:$D$8,2,FALSE)+VLOOKUP('READMIT Patient Registry'!H431,Key!$C$10:$D$12,2,FALSE)+VLOOKUP('READMIT Patient Registry'!I431,Key!$E$2:$F$11,2,FALSE)+VLOOKUP('READMIT Patient Registry'!J431,Key!$G$2:$H$6,2,FALSE)+VLOOKUP('READMIT Patient Registry'!K431,Key!$G$8:$H$10,2,FALSE)+VLOOKUP('READMIT Patient Registry'!L431,Key!$G$12:$H$14,2,FALSE)+VLOOKUP('READMIT Patient Registry'!M431,Key!$I$2:$J$5,2,FALSE)+VLOOKUP('READMIT Patient Registry'!N431,Key!$K$2:$L$4,2,FALSE)+VLOOKUP('READMIT Patient Registry'!O431,Key!$K$6:$L$8,2,FALSE)+VLOOKUP('READMIT Patient Registry'!P431,Key!$M$2:$N$5,2,FALSE),\"\")","v":""},{"$f":"IFERROR(VLOOKUP(Q431,Key!$A$17:$B$20,2,TRUE),\"\")","v":""}]
[null,null,null,null,null,null,null,null,null,null,null,null,null,null,null,null,{"$f":"IFERROR(VLOOKUP(E432,Key!$A$2:$B$6,2,FALSE)+VLOOKUP(F432,Key!$C$2:$D$4,2,FALSE)+VLOOKUP(G432,Key!$C$6:$D$8,2,FALSE)+VLOOKUP('READMIT Patient Registry'!H432,Key!$C$10:$D$12,2,FALSE)+VLOOKUP('READMIT Patient Registry'!I432,Key!$E$2:$F$11,2,FALSE)+VLOOKUP('READMIT Patient Registry'!J432,Key!$G$2:$H$6,2,FALSE)+VLOOKUP('READMIT Patient Registry'!K432,Key!$G$8:$H$10,2,FALSE)+VLOOKUP('READMIT Patient Registry'!L432,Key!$G$12:$H$14,2,FALSE)+VLOOKUP('READMIT Patient Registry'!M432,Key!$I$2:$J$5,2,FALSE)+VLOOKUP('READMIT Patient Registry'!N432,Key!$K$2:$L$4,2,FALSE)+VLOOKUP('READMIT Patient Registry'!O432,Key!$K$6:$L$8,2,FALSE)+VLOOKUP('READMIT Patient Registry'!P432,Key!$M$2:$N$5,2,FALSE),\"\")","v":""},{"$f":"IFERROR(VLOOKUP(Q432,Key!$A$17:$B$20,2,TRUE),\"\")","v":""}]
[null,null,null,null,null,null,null,null,null,null,null,null,null,null,null,null,{"$f":"IFERROR(VLOOKUP(E433,Key!$A$2:$B$6,2,FALSE)+VLOOKUP(F433,Key!$C$2:$D$4,2,FALSE)+VLOOKUP(G433,Key!$C$6:$D$8,2,FALSE)+VLOOKUP('READMIT Patient Registry'!H433,Key!$C$10:$D$12,2,FALSE)+VLOOKUP('READMIT Patient Registry'!I433,Key!$E$2:$F$11,2,FALSE)+VLOOKUP('READMIT Patient Registry'!J433,Key!$G$2:$H$6,2,FALSE)+VLOOKUP('READMIT Patient Registry'!K433,Key!$G$8:$H$10,2,FALSE)+VLOOKUP('READMIT Patient Registry'!L433,Key!$G$12:$H$14,2,FALSE)+VLOOKUP('READMIT Patient Registry'!M433,Key!$I$2:$J$5,2,FALSE)+VLOOKUP('READMIT Patient Registry'!N433,Key!$K$2:$L$4,2,FALSE)+VLOOKUP('READMIT Patient Registry'!O433,Key!$K$6:$L$8,2,FALSE)+VLOOKUP('READMIT Patient Registry'!P433,Key!$M$2:$N$5,2,FALSE),\"\")","v":""},{"$f":"IFERROR(VLOOKUP(Q433,Key!$A$17:$B$20,2,TRUE),\"\")","v":""}]
[null,null,null,null,null,null,null,null,null,null,null,null,null,null,null,null,{"$f":"IFERROR(VLOOKUP(E434,Key!$A$2:$B$6,2,FALSE)+VLOOKUP(F434,Key!$C$2:$D$4,2,FALSE)+VLOOKUP(G434,Key!$C$6:$D$8,2,FALSE)+VLOOKUP('READMIT Patient Registry'!H434,Key!$C$10:$D$12,2,FALSE)+VLOOKUP('READMIT Patient Registry'!I434,Key!$E$2:$F$11,2,FALSE)+VLOOKUP('READMIT Patient Registry'!J434,Key!$G$2:$H$6,2,FALSE)+VLOOKUP('READMIT Patient Registry'!K434,Key!$G$8:$H$10,2,FALSE)+VLOOKUP('READMIT Patient Registry'!L434,Key!$G$12:$H$14,2,FALSE)+VLOOKUP('READMIT Patient Registry'!M434,Key!$I$2:$J$5,2,FALSE)+VLOOKUP('READMIT Patient Registry'!N434,Key!$K$2:$L$4,2,FALSE)+VLOOKUP('READMIT Patient Registry'!O434,Key!$K$6:$L$8,2,FALSE)+VLOOKUP('READMIT Patient Registry'!P434,Key!$M$2:$N$5,2,FALSE),\"\")","v":""},{"$f":"IFERROR(VLOOKUP(Q434,Key!$A$17:$B$20,2,TRUE),\"\")","v":""}]
[null,null,null,null,null,null,null,null,null,null,null,null,null,null,null,null,{"$f":"IFERROR(VLOOKUP(E435,Key!$A$2:$B$6,2,FALSE)+VLOOKUP(F435,Key!$C$2:$D$4,2,FALSE)+VLOOKUP(G435,Key!$C$6:$D$8,2,FALSE)+VLOOKUP('READMIT Patient Registry'!H435,Key!$C$10:$D$12,2,FALSE)+VLOOKUP('READMIT Patient Registry'!I435,Key!$E$2:$F$11,2,FALSE)+VLOOKUP('READMIT Patient Registry'!J435,Key!$G$2:$H$6,2,FALSE)+VLOOKUP('READMIT Patient Registry'!K435,Key!$G$8:$H$10,2,FALSE)+VLOOKUP('READMIT Patient Registry'!L435,Key!$G$12:$H$14,2,FALSE)+VLOOKUP('READMIT Patient Registry'!M435,Key!$I$2:$J$5,2,FALSE)+VLOOKUP('READMIT Patient Registry'!N435,Key!$K$2:$L$4,2,FALSE)+VLOOKUP('READMIT Patient Registry'!O435,Key!$K$6:$L$8,2,FALSE)+VLOOKUP('READMIT Patient Registry'!P435,Key!$M$2:$N$5,2,FALSE),\"\")","v":""},{"$f":"IFERROR(VLOOKUP(Q435,Key!$A$17:$B$20,2,TRUE),\"\")","v":""}]
[null,null,null,null,null,null,null,null,null,null,null,null,null,null,null,null,{"$f":"IFERROR(VLOOKUP(E436,Key!$A$2:$B$6,2,FALSE)+VLOOKUP(F436,Key!$C$2:$D$4,2,FALSE)+VLOOKUP(G436,Key!$C$6:$D$8,2,FALSE)+VLOOKUP('READMIT Patient Registry'!H436,Key!$C$10:$D$12,2,FALSE)+VLOOKUP('READMIT Patient Registry'!I436,Key!$E$2:$F$11,2,FALSE)+VLOOKUP('READMIT Patient Registry'!J436,Key!$G$2:$H$6,2,FALSE)+VLOOKUP('READMIT Patient Registry'!K436,Key!$G$8:$H$10,2,FALSE)+VLOOKUP('READMIT Patient Registry'!L436,Key!$G$12:$H$14,2,FALSE)+VLOOKUP('READMIT Patient Registry'!M436,Key!$I$2:$J$5,2,FALSE)+VLOOKUP('READMIT Patient Registry'!N436,Key!$K$2:$L$4,2,FALSE)+VLOOKUP('READMIT Patient Registry'!O436,Key!$K$6:$L$8,2,FALSE)+VLOOKUP('READMIT Patient Registry'!P436,Key!$M$2:$N$5,2,FALSE),\"\")","v":""},{"$f":"IFERROR(VLOOKUP(Q436,Key!$A$17:$B$20,2,TRUE),\"\")","v":""}]
[null,null,null,null,null,null,null,null,null,null,null,null,null,null,null,null,{"$f":"IFERROR(VLOOKUP(E437,Key!$A$2:$B$6,2,FALSE)+VLOOKUP(F437,Key!$C$2:$D$4,2,FALSE)+VLOOKUP(G437,Key!$C$6:$D$8,2,FALSE)+VLOOKUP('READMIT Patient Registry'!H437,Key!$C$10:$D$12,2,FALSE)+VLOOKUP('READMIT Patient Registry'!I437,Key!$E$2:$F$11,2,FALSE)+VLOOKUP('READMIT Patient Registry'!J437,Key!$G$2:$H$6,2,FALSE)+VLOOKUP('READMIT Patient Registry'!K437,Key!$G$8:$H$10,2,FALSE)+VLOOKUP('READMIT Patient Registry'!L437,Key!$G$12:$H$14,2,FALSE)+VLOOKUP('READMIT Patient Registry'!M437,Key!$I$2:$J$5,2,FALSE)+VLOOKUP('READMIT Patient Registry'!N437,Key!$K$2:$L$4,2,FALSE)+VLOOKUP('READMIT Patient Registry'!O437,Key!$K$6:$L$8,2,FALSE)+VLOOKUP('READMIT Patient Registry'!P437,Key!$M$2:$N$5,2,FALSE),\"\")","v":""},{"$f":"IFERROR(VLOOKUP(Q437,Key!$A$17:$B$20,2,TRUE),\"\")","v":""}]
[null,null,null,null,null,null,null,null,null,null,null,null,null,null,null,null,{"$f":"IFERROR(VLOOKUP(E438,Key!$A$2:$B$6,2,FALSE)+VLOOKUP(F438,Key!$C$2:$D$4,2,FALSE)+VLOOKUP(G438,Key!$C$6:$D$8,2,FALSE)+VLOOKUP('READMIT Patient Registry'!H438,Key!$C$10:$D$12,2,FALSE)+VLOOKUP('READMIT Patient Registry'!I438,Key!$E$2:$F$11,2,FALSE)+VLOOKUP('READMIT Patient Registry'!J438,Key!$G$2:$H$6,2,FALSE)+VLOOKUP('READMIT Patient Registry'!K438,Key!$G$8:$H$10,2,FALSE)+VLOOKUP('READMIT Patient Registry'!L438,Key!$G$12:$H$14,2,FALSE)+VLOOKUP('READMIT Patient Registry'!M438,Key!$I$2:$J$5,2,FALSE)+VLOOKUP('READMIT Patient Registry'!N438,Key!$K$2:$L$4,2,FALSE)+VLOOKUP('READMIT Patient Registry'!O438,Key!$K$6:$L$8,2,FALSE)+VLOOKUP('READMIT Patient Registry'!P438,Key!$M$2:$N$5,2,FALSE),\"\")","v":""},{"$f":"IFERROR(VLOOKUP(Q438,Key!$A$17:$B$20,2,TRUE),\"\")","v":""}]
[null,null,null,null,null,null,null,null,null,null,null,null,null,null,null,null,{"$f":"IFERROR(VLOOKUP(E439,Key!$A$2:$B$6,2,FALSE)+VLOOKUP(F439,Key!$C$2:$D$4,2,FALSE)+VLOOKUP(G439,Key!$C$6:$D$8,2,FALSE)+VLOOKUP('READMIT Patient Registry'!H439,Key!$C$10:$D$12,2,FALSE)+VLOOKUP('READMIT Patient Registry'!I439,Key!$E$2:$F$11,2,FALSE)+VLOOKUP('READMIT Patient Registry'!J439,Key!$G$2:$H$6,2,FALSE)+VLOOKUP('READMIT Patient Registry'!K439,Key!$G$8:$H$10,2,FALSE)+VLOOKUP('READMIT Patient Registry'!L439,Key!$G$12:$H$14,2,FALSE)+VLOOKUP('READMIT Patient Registry'!M439,Key!$I$2:$J$5,2,FALSE)+VLOOKUP('READMIT Patient Registry'!N439,Key!$K$2:$L$4,2,FALSE)+VLOOKUP('READMIT Patient Registry'!O439,Key!$K$6:$L$8,2,FALSE)+VLOOKUP('READMIT Patient Registry'!P439,Key!$M$2:$N$5,2,FALSE),\"\")","v":""},{"$f":"IFERROR(VLOOKUP(Q439,Key!$A$17:$B$20,2,TRUE),\"\")","v":""}]
[null,null,null,null,null,null,null,null,null,null,null,null,null,null,null,null,{"$f":"IFERROR(VLOOKUP(E440,Key!$A$2:$B$6,2,FALSE)+VLOOKUP(F440,Key!$C$2:$D$4,2,FALSE)+VLOOKUP(G440,Key!$C$6:$D$8,2,FALSE)+VLOOKUP('READMIT Patient Registry'!H440,Key!$C$10:$D$12,2,FALSE)+VLOOKUP('READMIT Patient Registry'!I440,Key!$E$2:$F$11,2,FALSE)+VLOOKUP('READMIT Patient Registry'!J440,Key!$G$2:$H$6,2,FALSE)+VLOOKUP('READMIT Patient Registry'!K440,Key!$G$8:$H$10,2,FALSE)+VLOOKUP('READMIT Patient Registry'!L440,Key!$G$12:$H$14,2,FALSE)+VLOOKUP('READMIT Patient Registry'!M440,Key!$I$2:$J$5,2,FALSE)+VLOOKUP('READMIT Patient Registry'!N440,Key!$K$2:$L$4,2,FALSE)+VLOOKUP('READMIT Patient Registry'!O440,Key!$K$6:$L$8,2,FALSE)+VLOOKUP('READMIT Patient Registry'!P440,Key!$M$2:$N$5,2,FALSE),\"\")","v":""},{"$f":"IFERROR(VLOOKUP(Q440,Key!$A$17:$B$20,2,TRUE),\"\")","v":""}]
[null,null,null,null,null,null,null,null,null,null,null,null,null,null,null,null,{"$f":"IFERROR(VLOOKUP(E441,Key!$A$2:$B$6,2,FALSE)+VLOOKUP(F441,Key!$C$2:$D$4,2,FALSE)+VLOOKUP(G441,Key!$C$6:$D$8,2,FALSE)+VLOOKUP('READMIT Patient Registry'!H441,Key!$C$10:$D$12,2,FALSE)+VLOOKUP('READMIT Patient Registry'!I441,Key!$E$2:$F$11,2,FALSE)+VLOOKUP('READMIT Patient Registry'!J441,Key!$G$2:$H$6,2,FALSE)+VLOOKUP('READMIT Patient Registry'!K441,Key!$G$8:$H$10,2,FALSE)+VLOOKUP('READMIT Patient Registry'!L441,Key!$G$12:$H$14,2,FALSE)+VLOOKUP('READMIT Patient Registry'!M441,Key!$I$2:$J$5,2,FALSE)+VLOOKUP('READMIT Patient Registry'!N441,Key!$K$2:$L$4,2,FALSE)+VLOOKUP('READMIT Patient Registry'!O441,Key!$K$6:$L$8,2,FALSE)+VLOOKUP('READMIT Patient Registry'!P441,Key!$M$2:$N$5,2,FALSE),\"\")","v":""},{"$f":"IFERROR(VLOOKUP(Q441,Key!$A$17:$B$20,2,TRUE),\"\")","v":""}]
[null,null,null,null,null,null,null,null,null,null,null,null,null,null,null,null,{"$f":"IFERROR(VLOOKUP(E442,Key!$A$2:$B$6,2,FALSE)+VLOOKUP(F442,Key!$C$2:$D$4,2,FALSE)+VLOOKUP(G442,Key!$C$6:$D$8,2,FALSE)+VLOOKUP('READMIT Patient Registry'!H442,Key!$C$10:$D$12,2,FALSE)+VLOOKUP('READMIT Patient Registry'!I442,Key!$E$2:$F$11,2,FALSE)+VLOOKUP('READMIT Patient Registry'!J442,Key!$G$2:$H$6,2,FALSE)+VLOOKUP('READMIT Patient Registry'!K442,Key!$G$8:$H$10,2,FALSE)+VLOOKUP('READMIT Patient Registry'!L442,Key!$G$12:$H$14,2,FALSE)+VLOOKUP('READMIT Patient Registry'!M442,Key!$I$2:$J$5,2,FALSE)+VLOOKUP('READMIT Patient Registry'!N442,Key!$K$2:$L$4,2,FALSE)+VLOOKUP('READMIT Patient Registry'!O442,Key!$K$6:$L$8,2,FALSE)+VLOOKUP('READMIT Patient Registry'!P442,Key!$M$2:$N$5,2,FALSE),\"\")","v":""},{"$f":"IFERROR(VLOOKUP(Q442,Key!$A$17:$B$20,2,TRUE),\"\")","v":""}]
[null,null,null,null,null,null,null,null,null,null,null,null,null,null,null,null,{"$f":"IFERROR(VLOOKUP(E443,Key!$A$2:$B$6,2,FALSE)+VLOOKUP(F443,Key!$C$2:$D$4,2,FALSE)+VLOOKUP(G443,Key!$C$6:$D$8,2,FALSE)+VLOOKUP('READMIT Patient Registry'!H443,Key!$C$10:$D$12,2,FALSE)+VLOOKUP('READMIT Patient Registry'!I443,Key!$E$2:$F$11,2,FALSE)+VLOOKUP('READMIT Patient Registry'!J443,Key!$G$2:$H$6,2,FALSE)+VLOOKUP('READMIT Patient Registry'!K443,Key!$G$8:$H$10,2,FALSE)+VLOOKUP('READMIT Patient Registry'!L443,Key!$G$12:$H$14,2,FALSE)+VLOOKUP('READMIT Patient Registry'!M443,Key!$I$2:$J$5,2,FALSE)+VLOOKUP('READMIT Patient Registry'!N443,Key!$K$2:$L$4,2,FALSE)+VLOOKUP('READMIT Patient Registry'!O443,Key!$K$6:$L$8,2,FALSE)+VLOOKUP('READMIT Patient Registry'!P443,Key!$M$2:$N$5,2,FALSE),\"\")","v":""},{"$f":"IFERROR(VLOOKUP(Q443,Key!$A$17:$B$20,2,TRUE),\"\")","v":""}]
[null,null,null,null,null,null,null,null,null,null,null,null,null,null,null,null,{"$f":"IFERROR(VLOOKUP(E444,Key!$A$2:$B$6,2,FALSE)+VLOOKUP(F444,Key!$C$2:$D$4,2,FALSE)+VLOOKUP(G444,Key!$C$6:$D$8,2,FALSE)+VLOOKUP('READMIT Patient Registry'!H444,Key!$C$10:$D$12,2,FALSE)+VLOOKUP('READMIT Patient Registry'!I444,Key!$E$2:$F$11,2,FALSE)+VLOOKUP('READMIT Patient Registry'!J444,Key!$G$2:$H$6,2,FALSE)+VLOOKUP('READMIT Patient Registry'!K444,Key!$G$8:$H$10,2,FALSE)+VLOOKUP('READMIT Patient Registry'!L444,Key!$G$12:$H$14,2,FALSE)+VLOOKUP('READMIT Patient Registry'!M444,Key!$I$2:$J$5,2,FALSE)+VLOOKUP('READMIT Patient Registry'!N444,Key!$K$2:$L$4,2,FALSE)+VLOOKUP('READMIT Patient Registry'!O444,Key!$K$6:$L$8,2,FALSE)+VLOOKUP('READMIT Patient Registry'!P444,Key!$M$2:$N$5,2,FALSE),\"\")","v":""},{"$f":"IFERROR(VLOOKUP(Q444,Key!$A$17:$B$20,2,TRUE),\"\")","v":""}]
[null,null,null,null,null,null,null,null,null,null,null,null,null,null,null,null,{"$f":"IFERROR(VLOOKUP(E445,Key!$A$2:$B$6,2,FALSE)+VLOOKUP(F445,Key!$C$2:$D$4,2,FALSE)+VLOOKUP(G445,Key!$C$6:$D$8,2,FALSE)+VLOOKUP('READMIT Patient Registry'!H445,Key!$C$10:$D$12,2,FALSE)+VLOOKUP('READMIT Patient Registry'!I445,Key!$E$2:$F$11,2,FALSE)+VLOOKUP('READMIT Patient Registry'!J445,Key!$G$2:$H$6,2,FALSE)+VLOOKUP('READMIT Patient Registry'!K445,Key!$G$8:$H$10,2,FALSE)+VLOOKUP('READMIT Patient Registry'!L445,Key!$G$12:$H$14,2,FALSE)+VLOOKUP('READMIT Patient Registry'!M445,Key!$I$2:$J$5,2,FALSE)+VLOOKUP('READMIT Patient Registry'!N445,Key!$K$2:$L$4,2,FALSE)+VLOOKUP('READMIT Patient Registry'!O445,Key!$K$6:$L$8,2,FALSE)+VLOOKUP('READMIT Patient Registry'!P445,Key!$M$2:$N$5,2,FALSE),\"\")","v":""},{"$f":"IFERROR(VLOOKUP(Q445,Key!$A$17:$B$20,2,TRUE),\"\")","v":""}]
[null,null,null,null,null,null,null,null,null,null,null,null,null,null,null,null,{"$f":"IFERROR(VLOOKUP(E446,Key!$A$2:$B$6,2,FALSE)+VLOOKUP(F446,Key!$C$2:$D$4,2,FALSE)+VLOOKUP(G446,Key!$C$6:$D$8,2,FALSE)+VLOOKUP('READMIT Patient Registry'!H446,Key!$C$10:$D$12,2,FALSE)+VLOOKUP('READMIT Patient Registry'!I446,Key!$E$2:$F$11,2,FALSE)+VLOOKUP('READMIT Patient Registry'!J446,Key!$G$2:$H$6,2,FALSE)+VLOOKUP('READMIT Patient Registry'!K446,Key!$G$8:$H$10,2,FALSE)+VLOOKUP('READMIT Patient Registry'!L446,Key!$G$12:$H$14,2,FALSE)+VLOOKUP('READMIT Patient Registry'!M446,Key!$I$2:$J$5,2,FALSE)+VLOOKUP('READMIT Patient Registry'!N446,Key!$K$2:$L$4,2,FALSE)+VLOOKUP('READMIT Patient Registry'!O446,Key!$K$6:$L$8,2,FALSE)+VLOOKUP('READMIT Patient Registry'!P446,Key!$M$2:$N$5,2,FALSE),\"\")","v":""},{"$f":"IFERROR(VLOOKUP(Q446,Key!$A$17:$B$20,2,TRUE),\"\")","v":""}]
[null,null,null,null,null,null,null,null,null,null,null,null,null,null,null,null,{"$f":"IFERROR(VLOOKUP(E447,Key!$A$2:$B$6,2,FALSE)+VLOOKUP(F447,Key!$C$2:$D$4,2,FALSE)+VLOOKUP(G447,Key!$C$6:$D$8,2,FALSE)+VLOOKUP('READMIT Patient Registry'!H447,Key!$C$10:$D$12,2,FALSE)+VLOOKUP('READMIT Patient Registry'!I447,Key!$E$2:$F$11,2,FALSE)+VLOOKUP('READMIT Patient Registry'!J447,Key!$G$2:$H$6,2,FALSE)+VLOOKUP('READMIT Patient Registry'!K447,Key!$G$8:$H$10,2,FALSE)+VLOOKUP('READMIT Patient Registry'!L447,Key!$G$12:$H$14,2,FALSE)+VLOOKUP('READMIT Patient Registry'!M447,Key!$I$2:$J$5,2,FALSE)+VLOOKUP('READMIT Patient Registry'!N447,Key!$K$2:$L$4,2,FALSE)+VLOOKUP('READMIT Patient Registry'!O447,Key!$K$6:$L$8,2,FALSE)+VLOOKUP('READMIT Patient Registry'!P447,Key!$M$2:$N$5,2,FALSE),\"\")","v":""},{"$f":"IFERROR(VLOOKUP(Q447,Key!$A$17:$B$20,2,TRUE),\"\")","v":""}]
[null,null,null,null,null,null,null,null,null,null,null,null,null,null,null,null,{"$f":"IFERROR(VLOOKUP(E448,Key!$A$2:$B$6,2,FALSE)+VLOOKUP(F448,Key!$C$2:$D$4,2,FALSE)+VLOOKUP(G448,Key!$C$6:$D$8,2,FALSE)+VLOOKUP('READMIT Patient Registry'!H448,Key!$C$10:$D$12,2,FALSE)+VLOOKUP('READMIT Patient Registry'!I448,Key!$E$2:$F$11,2,FALSE)+VLOOKUP('READMIT Patient Registry'!J448,Key!$G$2:$H$6,2,FALSE)+VLOOKUP('READMIT Patient Registry'!K448,Key!$G$8:$H$10,2,FALSE)+VLOOKUP('READMIT Patient Registry'!L448,Key!$G$12:$H$14,2,FALSE)+VLOOKUP('READMIT Patient Registry'!M448,Key!$I$2:$J$5,2,FALSE)+VLOOKUP('READMIT Patient Registry'!N448,Key!$K$2:$L$4,2,FALSE)+VLOOKUP('READMIT Patient Registry'!O448,Key!$K$6:$L$8,2,FALSE)+VLOOKUP('READMIT Patient Registry'!P448,Key!$M$2:$N$5,2,FALSE),\"\")","v":""},{"$f":"IFERROR(VLOOKUP(Q448,Key!$A$17:$B$20,2,TRUE),\"\")","v":""}]
[null,null,null,null,null,null,null,null,null,null,null,null,null,null,null,null,{"$f":"IFERROR(VLOOKUP(E449,Key!$A$2:$B$6,2,FALSE)+VLOOKUP(F449,Key!$C$2:$D$4,2,FALSE)+VLOOKUP(G449,Key!$C$6:$D$8,2,FALSE)+VLOOKUP('READMIT Patient Registry'!H449,Key!$C$10:$D$12,2,FALSE)+VLOOKUP('READMIT Patient Registry'!I449,Key!$E$2:$F$11,2,FALSE)+VLOOKUP('READMIT Patient Registry'!J449,Key!$G$2:$H$6,2,FALSE)+VLOOKUP('READMIT Patient Registry'!K449,Key!$G$8:$H$10,2,FALSE)+VLOOKUP('READMIT Patient Registry'!L449,Key!$G$12:$H$14,2,FALSE)+VLOOKUP('READMIT Patient Registry'!M449,Key!$I$2:$J$5,2,FALSE)+VLOOKUP('READMIT Patient Registry'!N449,Key!$K$2:$L$4,2,FALSE)+VLOOKUP('READMIT Patient Registry'!O449,Key!$K$6:$L$8,2,FALSE)+VLOOKUP('READMIT Patient Registry'!P449,Key!$M$2:$N$5,2,FALSE),\"\")","v":""},{"$f":"IFERROR(VLOOKUP(Q449,Key!$A$17:$B$20,2,TRUE),\"\")","v":""}]
[null,null,null,null,null,null,null,null,null,null,null,null,null,null,null,null,{"$f":"IFERROR(VLOOKUP(E450,Key!$A$2:$B$6,2,FALSE)+VLOOKUP(F450,Key!$C$2:$D$4,2,FALSE)+VLOOKUP(G450,Key!$C$6:$D$8,2,FALSE)+VLOOKUP('READMIT Patient Registry'!H450,Key!$C$10:$D$12,2,FALSE)+VLOOKUP('READMIT Patient Registry'!I450,Key!$E$2:$F$11,2,FALSE)+VLOOKUP('READMIT Patient Registry'!J450,Key!$G$2:$H$6,2,FALSE)+VLOOKUP('READMIT Patient Registry'!K450,Key!$G$8:$H$10,2,FALSE)+VLOOKUP('READMIT Patient Registry'!L450,Key!$G$12:$H$14,2,FALSE)+VLOOKUP('READMIT Patient Registry'!M450,Key!$I$2:$J$5,2,FALSE)+VLOOKUP('READMIT Patient Registry'!N450,Key!$K$2:$L$4,2,FALSE)+VLOOKUP('READMIT Patient Registry'!O450,Key!$K$6:$L$8,2,FALSE)+VLOOKUP('READMIT Patient Registry'!P450,Key!$M$2:$N$5,2,FALSE),\"\")","v":""},{"$f":"IFERROR(VLOOKUP(Q450,Key!$A$17:$B$20,2,TRUE),\"\")","v":""}]
[null,null,null,null,null,null,null,null,null,null,null,null,null,null,null,null,{"$f":"IFERROR(VLOOKUP(E451,Key!$A$2:$B$6,2,FALSE)+VLOOKUP(F451,Key!$C$2:$D$4,2,FALSE)+VLOOKUP(G451,Key!$C$6:$D$8,2,FALSE)+VLOOKUP('READMIT Patient Registry'!H451,Key!$C$10:$D$12,2,FALSE)+VLOOKUP('READMIT Patient Registry'!I451,Key!$E$2:$F$11,2,FALSE)+VLOOKUP('READMIT Patient Registry'!J451,Key!$G$2:$H$6,2,FALSE)+VLOOKUP('READMIT Patient Registry'!K451,Key!$G$8:$H$10,2,FALSE)+VLOOKUP('READMIT Patient Registry'!L451,Key!$G$12:$H$14,2,FALSE)+VLOOKUP('READMIT Patient Registry'!M451,Key!$I$2:$J$5,2,FALSE)+VLOOKUP('READMIT Patient Registry'!N451,Key!$K$2:$L$4,2,FALSE)+VLOOKUP('READMIT Patient Registry'!O451,Key!$K$6:$L$8,2,FALSE)+VLOOKUP('READMIT Patient Registry'!P451,Key!$M$2:$N$5,2,FALSE),\"\")","v":""},{"$f":"IFERROR(VLOOKUP(Q451,Key!$A$17:$B$20,2,TRUE),\"\")","v":""}]
[null,null,null,null,null,null,null,null,null,null,null,null,null,null,null,null,{"$f":"IFERROR(VLOOKUP(E452,Key!$A$2:$B$6,2,FALSE)+VLOOKUP(F452,Key!$C$2:$D$4,2,FALSE)+VLOOKUP(G452,Key!$C$6:$D$8,2,FALSE)+VLOOKUP('READMIT Patient Registry'!H452,Key!$C$10:$D$12,2,FALSE)+VLOOKUP('READMIT Patient Registry'!I452,Key!$E$2:$F$11,2,FALSE)+VLOOKUP('READMIT Patient Registry'!J452,Key!$G$2:$H$6,2,FALSE)+VLOOKUP('READMIT Patient Registry'!K452,Key!$G$8:$H$10,2,FALSE)+VLOOKUP('READMIT Patient Registry'!L452,Key!$G$12:$H$14,2,FALSE)+VLOOKUP('READMIT Patient Registry'!M452,Key!$I$2:$J$5,2,FALSE)+VLOOKUP('READMIT Patient Registry'!N452,Key!$K$2:$L$4,2,FALSE)+VLOOKUP('READMIT Patient Registry'!O452,Key!$K$6:$L$8,2,FALSE)+VLOOKUP('READMIT Patient Registry'!P452,Key!$M$2:$N$5,2,FALSE),\"\")","v":""},{"$f":"IFERROR(VLOOKUP(Q452,Key!$A$17:$B$20,2,TRUE),\"\")","v":""}]
[null,null,null,null,null,null,null,null,null,null,null,null,null,null,null,null,{"$f":"IFERROR(VLOOKUP(E453,Key!$A$2:$B$6,2,FALSE)+VLOOKUP(F453,Key!$C$2:$D$4,2,FALSE)+VLOOKUP(G453,Key!$C$6:$D$8,2,FALSE)+VLOOKUP('READMIT Patient Registry'!H453,Key!$C$10:$D$12,2,FALSE)+VLOOKUP('READMIT Patient Registry'!I453,Key!$E$2:$F$11,2,FALSE)+VLOOKUP('READMIT Patient Registry'!J453,Key!$G$2:$H$6,2,FALSE)+VLOOKUP('READMIT Patient Registry'!K453,Key!$G$8:$H$10,2,FALSE)+VLOOKUP('READMIT Patient Registry'!L453,Key!$G$12:$H$14,2,FALSE)+VLOOKUP('READMIT Patient Registry'!M453,Key!$I$2:$J$5,2,FALSE)+VLOOKUP('READMIT Patient Registry'!N453,Key!$K$2:$L$4,2,FALSE)+VLOOKUP('READMIT Patient Registry'!O453,Key!$K$6:$L$8,2,FALSE)+VLOOKUP('READMIT Patient Registry'!P453,Key!$M$2:$N$5,2,FALSE),\"\")","v":""},{"$f":"IFERROR(VLOOKUP(Q453,Key!$A$17:$B$20,2,TRUE),\"\")","v":""}]
[null,null,null,null,null,null,null,null,null,null,null,null,null,null,null,null,{"$f":"IFERROR(VLOOKUP(E454,Key!$A$2:$B$6,2,FALSE)+VLOOKUP(F454,Key!$C$2:$D$4,2,FALSE)+VLOOKUP(G454,Key!$C$6:$D$8,2,FALSE)+VLOOKUP('READMIT Patient Registry'!H454,Key!$C$10:$D$12,2,FALSE)+VLOOKUP('READMIT Patient Registry'!I454,Key!$E$2:$F$11,2,FALSE)+VLOOKUP('READMIT Patient Registry'!J454,Key!$G$2:$H$6,2,FALSE)+VLOOKUP('READMIT Patient Registry'!K454,Key!$G$8:$H$10,2,FALSE)+VLOOKUP('READMIT Patient Registry'!L454,Key!$G$12:$H$14,2,FALSE)+VLOOKUP('READMIT Patient Registry'!M454,Key!$I$2:$J$5,2,FALSE)+VLOOKUP('READMIT Patient Registry'!N454,Key!$K$2:$L$4,2,FALSE)+VLOOKUP('READMIT Patient Registry'!O454,Key!$K$6:$L$8,2,FALSE)+VLOOKUP('READMIT Patient Registry'!P454,Key!$M$2:$N$5,2,FALSE),\"\")","v":""},{"$f":"IFERROR(VLOOKUP(Q454,Key!$A$17:$B$20,2,TRUE),\"\")","v":""}]
[null,null,null,null,null,null,null,null,null,null,null,null,null,null,null,null,{"$f":"IFERROR(VLOOKUP(E455,Key!$A$2:$B$6,2,FALSE)+VLOOKUP(F455,Key!$C$2:$D$4,2,FALSE)+VLOOKUP(G455,Key!$C$6:$D$8,2,FALSE)+VLOOKUP('READMIT Patient Registry'!H455,Key!$C$10:$D$12,2,FALSE)+VLOOKUP('READMIT Patient Registry'!I455,Key!$E$2:$F$11,2,FALSE)+VLOOKUP('READMIT Patient Registry'!J455,Key!$G$2:$H$6,2,FALSE)+VLOOKUP('READMIT Patient Registry'!K455,Key!$G$8:$H$10,2,FALSE)+VLOOKUP('READMIT Patient Registry'!L455,Key!$G$12:$H$14,2,FALSE)+VLOOKUP('READMIT Patient Registry'!M455,Key!$I$2:$J$5,2,FALSE)+VLOOKUP('READMIT Patient Registry'!N455,Key!$K$2:$L$4,2,FALSE)+VLOOKUP('READMIT Patient Registry'!O455,Key!$K$6:$L$8,2,FALSE)+VLOOKUP('READMIT Patient Registry'!P455,Key!$M$2:$N$5,2,FALSE),\"\")","v":""},{"$f":"IFERROR(VLOOKUP(Q455,Key!$A$17:$B$20,2,TRUE),\"\")","v":""}]
[null,null,null,null,null,null,null,null,null,null,null,null,null,null,null,null,{"$f":"IFERROR(VLOOKUP(E456,Key!$A$2:$B$6,2,FALSE)+VLOOKUP(F456,Key!$C$2:$D$4,2,FALSE)+VLOOKUP(G456,Key!$C$6:$D$8,2,FALSE)+VLOOKUP('READMIT Patient Registry'!H456,Key!$C$10:$D$12,2,FALSE)+VLOOKUP('READMIT Patient Registry'!I456,Key!$E$2:$F$11,2,FALSE)+VLOOKUP('READMIT Patient Registry'!J456,Key!$G$2:$H$6,2,FALSE)+VLOOKUP('READMIT Patient Registry'!K456,Key!$G$8:$H$10,2,FALSE)+VLOOKUP('READMIT Patient Registry'!L456,Key!$G$12:$H$14,2,FALSE)+VLOOKUP('READMIT Patient Registry'!M456,Key!$I$2:$J$5,2,FALSE)+VLOOKUP('READMIT Patient Registry'!N456,Key!$K$2:$L$4,2,FALSE)+VLOOKUP('READMIT Patient Registry'!O456,Key!$K$6:$L$8,2,FALSE)+VLOOKUP('READMIT Patient Registry'!P456,Key!$M$2:$N$5,2,FALSE),\"\")","v":""},{"$f":"IFERROR(VLOOKUP(Q456,Key!$A$17:$B$20,2,TRUE),\"\")","v":""}]
[null,null,null,null,null,null,null,null,null,null,null,null,null,null,null,null,{"$f":"IFERROR(VLOOKUP(E457,Key!$A$2:$B$6,2,FALSE)+VLOOKUP(F457,Key!$C$2:$D$4,2,FALSE)+VLOOKUP(G457,Key!$C$6:$D$8,2,FALSE)+VLOOKUP('READMIT Patient Registry'!H457,Key!$C$10:$D$12,2,FALSE)+VLOOKUP('READMIT Patient Registry'!I457,Key!$E$2:$F$11,2,FALSE)+VLOOKUP('READMIT Patient Registry'!J457,Key!$G$2:$H$6,2,FALSE)+VLOOKUP('READMIT Patient Registry'!K457,Key!$G$8:$H$10,2,FALSE)+VLOOKUP('READMIT Patient Registry'!L457,Key!$G$12:$H$14,2,FALSE)+VLOOKUP('READMIT Patient Registry'!M457,Key!$I$2:$J$5,2,FALSE)+VLOOKUP('READMIT Patient Registry'!N457,Key!$K$2:$L$4,2,FALSE)+VLOOKUP('READMIT Patient Registry'!O457,Key!$K$6:$L$8,2,FALSE)+VLOOKUP('READMIT Patient Registry'!P457,Key!$M$2:$N$5,2,FALSE),\"\")","v":""},{"$f":"IFERROR(VLOOKUP(Q457,Key!$A$17:$B$20,2,TRUE),\"\")","v":""}]
[null,null,null,null,null,null,null,null,null,null,null,null,null,null,null,null,{"$f":"IFERROR(VLOOKUP(E458,Key!$A$2:$B$6,2,FALSE)+VLOOKUP(F458,Key!$C$2:$D$4,2,FALSE)+VLOOKUP(G458,Key!$C$6:$D$8,2,FALSE)+VLOOKUP('READMIT Patient Registry'!H458,Key!$C$10:$D$12,2,FALSE)+VLOOKUP('READMIT Patient Registry'!I458,Key!$E$2:$F$11,2,FALSE)+VLOOKUP('READMIT Patient Registry'!J458,Key!$G$2:$H$6,2,FALSE)+VLOOKUP('READMIT Patient Registry'!K458,Key!$G$8:$H$10,2,FALSE)+VLOOKUP('READMIT Patient Registry'!L458,Key!$G$12:$H$14,2,FALSE)+VLOOKUP('READMIT Patient Registry'!M458,Key!$I$2:$J$5,2,FALSE)+VLOOKUP('READMIT Patient Registry'!N458,Key!$K$2:$L$4,2,FALSE)+VLOOKUP('READMIT Patient Registry'!O458,Key!$K$6:$L$8,2,FALSE)+VLOOKUP('READMIT Patient Registry'!P458,Key!$M$2:$N$5,2,FALSE),\"\")","v":""},{"$f":"IFERROR(VLOOKUP(Q458,Key!$A$17:$B$20,2,TRUE),\"\")","v":""}]
[null,null,null,null,null,null,null,null,null,null,null,null,null,null,null,null,{"$f":"IFERROR(VLOOKUP(E459,Key!$A$2:$B$6,2,FALSE)+VLOOKUP(F459,Key!$C$2:$D$4,2,FALSE)+VLOOKUP(G459,Key!$C$6:$D$8,2,FALSE)+VLOOKUP('READMIT Patient Registry'!H459,Key!$C$10:$D$12,2,FALSE)+VLOOKUP('READMIT Patient Registry'!I459,Key!$E$2:$F$11,2,FALSE)+VLOOKUP('READMIT Patient Registry'!J459,Key!$G$2:$H$6,2,FALSE)+VLOOKUP('READMIT Patient Registry'!K459,Key!$G$8:$H$10,2,FALSE)+VLOOKUP('READMIT Patient Registry'!L459,Key!$G$12:$H$14,2,FALSE)+VLOOKUP('READMIT Patient Registry'!M459,Key!$I$2:$J$5,2,FALSE)+VLOOKUP('READMIT Patient Registry'!N459,Key!$K$2:$L$4,2,FALSE)+VLOOKUP('READMIT Patient Registry'!O459,Key!$K$6:$L$8,2,FALSE)+VLOOKUP('READMIT Patient Registry'!P459,Key!$M$2:$N$5,2,FALSE),\"\")","v":""},{"$f":"IFERROR(VLOOKUP(Q459,Key!$A$17:$B$20,2,TRUE),\"\")","v":""}]
[null,null,null,null,null,null,null,null,null,null,null,null,null,null,null,null,{"$f":"IFERROR(VLOOKUP(E460,Key!$A$2:$B$6,2,FALSE)+VLOOKUP(F460,Key!$C$2:$D$4,2,FALSE)+VLOOKUP(G460,Key!$C$6:$D$8,2,FALSE)+VLOOKUP('READMIT Patient Registry'!H460,Key!$C$10:$D$12,2,FALSE)+VLOOKUP('READMIT Patient Registry'!I460,Key!$E$2:$F$11,2,FALSE)+VLOOKUP('READMIT Patient Registry'!J460,Key!$G$2:$H$6,2,FALSE)+VLOOKUP('READMIT Patient Registry'!K460,Key!$G$8:$H$10,2,FALSE)+VLOOKUP('READMIT Patient Registry'!L460,Key!$G$12:$H$14,2,FALSE)+VLOOKUP('READMIT Patient Registry'!M460,Key!$I$2:$J$5,2,FALSE)+VLOOKUP('READMIT Patient Registry'!N460,Key!$K$2:$L$4,2,FALSE)+VLOOKUP('READMIT Patient Registry'!O460,Key!$K$6:$L$8,2,FALSE)+VLOOKUP('READMIT Patient Registry'!P460,Key!$M$2:$N$5,2,FALSE),\"\")","v":""},{"$f":"IFERROR(VLOOKUP(Q460,Key!$A$17:$B$20,2,TRUE),\"\")","v":""}]
[null,null,null,null,null,null,null,null,null,null,null,null,null,null,null,null,{"$f":"IFERROR(VLOOKUP(E461,Key!$A$2:$B$6,2,FALSE)+VLOOKUP(F461,Key!$C$2:$D$4,2,FALSE)+VLOOKUP(G461,Key!$C$6:$D$8,2,FALSE)+VLOOKUP('READMIT Patient Registry'!H461,Key!$C$10:$D$12,2,FALSE)+VLOOKUP('READMIT Patient Registry'!I461,Key!$E$2:$F$11,2,FALSE)+VLOOKUP('READMIT Patient Registry'!J461,Key!$G$2:$H$6,2,FALSE)+VLOOKUP('READMIT Patient Registry'!K461,Key!$G$8:$H$10,2,FALSE)+VLOOKUP('READMIT Patient Registry'!L461,Key!$G$12:$H$14,2,FALSE)+VLOOKUP('READMIT Patient Registry'!M461,Key!$I$2:$J$5,2,FALSE)+VLOOKUP('READMIT Patient Registry'!N461,Key!$K$2:$L$4,2,FALSE)+VLOOKUP('READMIT Patient Registry'!O461,Key!$K$6:$L$8,2,FALSE)+VLOOKUP('READMIT Patient Registry'!P461,Key!$M$2:$N$5,2,FALSE),\"\")","v":""},{"$f":"IFERROR(VLOOKUP(Q461,Key!$A$17:$B$20,2,TRUE),\"\")","v":""}]
[null,null,null,null,null,null,null,null,null,null,null,null,null,null,null,null,{"$f":"IFERROR(VLOOKUP(E462,Key!$A$2:$B$6,2,FALSE)+VLOOKUP(F462,Key!$C$2:$D$4,2,FALSE)+VLOOKUP(G462,Key!$C$6:$D$8,2,FALSE)+VLOOKUP('READMIT Patient Registry'!H462,Key!$C$10:$D$12,2,FALSE)+VLOOKUP('READMIT Patient Registry'!I462,Key!$E$2:$F$11,2,FALSE)+VLOOKUP('READMIT Patient Registry'!J462,Key!$G$2:$H$6,2,FALSE)+VLOOKUP('READMIT Patient Registry'!K462,Key!$G$8:$H$10,2,FALSE)+VLOOKUP('READMIT Patient Registry'!L462,Key!$G$12:$H$14,2,FALSE)+VLOOKUP('READMIT Patient Registry'!M462,Key!$I$2:$J$5,2,FALSE)+VLOOKUP('READMIT Patient Registry'!N462,Key!$K$2:$L$4,2,FALSE)+VLOOKUP('READMIT Patient Registry'!O462,Key!$K$6:$L$8,2,FALSE)+VLOOKUP('READMIT Patient Registry'!P462,Key!$M$2:$N$5,2,FALSE),\"\")","v":""},{"$f":"IFERROR(VLOOKUP(Q462,Key!$A$17:$B$20,2,TRUE),\"\")","v":""}]
[null,null,null,null,null,null,null,null,null,null,null,null,null,null,null,null,{"$f":"IFERROR(VLOOKUP(E463,Key!$A$2:$B$6,2,FALSE)+VLOOKUP(F463,Key!$C$2:$D$4,2,FALSE)+VLOOKUP(G463,Key!$C$6:$D$8,2,FALSE)+VLOOKUP('READMIT Patient Registry'!H463,Key!$C$10:$D$12,2,FALSE)+VLOOKUP('READMIT Patient Registry'!I463,Key!$E$2:$F$11,2,FALSE)+VLOOKUP('READMIT Patient Registry'!J463,Key!$G$2:$H$6,2,FALSE)+VLOOKUP('READMIT Patient Registry'!K463,Key!$G$8:$H$10,2,FALSE)+VLOOKUP('READMIT Patient Registry'!L463,Key!$G$12:$H$14,2,FALSE)+VLOOKUP('READMIT Patient Registry'!M463,Key!$I$2:$J$5,2,FALSE)+VLOOKUP('READMIT Patient Registry'!N463,Key!$K$2:$L$4,2,FALSE)+VLOOKUP('READMIT Patient Registry'!O463,Key!$K$6:$L$8,2,FALSE)+VLOOKUP('READMIT Patient Registry'!P463,Key!$M$2:$N$5,2,FALSE),\"\")","v":""},{"$f":"IFERROR(VLOOKUP(Q463,Key!$A$17:$B$20,2,TRUE),\"\")","v":""}]
[null,null,null,null,null,null,null,null,null,null,null,null,null,null,null,null,{"$f":"IFERROR(VLOOKUP(E464,Key!$A$2:$B$6,2,FALSE)+VLOOKUP(F464,Key!$C$2:$D$4,2,FALSE)+VLOOKUP(G464,Key!$C$6:$D$8,2,FALSE)+VLOOKUP('READMIT Patient Registry'!H464,Key!$C$10:$D$12,2,FALSE)+VLOOKUP('READMIT Patient Registry'!I464,Key!$E$2:$F$11,2,FALSE)+VLOOKUP('READMIT Patient Registry'!J464,Key!$G$2:$H$6,2,FALSE)+VLOOKUP('READMIT Patient Registry'!K464,Key!$G$8:$H$10,2,FALSE)+VLOOKUP('READMIT Patient Registry'!L464,Key!$G$12:$H$14,2,FALSE)+VLOOKUP('READMIT Patient Registry'!M464,Key!$I$2:$J$5,2,FALSE)+VLOOKUP('READMIT Patient Registry'!N464,Key!$K$2:$L$4,2,FALSE)+VLOOKUP('READMIT Patient Registry'!O464,Key!$K$6:$L$8,2,FALSE)+VLOOKUP('READMIT Patient Registry'!P464,Key!$M$2:$N$5,2,FALSE),\"\")","v":""},{"$f":"IFERROR(VLOOKUP(Q464,Key!$A$17:$B$20,2,TRUE),\"\")","v":""}]
[null,null,null,null,null,null,null,null,null,null,null,null,null,null,null,null,{"$f":"IFERROR(VLOOKUP(E465,Key!$A$2:$B$6,2,FALSE)+VLOOKUP(F465,Key!$C$2:$D$4,2,FALSE)+VLOOKUP(G465,Key!$C$6:$D$8,2,FALSE)+VLOOKUP('READMIT Patient Registry'!H465,Key!$C$10:$D$12,2,FALSE)+VLOOKUP('READMIT Patient Registry'!I465,Key!$E$2:$F$11,2,FALSE)+VLOOKUP('READMIT Patient Registry'!J465,Key!$G$2:$H$6,2,FALSE)+VLOOKUP('READMIT Patient Registry'!K465,Key!$G$8:$H$10,2,FALSE)+VLOOKUP('READMIT Patient Registry'!L465,Key!$G$12:$H$14,2,FALSE)+VLOOKUP('READMIT Patient Registry'!M465,Key!$I$2:$J$5,2,FALSE)+VLOOKUP('READMIT Patient Registry'!N465,Key!$K$2:$L$4,2,FALSE)+VLOOKUP('READMIT Patient Registry'!O465,Key!$K$6:$L$8,2,FALSE)+VLOOKUP('READMIT Patient Registry'!P465,Key!$M$2:$N$5,2,FALSE),\"\")","v":""},{"$f":"IFERROR(VLOOKUP(Q465,Key!$A$17:$B$20,2,TRUE),\"\")","v":""}]
[null,null,null,null,null,null,null,null,null,null,null,null,null,null,null,null,{"$f":"IFERROR(VLOOKUP(E466,Key!$A$2:$B$6,2,FALSE)+VLOOKUP(F466,Key!$C$2:$D$4,2,FALSE)+VLOOKUP(G466,Key!$C$6:$D$8,2,FALSE)+VLOOKUP('READMIT Patient Registry'!H466,Key!$C$10:$D$12,2,FALSE)+VLOOKUP('READMIT Patient Registry'!I466,Key!$E$2:$F$11,2,FALSE)+VLOOKUP('READMIT Patient Registry'!J466,Key!$G$2:$H$6,2,FALSE)+VLOOKUP('READMIT Patient Registry'!K466,Key!$G$8:$H$10,2,FALSE)+VLOOKUP('READMIT Patient Registry'!L466,Key!$G$12:$H$14,2,FALSE)+VLOOKUP('READMIT Patient Registry'!M466,Key!$I$2:$J$5,2,FALSE)+VLOOKUP('READMIT Patient Registry'!N466,Key!$K$2:$L$4,2,FALSE)+VLOOKUP('READMIT Patient Registry'!O466,Key!$K$6:$L$8,2,FALSE)+VLOOKUP('READMIT Patient Registry'!P466,Key!$M$2:$N$5,2,FALSE),\"\")","v":""},{"$f":"IFERROR(VLOOKUP(Q466,Key!$A$17:$B$20,2,TRUE),\"\")","v":""}]
[null,null,null,null,null,null,null,null,null,null,null,null,null,null,null,null,{"$f":"IFERROR(VLOOKUP(E467,Key!$A$2:$B$6,2,FALSE)+VLOOKUP(F467,Key!$C$2:$D$4,2,FALSE)+VLOOKUP(G467,Key!$C$6:$D$8,2,FALSE)+VLOOKUP('READMIT Patient Registry'!H467,Key!$C$10:$D$12,2,FALSE)+VLOOKUP('READMIT Patient Registry'!I467,Key!$E$2:$F$11,2,FALSE)+VLOOKUP('READMIT Patient Registry'!J467,Key!$G$2:$H$6,2,FALSE)+VLOOKUP('READMIT Patient Registry'!K467,Key!$G$8:$H$10,2,FALSE)+VLOOKUP('READMIT Patient Registry'!L467,Key!$G$12:$H$14,2,FALSE)+VLOOKUP('READMIT Patient Registry'!M467,Key!$I$2:$J$5,2,FALSE)+VLOOKUP('READMIT Patient Registry'!N467,Key!$K$2:$L$4,2,FALSE)+VLOOKUP('READMIT Patient Registry'!O467,Key!$K$6:$L$8,2,FALSE)+VLOOKUP('READMIT Patient Registry'!P467,Key!$M$2:$N$5,2,FALSE),\"\")","v":""},{"$f":"IFERROR(VLOOKUP(Q467,Key!$A$17:$B$20,2,TRUE),\"\")","v":""}]
[null,null,null,null,null,null,null,null,null,null,null,null,null,null,null,null,{"$f":"IFERROR(VLOOKUP(E468,Key!$A$2:$B$6,2,FALSE)+VLOOKUP(F468,Key!$C$2:$D$4,2,FALSE)+VLOOKUP(G468,Key!$C$6:$D$8,2,FALSE)+VLOOKUP('READMIT Patient Registry'!H468,Key!$C$10:$D$12,2,FALSE)+VLOOKUP('READMIT Patient Registry'!I468,Key!$E$2:$F$11,2,FALSE)+VLOOKUP('READMIT Patient Registry'!J468,Key!$G$2:$H$6,2,FALSE)+VLOOKUP('READMIT Patient Registry'!K468,Key!$G$8:$H$10,2,FALSE)+VLOOKUP('READMIT Patient Registry'!L468,Key!$G$12:$H$14,2,FALSE)+VLOOKUP('READMIT Patient Registry'!M468,Key!$I$2:$J$5,2,FALSE)+VLOOKUP('READMIT Patient Registry'!N468,Key!$K$2:$L$4,2,FALSE)+VLOOKUP('READMIT Patient Registry'!O468,Key!$K$6:$L$8,2,FALSE)+VLOOKUP('READMIT Patient Registry'!P468,Key!$M$2:$N$5,2,FALSE),\"\")","v":""},{"$f":"IFERROR(VLOOKUP(Q468,Key!$A$17:$B$20,2,TRUE),\"\")","v":""}]
[null,null,null,null,null,null,null,null,null,null,null,null,null,null,null,null,{"$f":"IFERROR(VLOOKUP(E469,Key!$A$2:$B$6,2,FALSE)+VLOOKUP(F469,Key!$C$2:$D$4,2,FALSE)+VLOOKUP(G469,Key!$C$6:$D$8,2,FALSE)+VLOOKUP('READMIT Patient Registry'!H469,Key!$C$10:$D$12,2,FALSE)+VLOOKUP('READMIT Patient Registry'!I469,Key!$E$2:$F$11,2,FALSE)+VLOOKUP('READMIT Patient Registry'!J469,Key!$G$2:$H$6,2,FALSE)+VLOOKUP('READMIT Patient Registry'!K469,Key!$G$8:$H$10,2,FALSE)+VLOOKUP('READMIT Patient Registry'!L469,Key!$G$12:$H$14,2,FALSE)+VLOOKUP('READMIT Patient Registry'!M469,Key!$I$2:$J$5,2,FALSE)+VLOOKUP('READMIT Patient Registry'!N469,Key!$K$2:$L$4,2,FALSE)+VLOOKUP('READMIT Patient Registry'!O469,Key!$K$6:$L$8,2,FALSE)+VLOOKUP('READMIT Patient Registry'!P469,Key!$M$2:$N$5,2,FALSE),\"\")","v":""},{"$f":"IFERROR(VLOOKUP(Q469,Key!$A$17:$B$20,2,TRUE),\"\")","v":""}]
[null,null,null,null,null,null,null,null,null,null,null,null,null,null,null,null,{"$f":"IFERROR(VLOOKUP(E470,Key!$A$2:$B$6,2,FALSE)+VLOOKUP(F470,Key!$C$2:$D$4,2,FALSE)+VLOOKUP(G470,Key!$C$6:$D$8,2,FALSE)+VLOOKUP('READMIT Patient Registry'!H470,Key!$C$10:$D$12,2,FALSE)+VLOOKUP('READMIT Patient Registry'!I470,Key!$E$2:$F$11,2,FALSE)+VLOOKUP('READMIT Patient Registry'!J470,Key!$G$2:$H$6,2,FALSE)+VLOOKUP('READMIT Patient Registry'!K470,Key!$G$8:$H$10,2,FALSE)+VLOOKUP('READMIT Patient Registry'!L470,Key!$G$12:$H$14,2,FALSE)+VLOOKUP('READMIT Patient Registry'!M470,Key!$I$2:$J$5,2,FALSE)+VLOOKUP('READMIT Patient Registry'!N470,Key!$K$2:$L$4,2,FALSE)+VLOOKUP('READMIT Patient Registry'!O470,Key!$K$6:$L$8,2,FALSE)+VLOOKUP('READMIT Patient Registry'!P470,Key!$M$2:$N$5,2,FALSE),\"\")","v":""},{"$f":"IFERROR(VLOOKUP(Q470,Key!$A$17:$B$20,2,TRUE),\"\")","v":""}]
[null,null,null,null,null,null,null,null,null,null,null,null,null,null,null,null,{"$f":"IFERROR(VLOOKUP(E471,Key!$A$2:$B$6,2,FALSE)+VLOOKUP(F471,Key!$C$2:$D$4,2,FALSE)+VLOOKUP(G471,Key!$C$6:$D$8,2,FALSE)+VLOOKUP('READMIT Patient Registry'!H471,Key!$C$10:$D$12,2,FALSE)+VLOOKUP('READMIT Patient Registry'!I471,Key!$E$2:$F$11,2,FALSE)+VLOOKUP('READMIT Patient Registry'!J471,Key!$G$2:$H$6,2,FALSE)+VLOOKUP('READMIT Patient Registry'!K471,Key!$G$8:$H$10,2,FALSE)+VLOOKUP('READMIT Patient Registry'!L471,Key!$G$12:$H$14,2,FALSE)+VLOOKUP('READMIT Patient Registry'!M471,Key!$I$2:$J$5,2,FALSE)+VLOOKUP('READMIT Patient Registry'!N471,Key!$K$2:$L$4,2,FALSE)+VLOOKUP('READMIT Patient Registry'!O471,Key!$K$6:$L$8,2,FALSE)+VLOOKUP('READMIT Patient Registry'!P471,Key!$M$2:$N$5,2,FALSE),\"\")","v":""},{"$f":"IFERROR(VLOOKUP(Q471,Key!$A$17:$B$20,2,TRUE),\"\")","v":""}]
[null,null,null,null,null,null,null,null,null,null,null,null,null,null,null,null,{"$f":"IFERROR(VLOOKUP(E472,Key!$A$2:$B$6,2,FALSE)+VLOOKUP(F472,Key!$C$2:$D$4,2,FALSE)+VLOOKUP(G472,Key!$C$6:$D$8,2,FALSE)+VLOOKUP('READMIT Patient Registry'!H472,Key!$C$10:$D$12,2,FALSE)+VLOOKUP('READMIT Patient Registry'!I472,Key!$E$2:$F$11,2,FALSE)+VLOOKUP('READMIT Patient Registry'!J472,Key!$G$2:$H$6,2,FALSE)+VLOOKUP('READMIT Patient Registry'!K472,Key!$G$8:$H$10,2,FALSE)+VLOOKUP('READMIT Patient Registry'!L472,Key!$G$12:$H$14,2,FALSE)+VLOOKUP('READMIT Patient Registry'!M472,Key!$I$2:$J$5,2,FALSE)+VLOOKUP('READMIT Patient Registry'!N472,Key!$K$2:$L$4,2,FALSE)+VLOOKUP('READMIT Patient Registry'!O472,Key!$K$6:$L$8,2,FALSE)+VLOOKUP('READMIT Patient Registry'!P472,Key!$M$2:$N$5,2,FALSE),\"\")","v":""},{"$f":"IFERROR(VLOOKUP(Q472,Key!$A$17:$B$20,2,TRUE),\"\")","v":""}]
[null,null,null,null,null,null,null,null,null,null,null,null,null,null,null,null,{"$f":"IFERROR(VLOOKUP(E473,Key!$A$2:$B$6,2,FALSE)+VLOOKUP(F473,Key!$C$2:$D$4,2,FALSE)+VLOOKUP(G473,Key!$C$6:$D$8,2,FALSE)+VLOOKUP('READMIT Patient Registry'!H473,Key!$C$10:$D$12,2,FALSE)+VLOOKUP('READMIT Patient Registry'!I473,Key!$E$2:$F$11,2,FALSE)+VLOOKUP('READMIT Patient Registry'!J473,Key!$G$2:$H$6,2,FALSE)+VLOOKUP('READMIT Patient Registry'!K473,Key!$G$8:$H$10,2,FALSE)+VLOOKUP('READMIT Patient Registry'!L473,Key!$G$12:$H$14,2,FALSE)+VLOOKUP('READMIT Patient Registry'!M473,Key!$I$2:$J$5,2,FALSE)+VLOOKUP('READMIT Patient Registry'!N473,Key!$K$2:$L$4,2,FALSE)+VLOOKUP('READMIT Patient Registry'!O473,Key!$K$6:$L$8,2,FALSE)+VLOOKUP('READMIT Patient Registry'!P473,Key!$M$2:$N$5,2,FALSE),\"\")","v":""},{"$f":"IFERROR(VLOOKUP(Q473,Key!$A$17:$B$20,2,TRUE),\"\")","v":""}]
[null,null,null,null,null,null,null,null,null,null,null,null,null,null,null,null,{"$f":"IFERROR(VLOOKUP(E474,Key!$A$2:$B$6,2,FALSE)+VLOOKUP(F474,Key!$C$2:$D$4,2,FALSE)+VLOOKUP(G474,Key!$C$6:$D$8,2,FALSE)+VLOOKUP('READMIT Patient Registry'!H474,Key!$C$10:$D$12,2,FALSE)+VLOOKUP('READMIT Patient Registry'!I474,Key!$E$2:$F$11,2,FALSE)+VLOOKUP('READMIT Patient Registry'!J474,Key!$G$2:$H$6,2,FALSE)+VLOOKUP('READMIT Patient Registry'!K474,Key!$G$8:$H$10,2,FALSE)+VLOOKUP('READMIT Patient Registry'!L474,Key!$G$12:$H$14,2,FALSE)+VLOOKUP('READMIT Patient Registry'!M474,Key!$I$2:$J$5,2,FALSE)+VLOOKUP('READMIT Patient Registry'!N474,Key!$K$2:$L$4,2,FALSE)+VLOOKUP('READMIT Patient Registry'!O474,Key!$K$6:$L$8,2,FALSE)+VLOOKUP('READMIT Patient Registry'!P474,Key!$M$2:$N$5,2,FALSE),\"\")","v":""},{"$f":"IFERROR(VLOOKUP(Q474,Key!$A$17:$B$20,2,TRUE),\"\")","v":""}]
[null,null,null,null,null,null,null,null,null,null,null,null,null,null,null,null,{"$f":"IFERROR(VLOOKUP(E475,Key!$A$2:$B$6,2,FALSE)+VLOOKUP(F475,Key!$C$2:$D$4,2,FALSE)+VLOOKUP(G475,Key!$C$6:$D$8,2,FALSE)+VLOOKUP('READMIT Patient Registry'!H475,Key!$C$10:$D$12,2,FALSE)+VLOOKUP('READMIT Patient Registry'!I475,Key!$E$2:$F$11,2,FALSE)+VLOOKUP('READMIT Patient Registry'!J475,Key!$G$2:$H$6,2,FALSE)+VLOOKUP('READMIT Patient Registry'!K475,Key!$G$8:$H$10,2,FALSE)+VLOOKUP('READMIT Patient Registry'!L475,Key!$G$12:$H$14,2,FALSE)+VLOOKUP('READMIT Patient Registry'!M475,Key!$I$2:$J$5,2,FALSE)+VLOOKUP('READMIT Patient Registry'!N475,Key!$K$2:$L$4,2,FALSE)+VLOOKUP('READMIT Patient Registry'!O475,Key!$K$6:$L$8,2,FALSE)+VLOOKUP('READMIT Patient Registry'!P475,Key!$M$2:$N$5,2,FALSE),\"\")","v":""},{"$f":"IFERROR(VLOOKUP(Q475,Key!$A$17:$B$20,2,TRUE),\"\")","v":""}]
[null,null,null,null,null,null,null,null,null,null,null,null,null,null,null,null,{"$f":"IFERROR(VLOOKUP(E476,Key!$A$2:$B$6,2,FALSE)+VLOOKUP(F476,Key!$C$2:$D$4,2,FALSE)+VLOOKUP(G476,Key!$C$6:$D$8,2,FALSE)+VLOOKUP('READMIT Patient Registry'!H476,Key!$C$10:$D$12,2,FALSE)+VLOOKUP('READMIT Patient Registry'!I476,Key!$E$2:$F$11,2,FALSE)+VLOOKUP('READMIT Patient Registry'!J476,Key!$G$2:$H$6,2,FALSE)+VLOOKUP('READMIT Patient Registry'!K476,Key!$G$8:$H$10,2,FALSE)+VLOOKUP('READMIT Patient Registry'!L476,Key!$G$12:$H$14,2,FALSE)+VLOOKUP('READMIT Patient Registry'!M476,Key!$I$2:$J$5,2,FALSE)+VLOOKUP('READMIT Patient Registry'!N476,Key!$K$2:$L$4,2,FALSE)+VLOOKUP('READMIT Patient Registry'!O476,Key!$K$6:$L$8,2,FALSE)+VLOOKUP('READMIT Patient Registry'!P476,Key!$M$2:$N$5,2,FALSE),\"\")","v":""},{"$f":"IFERROR(VLOOKUP(Q476,Key!$A$17:$B$20,2,TRUE),\"\")","v":""}]
[null,null,null,null,null,null,null,null,null,null,null,null,null,null,null,null,{"$f":"IFERROR(VLOOKUP(E477,Key!$A$2:$B$6,2,FALSE)+VLOOKUP(F477,Key!$C$2:$D$4,2,FALSE)+VLOOKUP(G477,Key!$C$6:$D$8,2,FALSE)+VLOOKUP('READMIT Patient Registry'!H477,Key!$C$10:$D$12,2,FALSE)+VLOOKUP('READMIT Patient Registry'!I477,Key!$E$2:$F$11,2,FALSE)+VLOOKUP('READMIT Patient Registry'!J477,Key!$G$2:$H$6,2,FALSE)+VLOOKUP('READMIT Patient Registry'!K477,Key!$G$8:$H$10,2,FALSE)+VLOOKUP('READMIT Patient Registry'!L477,Key!$G$12:$H$14,2,FALSE)+VLOOKUP('READMIT Patient Registry'!M477,Key!$I$2:$J$5,2,FALSE)+VLOOKUP('READMIT Patient Registry'!N477,Key!$K$2:$L$4,2,FALSE)+VLOOKUP('READMIT Patient Registry'!O477,Key!$K$6:$L$8,2,FALSE)+VLOOKUP('READMIT Patient Registry'!P477,Key!$M$2:$N$5,2,FALSE),\"\")","v":""},{"$f":"IFERROR(VLOOKUP(Q477,Key!$A$17:$B$20,2,TRUE),\"\")","v":""}]
[null,null,null,null,null,null,null,null,null,null,null,null,null,null,null,null,{"$f":"IFERROR(VLOOKUP(E478,Key!$A$2:$B$6,2,FALSE)+VLOOKUP(F478,Key!$C$2:$D$4,2,FALSE)+VLOOKUP(G478,Key!$C$6:$D$8,2,FALSE)+VLOOKUP('READMIT Patient Registry'!H478,Key!$C$10:$D$12,2,FALSE)+VLOOKUP('READMIT Patient Registry'!I478,Key!$E$2:$F$11,2,FALSE)+VLOOKUP('READMIT Patient Registry'!J478,Key!$G$2:$H$6,2,FALSE)+VLOOKUP('READMIT Patient Registry'!K478,Key!$G$8:$H$10,2,FALSE)+VLOOKUP('READMIT Patient Registry'!L478,Key!$G$12:$H$14,2,FALSE)+VLOOKUP('READMIT Patient Registry'!M478,Key!$I$2:$J$5,2,FALSE)+VLOOKUP('READMIT Patient Registry'!N478,Key!$K$2:$L$4,2,FALSE)+VLOOKUP('READMIT Patient Registry'!O478,Key!$K$6:$L$8,2,FALSE)+VLOOKUP('READMIT Patient Registry'!P478,Key!$M$2:$N$5,2,FALSE),\"\")","v":""},{"$f":"IFERROR(VLOOKUP(Q478,Key!$A$17:$B$20,2,TRUE),\"\")","v":""}]
[null,null,null,null,null,null,null,null,null,null,null,null,null,null,null,null,{"$f":"IFERROR(VLOOKUP(E479,Key!$A$2:$B$6,2,FALSE)+VLOOKUP(F479,Key!$C$2:$D$4,2,FALSE)+VLOOKUP(G479,Key!$C$6:$D$8,2,FALSE)+VLOOKUP('READMIT Patient Registry'!H479,Key!$C$10:$D$12,2,FALSE)+VLOOKUP('READMIT Patient Registry'!I479,Key!$E$2:$F$11,2,FALSE)+VLOOKUP('READMIT Patient Registry'!J479,Key!$G$2:$H$6,2,FALSE)+VLOOKUP('READMIT Patient Registry'!K479,Key!$G$8:$H$10,2,FALSE)+VLOOKUP('READMIT Patient Registry'!L479,Key!$G$12:$H$14,2,FALSE)+VLOOKUP('READMIT Patient Registry'!M479,Key!$I$2:$J$5,2,FALSE)+VLOOKUP('READMIT Patient Registry'!N479,Key!$K$2:$L$4,2,FALSE)+VLOOKUP('READMIT Patient Registry'!O479,Key!$K$6:$L$8,2,FALSE)+VLOOKUP('READMIT Patient Registry'!P479,Key!$M$2:$N$5,2,FALSE),\"\")","v":""},{"$f":"IFERROR(VLOOKUP(Q479,Key!$A$17:$B$20,2,TRUE),\"\")","v":""}]
[null,null,null,null,null,null,null,null,null,null,null,null,null,null,null,null,{"$f":"IFERROR(VLOOKUP(E480,Key!$A$2:$B$6,2,FALSE)+VLOOKUP(F480,Key!$C$2:$D$4,2,FALSE)+VLOOKUP(G480,Key!$C$6:$D$8,2,FALSE)+VLOOKUP('READMIT Patient Registry'!H480,Key!$C$10:$D$12,2,FALSE)+VLOOKUP('READMIT Patient Registry'!I480,Key!$E$2:$F$11,2,FALSE)+VLOOKUP('READMIT Patient Registry'!J480,Key!$G$2:$H$6,2,FALSE)+VLOOKUP('READMIT Patient Registry'!K480,Key!$G$8:$H$10,2,FALSE)+VLOOKUP('READMIT Patient Registry'!L480,Key!$G$12:$H$14,2,FALSE)+VLOOKUP('READMIT Patient Registry'!M480,Key!$I$2:$J$5,2,FALSE)+VLOOKUP('READMIT Patient Registry'!N480,Key!$K$2:$L$4,2,FALSE)+VLOOKUP('READMIT Patient Registry'!O480,Key!$K$6:$L$8,2,FALSE)+VLOOKUP('READMIT Patient Registry'!P480,Key!$M$2:$N$5,2,FALSE),\"\")","v":""},{"$f":"IFERROR(VLOOKUP(Q480,Key!$A$17:$B$20,2,TRUE),\"\")","v":""}]
[null,null,null,null,null,null,null,null,null,null,null,null,null,null,null,null,{"$f":"IFERROR(VLOOKUP(E481,Key!$A$2:$B$6,2,FALSE)+VLOOKUP(F481,Key!$C$2:$D$4,2,FALSE)+VLOOKUP(G481,Key!$C$6:$D$8,2,FALSE)+VLOOKUP('READMIT Patient Registry'!H481,Key!$C$10:$D$12,2,FALSE)+VLOOKUP('READMIT Patient Registry'!I481,Key!$E$2:$F$11,2,FALSE)+VLOOKUP('READMIT Patient Registry'!J481,Key!$G$2:$H$6,2,FALSE)+VLOOKUP('READMIT Patient Registry'!K481,Key!$G$8:$H$10,2,FALSE)+VLOOKUP('READMIT Patient Registry'!L481,Key!$G$12:$H$14,2,FALSE)+VLOOKUP('READMIT Patient Registry'!M481,Key!$I$2:$J$5,2,FALSE)+VLOOKUP('READMIT Patient Registry'!N481,Key!$K$2:$L$4,2,FALSE)+VLOOKUP('READMIT Patient Registry'!O481,Key!$K$6:$L$8,2,FALSE)+VLOOKUP('READMIT Patient Registry'!P481,Key!$M$2:$N$5,2,FALSE),\"\")","v":""},{"$f":"IFERROR(VLOOKUP(Q481,Key!$A$17:$B$20,2,TRUE),\"\")","v":""}]
[null,null,null,null,null,null,null,null,null,null,null,null,null,null,null,null,{"$f":"IFERROR(VLOOKUP(E482,Key!$A$2:$B$6,2,FALSE)+VLOOKUP(F482,Key!$C$2:$D$4,2,FALSE)+VLOOKUP(G482,Key!$C$6:$D$8,2,FALSE)+VLOOKUP('READMIT Patient Registry'!H482,Key!$C$10:$D$12,2,FALSE)+VLOOKUP('READMIT Patient Registry'!I482,Key!$E$2:$F$11,2,FALSE)+VLOOKUP('READMIT Patient Registry'!J482,Key!$G$2:$H$6,2,FALSE)+VLOOKUP('READMIT Patient Registry'!K482,Key!$G$8:$H$10,2,FALSE)+VLOOKUP('READMIT Patient Registry'!L482,Key!$G$12:$H$14,2,FALSE)+VLOOKUP('READMIT Patient Registry'!M482,Key!$I$2:$J$5,2,FALSE)+VLOOKUP('READMIT Patient Registry'!N482,Key!$K$2:$L$4,2,FALSE)+VLOOKUP('READMIT Patient Registry'!O482,Key!$K$6:$L$8,2,FALSE)+VLOOKUP('READMIT Patient Registry'!P482,Key!$M$2:$N$5,2,FALSE),\"\")","v":""},{"$f":"IFERROR(VLOOKUP(Q482,Key!$A$17:$B$20,2,TRUE),\"\")","v":""}]
[null,null,null,null,null,null,null,null,null,null,null,null,null,null,null,null,{"$f":"IFERROR(VLOOKUP(E483,Key!$A$2:$B$6,2,FALSE)+VLOOKUP(F483,Key!$C$2:$D$4,2,FALSE)+VLOOKUP(G483,Key!$C$6:$D$8,2,FALSE)+VLOOKUP('READMIT Patient Registry'!H483,Key!$C$10:$D$12,2,FALSE)+VLOOKUP('READMIT Patient Registry'!I483,Key!$E$2:$F$11,2,FALSE)+VLOOKUP('READMIT Patient Registry'!J483,Key!$G$2:$H$6,2,FALSE)+VLOOKUP('READMIT Patient Registry'!K483,Key!$G$8:$H$10,2,FALSE)+VLOOKUP('READMIT Patient Registry'!L483,Key!$G$12:$H$14,2,FALSE)+VLOOKUP('READMIT Patient Registry'!M483,Key!$I$2:$J$5,2,FALSE)+VLOOKUP('READMIT Patient Registry'!N483,Key!$K$2:$L$4,2,FALSE)+VLOOKUP('READMIT Patient Registry'!O483,Key!$K$6:$L$8,2,FALSE)+VLOOKUP('READMIT Patient Registry'!P483,Key!$M$2:$N$5,2,FALSE),\"\")","v":""},{"$f":"IFERROR(VLOOKUP(Q483,Key!$A$17:$B$20,2,TRUE),\"\")","v":""}]
[null,null,null,null,null,null,null,null,null,null,null,null,null,null,null,null,{"$f":"IFERROR(VLOOKUP(E484,Key!$A$2:$B$6,2,FALSE)+VLOOKUP(F484,Key!$C$2:$D$4,2,FALSE)+VLOOKUP(G484,Key!$C$6:$D$8,2,FALSE)+VLOOKUP('READMIT Patient Registry'!H484,Key!$C$10:$D$12,2,FALSE)+VLOOKUP('READMIT Patient Registry'!I484,Key!$E$2:$F$11,2,FALSE)+VLOOKUP('READMIT Patient Registry'!J484,Key!$G$2:$H$6,2,FALSE)+VLOOKUP('READMIT Patient Registry'!K484,Key!$G$8:$H$10,2,FALSE)+VLOOKUP('READMIT Patient Registry'!L484,Key!$G$12:$H$14,2,FALSE)+VLOOKUP('READMIT Patient Registry'!M484,Key!$I$2:$J$5,2,FALSE)+VLOOKUP('READMIT Patient Registry'!N484,Key!$K$2:$L$4,2,FALSE)+VLOOKUP('READMIT Patient Registry'!O484,Key!$K$6:$L$8,2,FALSE)+VLOOKUP('READMIT Patient Registry'!P484,Key!$M$2:$N$5,2,FALSE),\"\")","v":""},{"$f":"IFERROR(VLOOKUP(Q484,Key!$A$17:$B$20,2,TRUE),\"\")","v":""}]
[null,null,null,null,null,null,null,null,null,null,null,null,null,null,null,null,{"$f":"IFERROR(VLOOKUP(E485,Key!$A$2:$B$6,2,FALSE)+VLOOKUP(F485,Key!$C$2:$D$4,2,FALSE)+VLOOKUP(G485,Key!$C$6:$D$8,2,FALSE)+VLOOKUP('READMIT Patient Registry'!H485,Key!$C$10:$D$12,2,FALSE)+VLOOKUP('READMIT Patient Registry'!I485,Key!$E$2:$F$11,2,FALSE)+VLOOKUP('READMIT Patient Registry'!J485,Key!$G$2:$H$6,2,FALSE)+VLOOKUP('READMIT Patient Registry'!K485,Key!$G$8:$H$10,2,FALSE)+VLOOKUP('READMIT Patient Registry'!L485,Key!$G$12:$H$14,2,FALSE)+VLOOKUP('READMIT Patient Registry'!M485,Key!$I$2:$J$5,2,FALSE)+VLOOKUP('READMIT Patient Registry'!N485,Key!$K$2:$L$4,2,FALSE)+VLOOKUP('READMIT Patient Registry'!O485,Key!$K$6:$L$8,2,FALSE)+VLOOKUP('READMIT Patient Registry'!P485,Key!$M$2:$N$5,2,FALSE),\"\")","v":""},{"$f":"IFERROR(VLOOKUP(Q485,Key!$A$17:$B$20,2,TRUE),\"\")","v":""}]
[null,null,null,null,null,null,null,null,null,null,null,null,null,null,null,null,{"$f":"IFERROR(VLOOKUP(E486,Key!$A$2:$B$6,2,FALSE)+VLOOKUP(F486,Key!$C$2:$D$4,2,FALSE)+VLOOKUP(G486,Key!$C$6:$D$8,2,FALSE)+VLOOKUP('READMIT Patient Registry'!H486,Key!$C$10:$D$12,2,FALSE)+VLOOKUP('READMIT Patient Registry'!I486,Key!$E$2:$F$11,2,FALSE)+VLOOKUP('READMIT Patient Registry'!J486,Key!$G$2:$H$6,2,FALSE)+VLOOKUP('READMIT Patient Registry'!K486,Key!$G$8:$H$10,2,FALSE)+VLOOKUP('READMIT Patient Registry'!L486,Key!$G$12:$H$14,2,FALSE)+VLOOKUP('READMIT Patient Registry'!M486,Key!$I$2:$J$5,2,FALSE)+VLOOKUP('READMIT Patient Registry'!N486,Key!$K$2:$L$4,2,FALSE)+VLOOKUP('READMIT Patient Registry'!O486,Key!$K$6:$L$8,2,FALSE)+VLOOKUP('READMIT Patient Registry'!P486,Key!$M$2:$N$5,2,FALSE),\"\")","v":""},{"$f":"IFERROR(VLOOKUP(Q486,Key!$A$17:$B$20,2,TRUE),\"\")","v":""}]
[null,null,null,null,null,null,null,null,null,null,null,null,null,null,null,null,{"$f":"IFERROR(VLOOKUP(E487,Key!$A$2:$B$6,2,FALSE)+VLOOKUP(F487,Key!$C$2:$D$4,2,FALSE)+VLOOKUP(G487,Key!$C$6:$D$8,2,FALSE)+VLOOKUP('READMIT Patient Registry'!H487,Key!$C$10:$D$12,2,FALSE)+VLOOKUP('READMIT Patient Registry'!I487,Key!$E$2:$F$11,2,FALSE)+VLOOKUP('READMIT Patient Registry'!J487,Key!$G$2:$H$6,2,FALSE)+VLOOKUP('READMIT Patient Registry'!K487,Key!$G$8:$H$10,2,FALSE)+VLOOKUP('READMIT Patient Registry'!L487,Key!$G$12:$H$14,2,FALSE)+VLOOKUP('READMIT Patient Registry'!M487,Key!$I$2:$J$5,2,FALSE)+VLOOKUP('READMIT Patient Registry'!N487,Key!$K$2:$L$4,2,FALSE)+VLOOKUP('READMIT Patient Registry'!O487,Key!$K$6:$L$8,2,FALSE)+VLOOKUP('READMIT Patient Registry'!P487,Key!$M$2:$N$5,2,FALSE),\"\")","v":""},{"$f":"IFERROR(VLOOKUP(Q487,Key!$A$17:$B$20,2,TRUE),\"\")","v":""}]
[null,null,null,null,null,null,null,null,null,null,null,null,null,null,null,null,{"$f":"IFERROR(VLOOKUP(E488,Key!$A$2:$B$6,2,FALSE)+VLOOKUP(F488,Key!$C$2:$D$4,2,FALSE)+VLOOKUP(G488,Key!$C$6:$D$8,2,FALSE)+VLOOKUP('READMIT Patient Registry'!H488,Key!$C$10:$D$12,2,FALSE)+VLOOKUP('READMIT Patient Registry'!I488,Key!$E$2:$F$11,2,FALSE)+VLOOKUP('READMIT Patient Registry'!J488,Key!$G$2:$H$6,2,FALSE)+VLOOKUP('READMIT Patient Registry'!K488,Key!$G$8:$H$10,2,FALSE)+VLOOKUP('READMIT Patient Registry'!L488,Key!$G$12:$H$14,2,FALSE)+VLOOKUP('READMIT Patient Registry'!M488,Key!$I$2:$J$5,2,FALSE)+VLOOKUP('READMIT Patient Registry'!N488,Key!$K$2:$L$4,2,FALSE)+VLOOKUP('READMIT Patient Registry'!O488,Key!$K$6:$L$8,2,FALSE)+VLOOKUP('READMIT Patient Registry'!P488,Key!$M$2:$N$5,2,FALSE),\"\")","v":""},{"$f":"IFERROR(VLOOKUP(Q488,Key!$A$17:$B$20,2,TRUE),\"\")","v":""}]
[null,null,null,null,null,null,null,null,null,null,null,null,null,null,null,null,{"$f":"IFERROR(VLOOKUP(E489,Key!$A$2:$B$6,2,FALSE)+VLOOKUP(F489,Key!$C$2:$D$4,2,FALSE)+VLOOKUP(G489,Key!$C$6:$D$8,2,FALSE)+VLOOKUP('READMIT Patient Registry'!H489,Key!$C$10:$D$12,2,FALSE)+VLOOKUP('READMIT Patient Registry'!I489,Key!$E$2:$F$11,2,FALSE)+VLOOKUP('READMIT Patient Registry'!J489,Key!$G$2:$H$6,2,FALSE)+VLOOKUP('READMIT Patient Registry'!K489,Key!$G$8:$H$10,2,FALSE)+VLOOKUP('READMIT Patient Registry'!L489,Key!$G$12:$H$14,2,FALSE)+VLOOKUP('READMIT Patient Registry'!M489,Key!$I$2:$J$5,2,FALSE)+VLOOKUP('READMIT Patient Registry'!N489,Key!$K$2:$L$4,2,FALSE)+VLOOKUP('READMIT Patient Registry'!O489,Key!$K$6:$L$8,2,FALSE)+VLOOKUP('READMIT Patient Registry'!P489,Key!$M$2:$N$5,2,FALSE),\"\")","v":""},{"$f":"IFERROR(VLOOKUP(Q489,Key!$A$17:$B$20,2,TRUE),\"\")","v":""}]
[null,null,null,null,null,null,null,null,null,null,null,null,null,null,null,null,{"$f":"IFERROR(VLOOKUP(E490,Key!$A$2:$B$6,2,FALSE)+VLOOKUP(F490,Key!$C$2:$D$4,2,FALSE)+VLOOKUP(G490,Key!$C$6:$D$8,2,FALSE)+VLOOKUP('READMIT Patient Registry'!H490,Key!$C$10:$D$12,2,FALSE)+VLOOKUP('READMIT Patient Registry'!I490,Key!$E$2:$F$11,2,FALSE)+VLOOKUP('READMIT Patient Registry'!J490,Key!$G$2:$H$6,2,FALSE)+VLOOKUP('READMIT Patient Registry'!K490,Key!$G$8:$H$10,2,FALSE)+VLOOKUP('READMIT Patient Registry'!L490,Key!$G$12:$H$14,2,FALSE)+VLOOKUP('READMIT Patient Registry'!M490,Key!$I$2:$J$5,2,FALSE)+VLOOKUP('READMIT Patient Registry'!N490,Key!$K$2:$L$4,2,FALSE)+VLOOKUP('READMIT Patient Registry'!O490,Key!$K$6:$L$8,2,FALSE)+VLOOKUP('READMIT Patient Registry'!P490,Key!$M$2:$N$5,2,FALSE),\"\")","v":""},{"$f":"IFERROR(VLOOKUP(Q490,Key!$A$17:$B$20,2,TRUE),\"\")","v":""}]
[null,null,null,null,null,null,null,null,null,null,null,null,null,null,null,null,{"$f":"IFERROR(VLOOKUP(E491,Key!$A$2:$B$6,2,FALSE)+VLOOKUP(F491,Key!$C$2:$D$4,2,FALSE)+VLOOKUP(G491,Key!$C$6:$D$8,2,FALSE)+VLOOKUP('READMIT Patient Registry'!H491,Key!$C$10:$D$12,2,FALSE)+VLOOKUP('READMIT Patient Registry'!I491,Key!$E$2:$F$11,2,FALSE)+VLOOKUP('READMIT Patient Registry'!J491,Key!$G$2:$H$6,2,FALSE)+VLOOKUP('READMIT Patient Registry'!K491,Key!$G$8:$H$10,2,FALSE)+VLOOKUP('READMIT Patient Registry'!L491,Key!$G$12:$H$14,2,FALSE)+VLOOKUP('READMIT Patient Registry'!M491,Key!$I$2:$J$5,2,FALSE)+VLOOKUP('READMIT Patient Registry'!N491,Key!$K$2:$L$4,2,FALSE)+VLOOKUP('READMIT Patient Registry'!O491,Key!$K$6:$L$8,2,FALSE)+VLOOKUP('READMIT Patient Registry'!P491,Key!$M$2:$N$5,2,FALSE),\"\")","v":""},{"$f":"IFERROR(VLOOKUP(Q491,Key!$A$17:$B$20,2,TRUE),\"\")","v":""}]
[null,null,null,null,null,null,null,null,null,null,null,null,null,null,null,null,{"$f":"IFERROR(VLOOKUP(E492,Key!$A$2:$B$6,2,FALSE)+VLOOKUP(F492,Key!$C$2:$D$4,2,FALSE)+VLOOKUP(G492,Key!$C$6:$D$8,2,FALSE)+VLOOKUP('READMIT Patient Registry'!H492,Key!$C$10:$D$12,2,FALSE)+VLOOKUP('READMIT Patient Registry'!I492,Key!$E$2:$F$11,2,FALSE)+VLOOKUP('READMIT Patient Registry'!J492,Key!$G$2:$H$6,2,FALSE)+VLOOKUP('READMIT Patient Registry'!K492,Key!$G$8:$H$10,2,FALSE)+VLOOKUP('READMIT Patient Registry'!L492,Key!$G$12:$H$14,2,FALSE)+VLOOKUP('READMIT Patient Registry'!M492,Key!$I$2:$J$5,2,FALSE)+VLOOKUP('READMIT Patient Registry'!N492,Key!$K$2:$L$4,2,FALSE)+VLOOKUP('READMIT Patient Registry'!O492,Key!$K$6:$L$8,2,FALSE)+VLOOKUP('READMIT Patient Registry'!P492,Key!$M$2:$N$5,2,FALSE),\"\")","v":""},{"$f":"IFERROR(VLOOKUP(Q492,Key!$A$17:$B$20,2,TRUE),\"\")","v":""}]
[null,null,null,null,null,null,null,null,null,null,null,null,null,null,null,null,{"$f":"IFERROR(VLOOKUP(E493,Key!$A$2:$B$6,2,FALSE)+VLOOKUP(F493,Key!$C$2:$D$4,2,FALSE)+VLOOKUP(G493,Key!$C$6:$D$8,2,FALSE)+VLOOKUP('READMIT Patient Registry'!H493,Key!$C$10:$D$12,2,FALSE)+VLOOKUP('READMIT Patient Registry'!I493,Key!$E$2:$F$11,2,FALSE)+VLOOKUP('READMIT Patient Registry'!J493,Key!$G$2:$H$6,2,FALSE)+VLOOKUP('READMIT Patient Registry'!K493,Key!$G$8:$H$10,2,FALSE)+VLOOKUP('READMIT Patient Registry'!L493,Key!$G$12:$H$14,2,FALSE)+VLOOKUP('READMIT Patient Registry'!M493,Key!$I$2:$J$5,2,FALSE)+VLOOKUP('READMIT Patient Registry'!N493,Key!$K$2:$L$4,2,FALSE)+VLOOKUP('READMIT Patient Registry'!O493,Key!$K$6:$L$8,2,FALSE)+VLOOKUP('READMIT Patient Registry'!P493,Key!$M$2:$N$5,2,FALSE),\"\")","v":""},{"$f":"IFERROR(VLOOKUP(Q493,Key!$A$17:$B$20,2,TRUE),\"\")","v":""}]
[null,null,null,null,null,null,null,null,null,null,null,null,null,null,null,null,{"$f":"IFERROR(VLOOKUP(E494,Key!$A$2:$B$6,2,FALSE)+VLOOKUP(F494,Key!$C$2:$D$4,2,FALSE)+VLOOKUP(G494,Key!$C$6:$D$8,2,FALSE)+VLOOKUP('READMIT Patient Registry'!H494,Key!$C$10:$D$12,2,FALSE)+VLOOKUP('READMIT Patient Registry'!I494,Key!$E$2:$F$11,2,FALSE)+VLOOKUP('READMIT Patient Registry'!J494,Key!$G$2:$H$6,2,FALSE)+VLOOKUP('READMIT Patient Registry'!K494,Key!$G$8:$H$10,2,FALSE)+VLOOKUP('READMIT Patient Registry'!L494,Key!$G$12:$H$14,2,FALSE)+VLOOKUP('READMIT Patient Registry'!M494,Key!$I$2:$J$5,2,FALSE)+VLOOKUP('READMIT Patient Registry'!N494,Key!$K$2:$L$4,2,FALSE)+VLOOKUP('READMIT Patient Registry'!O494,Key!$K$6:$L$8,2,FALSE)+VLOOKUP('READMIT Patient Registry'!P494,Key!$M$2:$N$5,2,FALSE),\"\")","v":""},{"$f":"IFERROR(VLOOKUP(Q494,Key!$A$17:$B$20,2,TRUE),\"\")","v":""}]
[null,null,null,null,null,null,null,null,null,null,null,null,null,null,null,null,{"$f":"IFERROR(VLOOKUP(E495,Key!$A$2:$B$6,2,FALSE)+VLOOKUP(F495,Key!$C$2:$D$4,2,FALSE)+VLOOKUP(G495,Key!$C$6:$D$8,2,FALSE)+VLOOKUP('READMIT Patient Registry'!H495,Key!$C$10:$D$12,2,FALSE)+VLOOKUP('READMIT Patient Registry'!I495,Key!$E$2:$F$11,2,FALSE)+VLOOKUP('READMIT Patient Registry'!J495,Key!$G$2:$H$6,2,FALSE)+VLOOKUP('READMIT Patient Registry'!K495,Key!$G$8:$H$10,2,FALSE)+VLOOKUP('READMIT Patient Registry'!L495,Key!$G$12:$H$14,2,FALSE)+VLOOKUP('READMIT Patient Registry'!M495,Key!$I$2:$J$5,2,FALSE)+VLOOKUP('READMIT Patient Registry'!N495,Key!$K$2:$L$4,2,FALSE)+VLOOKUP('READMIT Patient Registry'!O495,Key!$K$6:$L$8,2,FALSE)+VLOOKUP('READMIT Patient Registry'!P495,Key!$M$2:$N$5,2,FALSE),\"\")","v":""},{"$f":"IFERROR(VLOOKUP(Q495,Key!$A$17:$B$20,2,TRUE),\"\")","v":""}]
[null,null,null,null,null,null,null,null,null,null,null,null,null,null,null,null,{"$f":"IFERROR(VLOOKUP(E496,Key!$A$2:$B$6,2,FALSE)+VLOOKUP(F496,Key!$C$2:$D$4,2,FALSE)+VLOOKUP(G496,Key!$C$6:$D$8,2,FALSE)+VLOOKUP('READMIT Patient Registry'!H496,Key!$C$10:$D$12,2,FALSE)+VLOOKUP('READMIT Patient Registry'!I496,Key!$E$2:$F$11,2,FALSE)+VLOOKUP('READMIT Patient Registry'!J496,Key!$G$2:$H$6,2,FALSE)+VLOOKUP('READMIT Patient Registry'!K496,Key!$G$8:$H$10,2,FALSE)+VLOOKUP('READMIT Patient Registry'!L496,Key!$G$12:$H$14,2,FALSE)+VLOOKUP('READMIT Patient Registry'!M496,Key!$I$2:$J$5,2,FALSE)+VLOOKUP('READMIT Patient Registry'!N496,Key!$K$2:$L$4,2,FALSE)+VLOOKUP('READMIT Patient Registry'!O496,Key!$K$6:$L$8,2,FALSE)+VLOOKUP('READMIT Patient Registry'!P496,Key!$M$2:$N$5,2,FALSE),\"\")","v":""},{"$f":"IFERROR(VLOOKUP(Q496,Key!$A$17:$B$20,2,TRUE),\"\")","v":""}]
[null,null,null,null,null,null,null,null,null,null,null,null,null,null,null,null,{"$f":"IFERROR(VLOOKUP(E497,Key!$A$2:$B$6,2,FALSE)+VLOOKUP(F497,Key!$C$2:$D$4,2,FALSE)+VLOOKUP(G497,Key!$C$6:$D$8,2,FALSE)+VLOOKUP('READMIT Patient Registry'!H497,Key!$C$10:$D$12,2,FALSE)+VLOOKUP('READMIT Patient Registry'!I497,Key!$E$2:$F$11,2,FALSE)+VLOOKUP('READMIT Patient Registry'!J497,Key!$G$2:$H$6,2,FALSE)+VLOOKUP('READMIT Patient Registry'!K497,Key!$G$8:$H$10,2,FALSE)+VLOOKUP('READMIT Patient Registry'!L497,Key!$G$12:$H$14,2,FALSE)+VLOOKUP('READMIT Patient Registry'!M497,Key!$I$2:$J$5,2,FALSE)+VLOOKUP('READMIT Patient Registry'!N497,Key!$K$2:$L$4,2,FALSE)+VLOOKUP('READMIT Patient Registry'!O497,Key!$K$6:$L$8,2,FALSE)+VLOOKUP('READMIT Patient Registry'!P497,Key!$M$2:$N$5,2,FALSE),\"\")","v":""},{"$f":"IFERROR(VLOOKUP(Q497,Key!$A$17:$B$20,2,TRUE),\"\")","v":""}]
[null,null,null,null,null,null,null,null,null,null,null,null,null,null,null,null,{"$f":"IFERROR(VLOOKUP(E498,Key!$A$2:$B$6,2,FALSE)+VLOOKUP(F498,Key!$C$2:$D$4,2,FALSE)+VLOOKUP(G498,Key!$C$6:$D$8,2,FALSE)+VLOOKUP('READMIT Patient Registry'!H498,Key!$C$10:$D$12,2,FALSE)+VLOOKUP('READMIT Patient Registry'!I498,Key!$E$2:$F$11,2,FALSE)+VLOOKUP('READMIT Patient Registry'!J498,Key!$G$2:$H$6,2,FALSE)+VLOOKUP('READMIT Patient Registry'!K498,Key!$G$8:$H$10,2,FALSE)+VLOOKUP('READMIT Patient Registry'!L498,Key!$G$12:$H$14,2,FALSE)+VLOOKUP('READMIT Patient Registry'!M498,Key!$I$2:$J$5,2,FALSE)+VLOOKUP('READMIT Patient Registry'!N498,Key!$K$2:$L$4,2,FALSE)+VLOOKUP('READMIT Patient Registry'!O498,Key!$K$6:$L$8,2,FALSE)+VLOOKUP('READMIT Patient Registry'!P498,Key!$M$2:$N$5,2,FALSE),\"\")","v":""},{"$f":"IFERROR(VLOOKUP(Q498,Key!$A$17:$B$20,2,TRUE),\"\")","v":""}]
[null,null,null,null,null,null,null,null,null,null,null,null,null,null,null,null,{"$f":"IFERROR(VLOOKUP(E499,Key!$A$2:$B$6,2,FALSE)+VLOOKUP(F499,Key!$C$2:$D$4,2,FALSE)+VLOOKUP(G499,Key!$C$6:$D$8,2,FALSE)+VLOOKUP('READMIT Patient Registry'!H499,Key!$C$10:$D$12,2,FALSE)+VLOOKUP('READMIT Patient Registry'!I499,Key!$E$2:$F$11,2,FALSE)+VLOOKUP('READMIT Patient Registry'!J499,Key!$G$2:$H$6,2,FALSE)+VLOOKUP('READMIT Patient Registry'!K499,Key!$G$8:$H$10,2,FALSE)+VLOOKUP('READMIT Patient Registry'!L499,Key!$G$12:$H$14,2,FALSE)+VLOOKUP('READMIT Patient Registry'!M499,Key!$I$2:$J$5,2,FALSE)+VLOOKUP('READMIT Patient Registry'!N499,Key!$K$2:$L$4,2,FALSE)+VLOOKUP('READMIT Patient Registry'!O499,Key!$K$6:$L$8,2,FALSE)+VLOOKUP('READMIT Patient Registry'!P499,Key!$M$2:$N$5,2,FALSE),\"\")","v":""},{"$f":"IFERROR(VLOOKUP(Q499,Key!$A$17:$B$20,2,TRUE),\"\")","v":""}]
[null,null,null,null,null,null,null,null,null,null,null,null,null,null,null,null,{"$f":"IFERROR(VLOOKUP(E500,Key!$A$2:$B$6,2,FALSE)+VLOOKUP(F500,Key!$C$2:$D$4,2,FALSE)+VLOOKUP(G500,Key!$C$6:$D$8,2,FALSE)+VLOOKUP('READMIT Patient Registry'!H500,Key!$C$10:$D$12,2,FALSE)+VLOOKUP('READMIT Patient Registry'!I500,Key!$E$2:$F$11,2,FALSE)+VLOOKUP('READMIT Patient Registry'!J500,Key!$G$2:$H$6,2,FALSE)+VLOOKUP('READMIT Patient Registry'!K500,Key!$G$8:$H$10,2,FALSE)+VLOOKUP('READMIT Patient Registry'!L500,Key!$G$12:$H$14,2,FALSE)+VLOOKUP('READMIT Patient Registry'!M500,Key!$I$2:$J$5,2,FALSE)+VLOOKUP('READMIT Patient Registry'!N500,Key!$K$2:$L$4,2,FALSE)+VLOOKUP('READMIT Patient Registry'!O500,Key!$K$6:$L$8,2,FALSE)+VLOOKUP('READMIT Patient Registry'!P500,Key!$M$2:$N$5,2,FALSE),\"\")","v":""},{"$f":"IFERROR(VLOOKUP(Q500,Key!$A$17:$B$20,2,TRUE),\"\")","v":""}]
[null,null,null,null,null,null,null,null,null,null,null,null,null,null,null,null,{"$f":"IFERROR(VLOOKUP(E501,Key!$A$2:$B$6,2,FALSE)+VLOOKUP(F501,Key!$C$2:$D$4,2,FALSE)+VLOOKUP(G501,Key!$C$6:$D$8,2,FALSE)+VLOOKUP('READMIT Patient Registry'!H501,Key!$C$10:$D$12,2,FALSE)+VLOOKUP('READMIT Patient Registry'!I501,Key!$E$2:$F$11,2,FALSE)+VLOOKUP('READMIT Patient Registry'!J501,Key!$G$2:$H$6,2,FALSE)+VLOOKUP('READMIT Patient Registry'!K501,Key!$G$8:$H$10,2,FALSE)+VLOOKUP('READMIT Patient Registry'!L501,Key!$G$12:$H$14,2,FALSE)+VLOOKUP('READMIT Patient Registry'!M501,Key!$I$2:$J$5,2,FALSE)+VLOOKUP('READMIT Patient Registry'!N501,Key!$K$2:$L$4,2,FALSE)+VLOOKUP('READMIT Patient Registry'!O501,Key!$K$6:$L$8,2,FALSE)+VLOOKUP('READMIT Patient Registry'!P501,Key!$M$2:$N$5,2,FALSE),\"\")","v":""},{"$f":"IFERROR(VLOOKUP(Q501,Key!$A$17:$B$20,2,TRUE),\"\")","v":""}]
[null,null,null,null,null,null,null,null,null,null,null,null,null,null,null,null,{"$f":"IFERROR(VLOOKUP(E502,Key!$A$2:$B$6,2,FALSE)+VLOOKUP(F502,Key!$C$2:$D$4,2,FALSE)+VLOOKUP(G502,Key!$C$6:$D$8,2,FALSE)+VLOOKUP('READMIT Patient Registry'!H502,Key!$C$10:$D$12,2,FALSE)+VLOOKUP('READMIT Patient Registry'!I502,Key!$E$2:$F$11,2,FALSE)+VLOOKUP('READMIT Patient Registry'!J502,Key!$G$2:$H$6,2,FALSE)+VLOOKUP('READMIT Patient Registry'!K502,Key!$G$8:$H$10,2,FALSE)+VLOOKUP('READMIT Patient Registry'!L502,Key!$G$12:$H$14,2,FALSE)+VLOOKUP('READMIT Patient Registry'!M502,Key!$I$2:$J$5,2,FALSE)+VLOOKUP('READMIT Patient Registry'!N502,Key!$K$2:$L$4,2,FALSE)+VLOOKUP('READMIT Patient Registry'!O502,Key!$K$6:$L$8,2,FALSE)+VLOOKUP('READMIT Patient Registry'!P502,Key!$M$2:$N$5,2,FALSE),\"\")","v":""},{"$f":"IFERROR(VLOOKUP(Q502,Key!$A$17:$B$20,2,TRUE),\"\")","v":""}]
[null,null,null,null,null,null,null,null,null,null,null,null,null,null,null,null,{"$f":"IFERROR(VLOOKUP(E503,Key!$A$2:$B$6,2,FALSE)+VLOOKUP(F503,Key!$C$2:$D$4,2,FALSE)+VLOOKUP(G503,Key!$C$6:$D$8,2,FALSE)+VLOOKUP('READMIT Patient Registry'!H503,Key!$C$10:$D$12,2,FALSE)+VLOOKUP('READMIT Patient Registry'!I503,Key!$E$2:$F$11,2,FALSE)+VLOOKUP('READMIT Patient Registry'!J503,Key!$G$2:$H$6,2,FALSE)+VLOOKUP('READMIT Patient Registry'!K503,Key!$G$8:$H$10,2,FALSE)+VLOOKUP('READMIT Patient Registry'!L503,Key!$G$12:$H$14,2,FALSE)+VLOOKUP('READMIT Patient Registry'!M503,Key!$I$2:$J$5,2,FALSE)+VLOOKUP('READMIT Patient Registry'!N503,Key!$K$2:$L$4,2,FALSE)+VLOOKUP('READMIT Patient Registry'!O503,Key!$K$6:$L$8,2,FALSE)+VLOOKUP('READMIT Patient Registry'!P503,Key!$M$2:$N$5,2,FALSE),\"\")","v":""},{"$f":"IFERROR(VLOOKUP(Q503,Key!$A$17:$B$20,2,TRUE),\"\")","v":""}]
[null,null,null,null,null,null,null,null,null,null,null,null,null,null,null,null,{"$f":"IFERROR(VLOOKUP(E504,Key!$A$2:$B$6,2,FALSE)+VLOOKUP(F504,Key!$C$2:$D$4,2,FALSE)+VLOOKUP(G504,Key!$C$6:$D$8,2,FALSE)+VLOOKUP('READMIT Patient Registry'!H504,Key!$C$10:$D$12,2,FALSE)+VLOOKUP('READMIT Patient Registry'!I504,Key!$E$2:$F$11,2,FALSE)+VLOOKUP('READMIT Patient Registry'!J504,Key!$G$2:$H$6,2,FALSE)+VLOOKUP('READMIT Patient Registry'!K504,Key!$G$8:$H$10,2,FALSE)+VLOOKUP('READMIT Patient Registry'!L504,Key!$G$12:$H$14,2,FALSE)+VLOOKUP('READMIT Patient Registry'!M504,Key!$I$2:$J$5,2,FALSE)+VLOOKUP('READMIT Patient Registry'!N504,Key!$K$2:$L$4,2,FALSE)+VLOOKUP('READMIT Patient Registry'!O504,Key!$K$6:$L$8,2,FALSE)+VLOOKUP('READMIT Patient Registry'!P504,Key!$M$2:$N$5,2,FALSE),\"\")","v":""},{"$f":"IFERROR(VLOOKUP(Q504,Key!$A$17:$B$20,2,TRUE),\"\")","v":""}]
[null,null,null,null,null,null,null,null,null,null,null,null,null,null,null,null,{"$f":"IFERROR(VLOOKUP(E505,Key!$A$2:$B$6,2,FALSE)+VLOOKUP(F505,Key!$C$2:$D$4,2,FALSE)+VLOOKUP(G505,Key!$C$6:$D$8,2,FALSE)+VLOOKUP('READMIT Patient Registry'!H505,Key!$C$10:$D$12,2,FALSE)+VLOOKUP('READMIT Patient Registry'!I505,Key!$E$2:$F$11,2,FALSE)+VLOOKUP('READMIT Patient Registry'!J505,Key!$G$2:$H$6,2,FALSE)+VLOOKUP('READMIT Patient Registry'!K505,Key!$G$8:$H$10,2,FALSE)+VLOOKUP('READMIT Patient Registry'!L505,Key!$G$12:$H$14,2,FALSE)+VLOOKUP('READMIT Patient Registry'!M505,Key!$I$2:$J$5,2,FALSE)+VLOOKUP('READMIT Patient Registry'!N505,Key!$K$2:$L$4,2,FALSE)+VLOOKUP('READMIT Patient Registry'!O505,Key!$K$6:$L$8,2,FALSE)+VLOOKUP('READMIT Patient Registry'!P505,Key!$M$2:$N$5,2,FALSE),\"\")","v":""},{"$f":"IFERROR(VLOOKUP(Q505,Key!$A$17:$B$20,2,TRUE),\"\")","v":""}]
[null,null,null,null,null,null,null,null,null,null,null,null,null,null,null,null,{"$f":"IFERROR(VLOOKUP(E506,Key!$A$2:$B$6,2,FALSE)+VLOOKUP(F506,Key!$C$2:$D$4,2,FALSE)+VLOOKUP(G506,Key!$C$6:$D$8,2,FALSE)+VLOOKUP('READMIT Patient Registry'!H506,Key!$C$10:$D$12,2,FALSE)+VLOOKUP('READMIT Patient Registry'!I506,Key!$E$2:$F$11,2,FALSE)+VLOOKUP('READMIT Patient Registry'!J506,Key!$G$2:$H$6,2,FALSE)+VLOOKUP('READMIT Patient Registry'!K506,Key!$G$8:$H$10,2,FALSE)+VLOOKUP('READMIT Patient Registry'!L506,Key!$G$12:$H$14,2,FALSE)+VLOOKUP('READMIT Patient Registry'!M506,Key!$I$2:$J$5,2,FALSE)+VLOOKUP('READMIT Patient Registry'!N506,Key!$K$2:$L$4,2,FALSE)+VLOOKUP('READMIT Patient Registry'!O506,Key!$K$6:$L$8,2,FALSE)+VLOOKUP('READMIT Patient Registry'!P506,Key!$M$2:$N$5,2,FALSE),\"\")","v":""},{"$f":"IFERROR(VLOOKUP(Q506,Key!$A$17:$B$20,2,TRUE),\"\")","v":""}]
[null,null,null,null,null,null,null,null,null,null,null,null,null,null,null,null,{"$f":"IFERROR(VLOOKUP(E507,Key!$A$2:$B$6,2,FALSE)+VLOOKUP(F507,Key!$C$2:$D$4,2,FALSE)+VLOOKUP(G507,Key!$C$6:$D$8,2,FALSE)+VLOOKUP('READMIT Patient Registry'!H507,Key!$C$10:$D$12,2,FALSE)+VLOOKUP('READMIT Patient Registry'!I507,Key!$E$2:$F$11,2,FALSE)+VLOOKUP('READMIT Patient Registry'!J507,Key!$G$2:$H$6,2,FALSE)+VLOOKUP('READMIT Patient Registry'!K507,Key!$G$8:$H$10,2,FALSE)+VLOOKUP('READMIT Patient Registry'!L507,Key!$G$12:$H$14,2,FALSE)+VLOOKUP('READMIT Patient Registry'!M507,Key!$I$2:$J$5,2,FALSE)+VLOOKUP('READMIT Patient Registry'!N507,Key!$K$2:$L$4,2,FALSE)+VLOOKUP('READMIT Patient Registry'!O507,Key!$K$6:$L$8,2,FALSE)+VLOOKUP('READMIT Patient Registry'!P507,Key!$M$2:$N$5,2,FALSE),\"\")","v":""},{"$f":"IFERROR(VLOOKUP(Q507,Key!$A$17:$B$20,2,TRUE),\"\")","v":""}]
[null,null,null,null,null,null,null,null,null,null,null,null,null,null,null,null,{"$f":"IFERROR(VLOOKUP(E508,Key!$A$2:$B$6,2,FALSE)+VLOOKUP(F508,Key!$C$2:$D$4,2,FALSE)+VLOOKUP(G508,Key!$C$6:$D$8,2,FALSE)+VLOOKUP('READMIT Patient Registry'!H508,Key!$C$10:$D$12,2,FALSE)+VLOOKUP('READMIT Patient Registry'!I508,Key!$E$2:$F$11,2,FALSE)+VLOOKUP('READMIT Patient Registry'!J508,Key!$G$2:$H$6,2,FALSE)+VLOOKUP('READMIT Patient Registry'!K508,Key!$G$8:$H$10,2,FALSE)+VLOOKUP('READMIT Patient Registry'!L508,Key!$G$12:$H$14,2,FALSE)+VLOOKUP('READMIT Patient Registry'!M508,Key!$I$2:$J$5,2,FALSE)+VLOOKUP('READMIT Patient Registry'!N508,Key!$K$2:$L$4,2,FALSE)+VLOOKUP('READMIT Patient Registry'!O508,Key!$K$6:$L$8,2,FALSE)+VLOOKUP('READMIT Patient Registry'!P508,Key!$M$2:$N$5,2,FALSE),\"\")","v":""},{"$f":"IFERROR(VLOOKUP(Q508,Key!$A$17:$B$20,2,TRUE),\"\")","v":""}]
[null,null,null,null,null,null,null,null,null,null,null,null,null,null,null,null,{"$f":"IFERROR(VLOOKUP(E509,Key!$A$2:$B$6,2,FALSE)+VLOOKUP(F509,Key!$C$2:$D$4,2,FALSE)+VLOOKUP(G509,Key!$C$6:$D$8,2,FALSE)+VLOOKUP('READMIT Patient Registry'!H509,Key!$C$10:$D$12,2,FALSE)+VLOOKUP('READMIT Patient Registry'!I509,Key!$E$2:$F$11,2,FALSE)+VLOOKUP('READMIT Patient Registry'!J509,Key!$G$2:$H$6,2,FALSE)+VLOOKUP('READMIT Patient Registry'!K509,Key!$G$8:$H$10,2,FALSE)+VLOOKUP('READMIT Patient Registry'!L509,Key!$G$12:$H$14,2,FALSE)+VLOOKUP('READMIT Patient Registry'!M509,Key!$I$2:$J$5,2,FALSE)+VLOOKUP('READMIT Patient Registry'!N509,Key!$K$2:$L$4,2,FALSE)+VLOOKUP('READMIT Patient Registry'!O509,Key!$K$6:$L$8,2,FALSE)+VLOOKUP('READMIT Patient Registry'!P509,Key!$M$2:$N$5,2,FALSE),\"\")","v":""},{"$f":"IFERROR(VLOOKUP(Q509,Key!$A$17:$B$20,2,TRUE),\"\")","v":""}]
[null,null,null,null,null,null,null,null,null,null,null,null,null,null,null,null,{"$f":"IFERROR(VLOOKUP(E510,Key!$A$2:$B$6,2,FALSE)+VLOOKUP(F510,Key!$C$2:$D$4,2,FALSE)+VLOOKUP(G510,Key!$C$6:$D$8,2,FALSE)+VLOOKUP('READMIT Patient Registry'!H510,Key!$C$10:$D$12,2,FALSE)+VLOOKUP('READMIT Patient Registry'!I510,Key!$E$2:$F$11,2,FALSE)+VLOOKUP('READMIT Patient Registry'!J510,Key!$G$2:$H$6,2,FALSE)+VLOOKUP('READMIT Patient Registry'!K510,Key!$G$8:$H$10,2,FALSE)+VLOOKUP('READMIT Patient Registry'!L510,Key!$G$12:$H$14,2,FALSE)+VLOOKUP('READMIT Patient Registry'!M510,Key!$I$2:$J$5,2,FALSE)+VLOOKUP('READMIT Patient Registry'!N510,Key!$K$2:$L$4,2,FALSE)+VLOOKUP('READMIT Patient Registry'!O510,Key!$K$6:$L$8,2,FALSE)+VLOOKUP('READMIT Patient Registry'!P510,Key!$M$2:$N$5,2,FALSE),\"\")","v":""},{"$f":"IFERROR(VLOOKUP(Q510,Key!$A$17:$B$20,2,TRUE),\"\")","v":""}]
[null,null,null,null,null,null,null,null,null,null,null,null,null,null,null,null,{"$f":"IFERROR(VLOOKUP(E511,Key!$A$2:$B$6,2,FALSE)+VLOOKUP(F511,Key!$C$2:$D$4,2,FALSE)+VLOOKUP(G511,Key!$C$6:$D$8,2,FALSE)+VLOOKUP('READMIT Patient Registry'!H511,Key!$C$10:$D$12,2,FALSE)+VLOOKUP('READMIT Patient Registry'!I511,Key!$E$2:$F$11,2,FALSE)+VLOOKUP('READMIT Patient Registry'!J511,Key!$G$2:$H$6,2,FALSE)+VLOOKUP('READMIT Patient Registry'!K511,Key!$G$8:$H$10,2,FALSE)+VLOOKUP('READMIT Patient Registry'!L511,Key!$G$12:$H$14,2,FALSE)+VLOOKUP('READMIT Patient Registry'!M511,Key!$I$2:$J$5,2,FALSE)+VLOOKUP('READMIT Patient Registry'!N511,Key!$K$2:$L$4,2,FALSE)+VLOOKUP('READMIT Patient Registry'!O511,Key!$K$6:$L$8,2,FALSE)+VLOOKUP('READMIT Patient Registry'!P511,Key!$M$2:$N$5,2,FALSE),\"\")","v":""},{"$f":"IFERROR(VLOOKUP(Q511,Key!$A$17:$B$20,2,TRUE),\"\")","v":""}]
[null,null,null,null,null,null,null,null,null,null,null,null,null,null,null,null,{"$f":"IFERROR(VLOOKUP(E512,Key!$A$2:$B$6,2,FALSE)+VLOOKUP(F512,Key!$C$2:$D$4,2,FALSE)+VLOOKUP(G512,Key!$C$6:$D$8,2,FALSE)+VLOOKUP('READMIT Patient Registry'!H512,Key!$C$10:$D$12,2,FALSE)+VLOOKUP('READMIT Patient Registry'!I512,Key!$E$2:$F$11,2,FALSE)+VLOOKUP('READMIT Patient Registry'!J512,Key!$G$2:$H$6,2,FALSE)+VLOOKUP('READMIT Patient Registry'!K512,Key!$G$8:$H$10,2,FALSE)+VLOOKUP('READMIT Patient Registry'!L512,Key!$G$12:$H$14,2,FALSE)+VLOOKUP('READMIT Patient Registry'!M512,Key!$I$2:$J$5,2,FALSE)+VLOOKUP('READMIT Patient Registry'!N512,Key!$K$2:$L$4,2,FALSE)+VLOOKUP('READMIT Patient Registry'!O512,Key!$K$6:$L$8,2,FALSE)+VLOOKUP('READMIT Patient Registry'!P512,Key!$M$2:$N$5,2,FALSE),\"\")","v":""},{"$f":"IFERROR(VLOOKUP(Q512,Key!$A$17:$B$20,2,TRUE),\"\")","v":""}]
[null,null,null,null,null,null,null,null,null,null,null,null,null,null,null,null,{"$f":"IFERROR(VLOOKUP(E513,Key!$A$2:$B$6,2,FALSE)+VLOOKUP(F513,Key!$C$2:$D$4,2,FALSE)+VLOOKUP(G513,Key!$C$6:$D$8,2,FALSE)+VLOOKUP('READMIT Patient Registry'!H513,Key!$C$10:$D$12,2,FALSE)+VLOOKUP('READMIT Patient Registry'!I513,Key!$E$2:$F$11,2,FALSE)+VLOOKUP('READMIT Patient Registry'!J513,Key!$G$2:$H$6,2,FALSE)+VLOOKUP('READMIT Patient Registry'!K513,Key!$G$8:$H$10,2,FALSE)+VLOOKUP('READMIT Patient Registry'!L513,Key!$G$12:$H$14,2,FALSE)+VLOOKUP('READMIT Patient Registry'!M513,Key!$I$2:$J$5,2,FALSE)+VLOOKUP('READMIT Patient Registry'!N513,Key!$K$2:$L$4,2,FALSE)+VLOOKUP('READMIT Patient Registry'!O513,Key!$K$6:$L$8,2,FALSE)+VLOOKUP('READMIT Patient Registry'!P513,Key!$M$2:$N$5,2,FALSE),\"\")","v":""},{"$f":"IFERROR(VLOOKUP(Q513,Key!$A$17:$B$20,2,TRUE),\"\")","v":""}]
[null,null,null,null,null,null,null,null,null,null,null,null,null,null,null,null,{"$f":"IFERROR(VLOOKUP(E514,Key!$A$2:$B$6,2,FALSE)+VLOOKUP(F514,Key!$C$2:$D$4,2,FALSE)+VLOOKUP(G514,Key!$C$6:$D$8,2,FALSE)+VLOOKUP('READMIT Patient Registry'!H514,Key!$C$10:$D$12,2,FALSE)+VLOOKUP('READMIT Patient Registry'!I514,Key!$E$2:$F$11,2,FALSE)+VLOOKUP('READMIT Patient Registry'!J514,Key!$G$2:$H$6,2,FALSE)+VLOOKUP('READMIT Patient Registry'!K514,Key!$G$8:$H$10,2,FALSE)+VLOOKUP('READMIT Patient Registry'!L514,Key!$G$12:$H$14,2,FALSE)+VLOOKUP('READMIT Patient Registry'!M514,Key!$I$2:$J$5,2,FALSE)+VLOOKUP('READMIT Patient Registry'!N514,Key!$K$2:$L$4,2,FALSE)+VLOOKUP('READMIT Patient Registry'!O514,Key!$K$6:$L$8,2,FALSE)+VLOOKUP('READMIT Patient Registry'!P514,Key!$M$2:$N$5,2,FALSE),\"\")","v":""},{"$f":"IFERROR(VLOOKUP(Q514,Key!$A$17:$B$20,2,TRUE),\"\")","v":""}]
[null,null,null,null,null,null,null,null,null,null,null,null,null,null,null,null,{"$f":"IFERROR(VLOOKUP(E515,Key!$A$2:$B$6,2,FALSE)+VLOOKUP(F515,Key!$C$2:$D$4,2,FALSE)+VLOOKUP(G515,Key!$C$6:$D$8,2,FALSE)+VLOOKUP('READMIT Patient Registry'!H515,Key!$C$10:$D$12,2,FALSE)+VLOOKUP('READMIT Patient Registry'!I515,Key!$E$2:$F$11,2,FALSE)+VLOOKUP('READMIT Patient Registry'!J515,Key!$G$2:$H$6,2,FALSE)+VLOOKUP('READMIT Patient Registry'!K515,Key!$G$8:$H$10,2,FALSE)+VLOOKUP('READMIT Patient Registry'!L515,Key!$G$12:$H$14,2,FALSE)+VLOOKUP('READMIT Patient Registry'!M515,Key!$I$2:$J$5,2,FALSE)+VLOOKUP('READMIT Patient Registry'!N515,Key!$K$2:$L$4,2,FALSE)+VLOOKUP('READMIT Patient Registry'!O515,Key!$K$6:$L$8,2,FALSE)+VLOOKUP('READMIT Patient Registry'!P515,Key!$M$2:$N$5,2,FALSE),\"\")","v":""},{"$f":"IFERROR(VLOOKUP(Q515,Key!$A$17:$B$20,2,TRUE),\"\")","v":""}]
[null,null,null,null,null,null,null,null,null,null,null,null,null,null,null,null,{"$f":"IFERROR(VLOOKUP(E516,Key!$A$2:$B$6,2,FALSE)+VLOOKUP(F516,Key!$C$2:$D$4,2,FALSE)+VLOOKUP(G516,Key!$C$6:$D$8,2,FALSE)+VLOOKUP('READMIT Patient Registry'!H516,Key!$C$10:$D$12,2,FALSE)+VLOOKUP('READMIT Patient Registry'!I516,Key!$E$2:$F$11,2,FALSE)+VLOOKUP('READMIT Patient Registry'!J516,Key!$G$2:$H$6,2,FALSE)+VLOOKUP('READMIT Patient Registry'!K516,Key!$G$8:$H$10,2,FALSE)+VLOOKUP('READMIT Patient Registry'!L516,Key!$G$12:$H$14,2,FALSE)+VLOOKUP('READMIT Patient Registry'!M516,Key!$I$2:$J$5,2,FALSE)+VLOOKUP('READMIT Patient Registry'!N516,Key!$K$2:$L$4,2,FALSE)+VLOOKUP('READMIT Patient Registry'!O516,Key!$K$6:$L$8,2,FALSE)+VLOOKUP('READMIT Patient Registry'!P516,Key!$M$2:$N$5,2,FALSE),\"\")","v":""},{"$f":"IFERROR(VLOOKUP(Q516,Key!$A$17:$B$20,2,TRUE),\"\")","v":""}]
[null,null,null,null,null,null,null,null,null,null,null,null,null,null,null,null,{"$f":"IFERROR(VLOOKUP(E517,Key!$A$2:$B$6,2,FALSE)+VLOOKUP(F517,Key!$C$2:$D$4,2,FALSE)+VLOOKUP(G517,Key!$C$6:$D$8,2,FALSE)+VLOOKUP('READMIT Patient Registry'!H517,Key!$C$10:$D$12,2,FALSE)+VLOOKUP('READMIT Patient Registry'!I517,Key!$E$2:$F$11,2,FALSE)+VLOOKUP('READMIT Patient Registry'!J517,Key!$G$2:$H$6,2,FALSE)+VLOOKUP('READMIT Patient Registry'!K517,Key!$G$8:$H$10,2,FALSE)+VLOOKUP('READMIT Patient Registry'!L517,Key!$G$12:$H$14,2,FALSE)+VLOOKUP('READMIT Patient Registry'!M517,Key!$I$2:$J$5,2,FALSE)+VLOOKUP('READMIT Patient Registry'!N517,Key!$K$2:$L$4,2,FALSE)+VLOOKUP('READMIT Patient Registry'!O517,Key!$K$6:$L$8,2,FALSE)+VLOOKUP('READMIT Patient Registry'!P517,Key!$M$2:$N$5,2,FALSE),\"\")","v":""},{"$f":"IFERROR(VLOOKUP(Q517,Key!$A$17:$B$20,2,TRUE),\"\")","v":""}]
[null,null,null,null,null,null,null,null,null,null,null,null,null,null,null,null,{"$f":"IFERROR(VLOOKUP(E518,Key!$A$2:$B$6,2,FALSE)+VLOOKUP(F518,Key!$C$2:$D$4,2,FALSE)+VLOOKUP(G518,Key!$C$6:$D$8,2,FALSE)+VLOOKUP('READMIT Patient Registry'!H518,Key!$C$10:$D$12,2,FALSE)+VLOOKUP('READMIT Patient Registry'!I518,Key!$E$2:$F$11,2,FALSE)+VLOOKUP('READMIT Patient Registry'!J518,Key!$G$2:$H$6,2,FALSE)+VLOOKUP('READMIT Patient Registry'!K518,Key!$G$8:$H$10,2,FALSE)+VLOOKUP('READMIT Patient Registry'!L518,Key!$G$12:$H$14,2,FALSE)+VLOOKUP('READMIT Patient Registry'!M518,Key!$I$2:$J$5,2,FALSE)+VLOOKUP('READMIT Patient Registry'!N518,Key!$K$2:$L$4,2,FALSE)+VLOOKUP('READMIT Patient Registry'!O518,Key!$K$6:$L$8,2,FALSE)+VLOOKUP('READMIT Patient Registry'!P518,Key!$M$2:$N$5,2,FALSE),\"\")","v":""},{"$f":"IFERROR(VLOOKUP(Q518,Key!$A$17:$B$20,2,TRUE),\"\")","v":""}]
[null,null,null,null,null,null,null,null,null,null,null,null,null,null,null,null,{"$f":"IFERROR(VLOOKUP(E519,Key!$A$2:$B$6,2,FALSE)+VLOOKUP(F519,Key!$C$2:$D$4,2,FALSE)+VLOOKUP(G519,Key!$C$6:$D$8,2,FALSE)+VLOOKUP('READMIT Patient Registry'!H519,Key!$C$10:$D$12,2,FALSE)+VLOOKUP('READMIT Patient Registry'!I519,Key!$E$2:$F$11,2,FALSE)+VLOOKUP('READMIT Patient Registry'!J519,Key!$G$2:$H$6,2,FALSE)+VLOOKUP('READMIT Patient Registry'!K519,Key!$G$8:$H$10,2,FALSE)+VLOOKUP('READMIT Patient Registry'!L519,Key!$G$12:$H$14,2,FALSE)+VLOOKUP('READMIT Patient Registry'!M519,Key!$I$2:$J$5,2,FALSE)+VLOOKUP('READMIT Patient Registry'!N519,Key!$K$2:$L$4,2,FALSE)+VLOOKUP('READMIT Patient Registry'!O519,Key!$K$6:$L$8,2,FALSE)+VLOOKUP('READMIT Patient Registry'!P519,Key!$M$2:$N$5,2,FALSE),\"\")","v":""},{"$f":"IFERROR(VLOOKUP(Q519,Key!$A$17:$B$20,2,TRUE),\"\")","v":""}]
[null,null,null,null,null,null,null,null,null,null,null,null,null,null,null,null,{"$f":"IFERROR(VLOOKUP(E520,Key!$A$2:$B$6,2,FALSE)+VLOOKUP(F520,Key!$C$2:$D$4,2,FALSE)+VLOOKUP(G520,Key!$C$6:$D$8,2,FALSE)+VLOOKUP('READMIT Patient Registry'!H520,Key!$C$10:$D$12,2,FALSE)+VLOOKUP('READMIT Patient Registry'!I520,Key!$E$2:$F$11,2,FALSE)+VLOOKUP('READMIT Patient Registry'!J520,Key!$G$2:$H$6,2,FALSE)+VLOOKUP('READMIT Patient Registry'!K520,Key!$G$8:$H$10,2,FALSE)+VLOOKUP('READMIT Patient Registry'!L520,Key!$G$12:$H$14,2,FALSE)+VLOOKUP('READMIT Patient Registry'!M520,Key!$I$2:$J$5,2,FALSE)+VLOOKUP('READMIT Patient Registry'!N520,Key!$K$2:$L$4,2,FALSE)+VLOOKUP('READMIT Patient Registry'!O520,Key!$K$6:$L$8,2,FALSE)+VLOOKUP('READMIT Patient Registry'!P520,Key!$M$2:$N$5,2,FALSE),\"\")","v":""},{"$f":"IFERROR(VLOOKUP(Q520,Key!$A$17:$B$20,2,TRUE),\"\")","v":""}]
[null,null,null,null,null,null,null,null,null,null,null,null,null,null,null,null,{"$f":"IFERROR(VLOOKUP(E521,Key!$A$2:$B$6,2,FALSE)+VLOOKUP(F521,Key!$C$2:$D$4,2,FALSE)+VLOOKUP(G521,Key!$C$6:$D$8,2,FALSE)+VLOOKUP('READMIT Patient Registry'!H521,Key!$C$10:$D$12,2,FALSE)+VLOOKUP('READMIT Patient Registry'!I521,Key!$E$2:$F$11,2,FALSE)+VLOOKUP('READMIT Patient Registry'!J521,Key!$G$2:$H$6,2,FALSE)+VLOOKUP('READMIT Patient Registry'!K521,Key!$G$8:$H$10,2,FALSE)+VLOOKUP('READMIT Patient Registry'!L521,Key!$G$12:$H$14,2,FALSE)+VLOOKUP('READMIT Patient Registry'!M521,Key!$I$2:$J$5,2,FALSE)+VLOOKUP('READMIT Patient Registry'!N521,Key!$K$2:$L$4,2,FALSE)+VLOOKUP('READMIT Patient Registry'!O521,Key!$K$6:$L$8,2,FALSE)+VLOOKUP('READMIT Patient Registry'!P521,Key!$M$2:$N$5,2,FALSE),\"\")","v":""},{"$f":"IFERROR(VLOOKUP(Q521,Key!$A$17:$B$20,2,TRUE),\"\")","v":""}]
[null,null,null,null,null,null,null,null,null,null,null,null,null,null,null,null,{"$f":"IFERROR(VLOOKUP(E522,Key!$A$2:$B$6,2,FALSE)+VLOOKUP(F522,Key!$C$2:$D$4,2,FALSE)+VLOOKUP(G522,Key!$C$6:$D$8,2,FALSE)+VLOOKUP('READMIT Patient Registry'!H522,Key!$C$10:$D$12,2,FALSE)+VLOOKUP('READMIT Patient Registry'!I522,Key!$E$2:$F$11,2,FALSE)+VLOOKUP('READMIT Patient Registry'!J522,Key!$G$2:$H$6,2,FALSE)+VLOOKUP('READMIT Patient Registry'!K522,Key!$G$8:$H$10,2,FALSE)+VLOOKUP('READMIT Patient Registry'!L522,Key!$G$12:$H$14,2,FALSE)+VLOOKUP('READMIT Patient Registry'!M522,Key!$I$2:$J$5,2,FALSE)+VLOOKUP('READMIT Patient Registry'!N522,Key!$K$2:$L$4,2,FALSE)+VLOOKUP('READMIT Patient Registry'!O522,Key!$K$6:$L$8,2,FALSE)+VLOOKUP('READMIT Patient Registry'!P522,Key!$M$2:$N$5,2,FALSE),\"\")","v":""},{"$f":"IFERROR(VLOOKUP(Q522,Key!$A$17:$B$20,2,TRUE),\"\")","v":""}]
[null,null,null,null,null,null,null,null,null,null,null,null,null,null,null,null,{"$f":"IFERROR(VLOOKUP(E523,Key!$A$2:$B$6,2,FALSE)+VLOOKUP(F523,Key!$C$2:$D$4,2,FALSE)+VLOOKUP(G523,Key!$C$6:$D$8,2,FALSE)+VLOOKUP('READMIT Patient Registry'!H523,Key!$C$10:$D$12,2,FALSE)+VLOOKUP('READMIT Patient Registry'!I523,Key!$E$2:$F$11,2,FALSE)+VLOOKUP('READMIT Patient Registry'!J523,Key!$G$2:$H$6,2,FALSE)+VLOOKUP('READMIT Patient Registry'!K523,Key!$G$8:$H$10,2,FALSE)+VLOOKUP('READMIT Patient Registry'!L523,Key!$G$12:$H$14,2,FALSE)+VLOOKUP('READMIT Patient Registry'!M523,Key!$I$2:$J$5,2,FALSE)+VLOOKUP('READMIT Patient Registry'!N523,Key!$K$2:$L$4,2,FALSE)+VLOOKUP('READMIT Patient Registry'!O523,Key!$K$6:$L$8,2,FALSE)+VLOOKUP('READMIT Patient Registry'!P523,Key!$M$2:$N$5,2,FALSE),\"\")","v":""},{"$f":"IFERROR(VLOOKUP(Q523,Key!$A$17:$B$20,2,TRUE),\"\")","v":""}]
[null,null,null,null,null,null,null,null,null,null,null,null,null,null,null,null,{"$f":"IFERROR(VLOOKUP(E524,Key!$A$2:$B$6,2,FALSE)+VLOOKUP(F524,Key!$C$2:$D$4,2,FALSE)+VLOOKUP(G524,Key!$C$6:$D$8,2,FALSE)+VLOOKUP('READMIT Patient Registry'!H524,Key!$C$10:$D$12,2,FALSE)+VLOOKUP('READMIT Patient Registry'!I524,Key!$E$2:$F$11,2,FALSE)+VLOOKUP('READMIT Patient Registry'!J524,Key!$G$2:$H$6,2,FALSE)+VLOOKUP('READMIT Patient Registry'!K524,Key!$G$8:$H$10,2,FALSE)+VLOOKUP('READMIT Patient Registry'!L524,Key!$G$12:$H$14,2,FALSE)+VLOOKUP('READMIT Patient Registry'!M524,Key!$I$2:$J$5,2,FALSE)+VLOOKUP('READMIT Patient Registry'!N524,Key!$K$2:$L$4,2,FALSE)+VLOOKUP('READMIT Patient Registry'!O524,Key!$K$6:$L$8,2,FALSE)+VLOOKUP('READMIT Patient Registry'!P524,Key!$M$2:$N$5,2,FALSE),\"\")","v":""},{"$f":"IFERROR(VLOOKUP(Q524,Key!$A$17:$B$20,2,TRUE),\"\")","v":""}]
[null,null,null,null,null,null,null,null,null,null,null,null,null,null,null,null,{"$f":"IFERROR(VLOOKUP(E525,Key!$A$2:$B$6,2,FALSE)+VLOOKUP(F525,Key!$C$2:$D$4,2,FALSE)+VLOOKUP(G525,Key!$C$6:$D$8,2,FALSE)+VLOOKUP('READMIT Patient Registry'!H525,Key!$C$10:$D$12,2,FALSE)+VLOOKUP('READMIT Patient Registry'!I525,Key!$E$2:$F$11,2,FALSE)+VLOOKUP('READMIT Patient Registry'!J525,Key!$G$2:$H$6,2,FALSE)+VLOOKUP('READMIT Patient Registry'!K525,Key!$G$8:$H$10,2,FALSE)+VLOOKUP('READMIT Patient Registry'!L525,Key!$G$12:$H$14,2,FALSE)+VLOOKUP('READMIT Patient Registry'!M525,Key!$I$2:$J$5,2,FALSE)+VLOOKUP('READMIT Patient Registry'!N525,Key!$K$2:$L$4,2,FALSE)+VLOOKUP('READMIT Patient Registry'!O525,Key!$K$6:$L$8,2,FALSE)+VLOOKUP('READMIT Patient Registry'!P525,Key!$M$2:$N$5,2,FALSE),\"\")","v":""},{"$f":"IFERROR(VLOOKUP(Q525,Key!$A$17:$B$20,2,TRUE),\"\")","v":""}]
[null,null,null,null,null,null,null,null,null,null,null,null,null,null,null,null,{"$f":"IFERROR(VLOOKUP(E526,Key!$A$2:$B$6,2,FALSE)+VLOOKUP(F526,Key!$C$2:$D$4,2,FALSE)+VLOOKUP(G526,Key!$C$6:$D$8,2,FALSE)+VLOOKUP('READMIT Patient Registry'!H526,Key!$C$10:$D$12,2,FALSE)+VLOOKUP('READMIT Patient Registry'!I526,Key!$E$2:$F$11,2,FALSE)+VLOOKUP('READMIT Patient Registry'!J526,Key!$G$2:$H$6,2,FALSE)+VLOOKUP('READMIT Patient Registry'!K526,Key!$G$8:$H$10,2,FALSE)+VLOOKUP('READMIT Patient Registry'!L526,Key!$G$12:$H$14,2,FALSE)+VLOOKUP('READMIT Patient Registry'!M526,Key!$I$2:$J$5,2,FALSE)+VLOOKUP('READMIT Patient Registry'!N526,Key!$K$2:$L$4,2,FALSE)+VLOOKUP('READMIT Patient Registry'!O526,Key!$K$6:$L$8,2,FALSE)+VLOOKUP('READMIT Patient Registry'!P526,Key!$M$2:$N$5,2,FALSE),\"\")","v":""},{"$f":"IFERROR(VLOOKUP(Q526,Key!$A$17:$B$20,2,TRUE),\"\")","v":""}]
[null,null,null,null,null,null,null,null,null,null,null,null,null,null,null,null,{"$f":"IFERROR(VLOOKUP(E527,Key!$A$2:$B$6,2,FALSE)+VLOOKUP(F527,Key!$C$2:$D$4,2,FALSE)+VLOOKUP(G527,Key!$C$6:$D$8,2,FALSE)+VLOOKUP('READMIT Patient Registry'!H527,Key!$C$10:$D$12,2,FALSE)+VLOOKUP('READMIT Patient Registry'!I527,Key!$E$2:$F$11,2,FALSE)+VLOOKUP('READMIT Patient Registry'!J527,Key!$G$2:$H$6,2,FALSE)+VLOOKUP('READMIT Patient Registry'!K527,Key!$G$8:$H$10,2,FALSE)+VLOOKUP('READMIT Patient Registry'!L527,Key!$G$12:$H$14,2,FALSE)+VLOOKUP('READMIT Patient Registry'!M527,Key!$I$2:$J$5,2,FALSE)+VLOOKUP('READMIT Patient Registry'!N527,Key!$K$2:$L$4,2,FALSE)+VLOOKUP('READMIT Patient Registry'!O527,Key!$K$6:$L$8,2,FALSE)+VLOOKUP('READMIT Patient Registry'!P527,Key!$M$2:$N$5,2,FALSE),\"\")","v":""},{"$f":"IFERROR(VLOOKUP(Q527,Key!$A$17:$B$20,2,TRUE),\"\")","v":""}]
[null,null,null,null,null,null,null,null,null,null,null,null,null,null,null,null,{"$f":"IFERROR(VLOOKUP(E528,Key!$A$2:$B$6,2,FALSE)+VLOOKUP(F528,Key!$C$2:$D$4,2,FALSE)+VLOOKUP(G528,Key!$C$6:$D$8,2,FALSE)+VLOOKUP('READMIT Patient Registry'!H528,Key!$C$10:$D$12,2,FALSE)+VLOOKUP('READMIT Patient Registry'!I528,Key!$E$2:$F$11,2,FALSE)+VLOOKUP('READMIT Patient Registry'!J528,Key!$G$2:$H$6,2,FALSE)+VLOOKUP('READMIT Patient Registry'!K528,Key!$G$8:$H$10,2,FALSE)+VLOOKUP('READMIT Patient Registry'!L528,Key!$G$12:$H$14,2,FALSE)+VLOOKUP('READMIT Patient Registry'!M528,Key!$I$2:$J$5,2,FALSE)+VLOOKUP('READMIT Patient Registry'!N528,Key!$K$2:$L$4,2,FALSE)+VLOOKUP('READMIT Patient Registry'!O528,Key!$K$6:$L$8,2,FALSE)+VLOOKUP('READMIT Patient Registry'!P528,Key!$M$2:$N$5,2,FALSE),\"\")","v":""},{"$f":"IFERROR(VLOOKUP(Q528,Key!$A$17:$B$20,2,TRUE),\"\")","v":""}]
[null,null,null,null,null,null,null,null,null,null,null,null,null,null,null,null,{"$f":"IFERROR(VLOOKUP(E529,Key!$A$2:$B$6,2,FALSE)+VLOOKUP(F529,Key!$C$2:$D$4,2,FALSE)+VLOOKUP(G529,Key!$C$6:$D$8,2,FALSE)+VLOOKUP('READMIT Patient Registry'!H529,Key!$C$10:$D$12,2,FALSE)+VLOOKUP('READMIT Patient Registry'!I529,Key!$E$2:$F$11,2,FALSE)+VLOOKUP('READMIT Patient Registry'!J529,Key!$G$2:$H$6,2,FALSE)+VLOOKUP('READMIT Patient Registry'!K529,Key!$G$8:$H$10,2,FALSE)+VLOOKUP('READMIT Patient Registry'!L529,Key!$G$12:$H$14,2,FALSE)+VLOOKUP('READMIT Patient Registry'!M529,Key!$I$2:$J$5,2,FALSE)+VLOOKUP('READMIT Patient Registry'!N529,Key!$K$2:$L$4,2,FALSE)+VLOOKUP('READMIT Patient Registry'!O529,Key!$K$6:$L$8,2,FALSE)+VLOOKUP('READMIT Patient Registry'!P529,Key!$M$2:$N$5,2,FALSE),\"\")","v":""},{"$f":"IFERROR(VLOOKUP(Q529,Key!$A$17:$B$20,2,TRUE),\"\")","v":""}]
[null,null,null,null,null,null,null,null,null,null,null,null,null,null,null,null,{"$f":"IFERROR(VLOOKUP(E530,Key!$A$2:$B$6,2,FALSE)+VLOOKUP(F530,Key!$C$2:$D$4,2,FALSE)+VLOOKUP(G530,Key!$C$6:$D$8,2,FALSE)+VLOOKUP('READMIT Patient Registry'!H530,Key!$C$10:$D$12,2,FALSE)+VLOOKUP('READMIT Patient Registry'!I530,Key!$E$2:$F$11,2,FALSE)+VLOOKUP('READMIT Patient Registry'!J530,Key!$G$2:$H$6,2,FALSE)+VLOOKUP('READMIT Patient Registry'!K530,Key!$G$8:$H$10,2,FALSE)+VLOOKUP('READMIT Patient Registry'!L530,Key!$G$12:$H$14,2,FALSE)+VLOOKUP('READMIT Patient Registry'!M530,Key!$I$2:$J$5,2,FALSE)+VLOOKUP('READMIT Patient Registry'!N530,Key!$K$2:$L$4,2,FALSE)+VLOOKUP('READMIT Patient Registry'!O530,Key!$K$6:$L$8,2,FALSE)+VLOOKUP('READMIT Patient Registry'!P530,Key!$M$2:$N$5,2,FALSE),\"\")","v":""},{"$f":"IFERROR(VLOOKUP(Q530,Key!$A$17:$B$20,2,TRUE),\"\")","v":""}]
[null,null,null,null,null,null,null,null,null,null,null,null,null,null,null,null,{"$f":"IFERROR(VLOOKUP(E531,Key!$A$2:$B$6,2,FALSE)+VLOOKUP(F531,Key!$C$2:$D$4,2,FALSE)+VLOOKUP(G531,Key!$C$6:$D$8,2,FALSE)+VLOOKUP('READMIT Patient Registry'!H531,Key!$C$10:$D$12,2,FALSE)+VLOOKUP('READMIT Patient Registry'!I531,Key!$E$2:$F$11,2,FALSE)+VLOOKUP('READMIT Patient Registry'!J531,Key!$G$2:$H$6,2,FALSE)+VLOOKUP('READMIT Patient Registry'!K531,Key!$G$8:$H$10,2,FALSE)+VLOOKUP('READMIT Patient Registry'!L531,Key!$G$12:$H$14,2,FALSE)+VLOOKUP('READMIT Patient Registry'!M531,Key!$I$2:$J$5,2,FALSE)+VLOOKUP('READMIT Patient Registry'!N531,Key!$K$2:$L$4,2,FALSE)+VLOOKUP('READMIT Patient Registry'!O531,Key!$K$6:$L$8,2,FALSE)+VLOOKUP('READMIT Patient Registry'!P531,Key!$M$2:$N$5,2,FALSE),\"\")","v":""},{"$f":"IFERROR(VLOOKUP(Q531,Key!$A$17:$B$20,2,TRUE),\"\")","v":""}]
[null,null,null,null,null,null,null,null,null,null,null,null,null,null,null,null,{"$f":"IFERROR(VLOOKUP(E532,Key!$A$2:$B$6,2,FALSE)+VLOOKUP(F532,Key!$C$2:$D$4,2,FALSE)+VLOOKUP(G532,Key!$C$6:$D$8,2,FALSE)+VLOOKUP('READMIT Patient Registry'!H532,Key!$C$10:$D$12,2,FALSE)+VLOOKUP('READMIT Patient Registry'!I532,Key!$E$2:$F$11,2,FALSE)+VLOOKUP('READMIT Patient Registry'!J532,Key!$G$2:$H$6,2,FALSE)+VLOOKUP('READMIT Patient Registry'!K532,Key!$G$8:$H$10,2,FALSE)+VLOOKUP('READMIT Patient Registry'!L532,Key!$G$12:$H$14,2,FALSE)+VLOOKUP('READMIT Patient Registry'!M532,Key!$I$2:$J$5,2,FALSE)+VLOOKUP('READMIT Patient Registry'!N532,Key!$K$2:$L$4,2,FALSE)+VLOOKUP('READMIT Patient Registry'!O532,Key!$K$6:$L$8,2,FALSE)+VLOOKUP('READMIT Patient Registry'!P532,Key!$M$2:$N$5,2,FALSE),\"\")","v":""},{"$f":"IFERROR(VLOOKUP(Q532,Key!$A$17:$B$20,2,TRUE),\"\")","v":""}]
[null,null,null,null,null,null,null,null,null,null,null,null,null,null,null,null,{"$f":"IFERROR(VLOOKUP(E533,Key!$A$2:$B$6,2,FALSE)+VLOOKUP(F533,Key!$C$2:$D$4,2,FALSE)+VLOOKUP(G533,Key!$C$6:$D$8,2,FALSE)+VLOOKUP('READMIT Patient Registry'!H533,Key!$C$10:$D$12,2,FALSE)+VLOOKUP('READMIT Patient Registry'!I533,Key!$E$2:$F$11,2,FALSE)+VLOOKUP('READMIT Patient Registry'!J533,Key!$G$2:$H$6,2,FALSE)+VLOOKUP('READMIT Patient Registry'!K533,Key!$G$8:$H$10,2,FALSE)+VLOOKUP('READMIT Patient Registry'!L533,Key!$G$12:$H$14,2,FALSE)+VLOOKUP('READMIT Patient Registry'!M533,Key!$I$2:$J$5,2,FALSE)+VLOOKUP('READMIT Patient Registry'!N533,Key!$K$2:$L$4,2,FALSE)+VLOOKUP('READMIT Patient Registry'!O533,Key!$K$6:$L$8,2,FALSE)+VLOOKUP('READMIT Patient Registry'!P533,Key!$M$2:$N$5,2,FALSE),\"\")","v":""},{"$f":"IFERROR(VLOOKUP(Q533,Key!$A$17:$B$20,2,TRUE),\"\")","v":""}]
[null,null,null,null,null,null,null,null,null,null,null,null,null,null,null,null,{"$f":"IFERROR(VLOOKUP(E534,Key!$A$2:$B$6,2,FALSE)+VLOOKUP(F534,Key!$C$2:$D$4,2,FALSE)+VLOOKUP(G534,Key!$C$6:$D$8,2,FALSE)+VLOOKUP('READMIT Patient Registry'!H534,Key!$C$10:$D$12,2,FALSE)+VLOOKUP('READMIT Patient Registry'!I534,Key!$E$2:$F$11,2,FALSE)+VLOOKUP('READMIT Patient Registry'!J534,Key!$G$2:$H$6,2,FALSE)+VLOOKUP('READMIT Patient Registry'!K534,Key!$G$8:$H$10,2,FALSE)+VLOOKUP('READMIT Patient Registry'!L534,Key!$G$12:$H$14,2,FALSE)+VLOOKUP('READMIT Patient Registry'!M534,Key!$I$2:$J$5,2,FALSE)+VLOOKUP('READMIT Patient Registry'!N534,Key!$K$2:$L$4,2,FALSE)+VLOOKUP('READMIT Patient Registry'!O534,Key!$K$6:$L$8,2,FALSE)+VLOOKUP('READMIT Patient Registry'!P534,Key!$M$2:$N$5,2,FALSE),\"\")","v":""},{"$f":"IFERROR(VLOOKUP(Q534,Key!$A$17:$B$20,2,TRUE),\"\")","v":""}]
[null,null,null,null,null,null,null,null,null,null,null,null,null,null,null,null,{"$f":"IFERROR(VLOOKUP(E535,Key!$A$2:$B$6,2,FALSE)+VLOOKUP(F535,Key!$C$2:$D$4,2,FALSE)+VLOOKUP(G535,Key!$C$6:$D$8,2,FALSE)+VLOOKUP('READMIT Patient Registry'!H535,Key!$C$10:$D$12,2,FALSE)+VLOOKUP('READMIT Patient Registry'!I535,Key!$E$2:$F$11,2,FALSE)+VLOOKUP('READMIT Patient Registry'!J535,Key!$G$2:$H$6,2,FALSE)+VLOOKUP('READMIT Patient Registry'!K535,Key!$G$8:$H$10,2,FALSE)+VLOOKUP('READMIT Patient Registry'!L535,Key!$G$12:$H$14,2,FALSE)+VLOOKUP('READMIT Patient Registry'!M535,Key!$I$2:$J$5,2,FALSE)+VLOOKUP('READMIT Patient Registry'!N535,Key!$K$2:$L$4,2,FALSE)+VLOOKUP('READMIT Patient Registry'!O535,Key!$K$6:$L$8,2,FALSE)+VLOOKUP('READMIT Patient Registry'!P535,Key!$M$2:$N$5,2,FALSE),\"\")","v":""},{"$f":"IFERROR(VLOOKUP(Q535,Key!$A$17:$B$20,2,TRUE),\"\")","v":""}]
[null,null,null,null,null,null,null,null,null,null,null,null,null,null,null,null,{"$f":"IFERROR(VLOOKUP(E536,Key!$A$2:$B$6,2,FALSE)+VLOOKUP(F536,Key!$C$2:$D$4,2,FALSE)+VLOOKUP(G536,Key!$C$6:$D$8,2,FALSE)+VLOOKUP('READMIT Patient Registry'!H536,Key!$C$10:$D$12,2,FALSE)+VLOOKUP('READMIT Patient Registry'!I536,Key!$E$2:$F$11,2,FALSE)+VLOOKUP('READMIT Patient Registry'!J536,Key!$G$2:$H$6,2,FALSE)+VLOOKUP('READMIT Patient Registry'!K536,Key!$G$8:$H$10,2,FALSE)+VLOOKUP('READMIT Patient Registry'!L536,Key!$G$12:$H$14,2,FALSE)+VLOOKUP('READMIT Patient Registry'!M536,Key!$I$2:$J$5,2,FALSE)+VLOOKUP('READMIT Patient Registry'!N536,Key!$K$2:$L$4,2,FALSE)+VLOOKUP('READMIT Patient Registry'!O536,Key!$K$6:$L$8,2,FALSE)+VLOOKUP('READMIT Patient Registry'!P536,Key!$M$2:$N$5,2,FALSE),\"\")","v":""},{"$f":"IFERROR(VLOOKUP(Q536,Key!$A$17:$B$20,2,TRUE),\"\")","v":""}]
[null,null,null,null,null,null,null,null,null,null,null,null,null,null,null,null,{"$f":"IFERROR(VLOOKUP(E537,Key!$A$2:$B$6,2,FALSE)+VLOOKUP(F537,Key!$C$2:$D$4,2,FALSE)+VLOOKUP(G537,Key!$C$6:$D$8,2,FALSE)+VLOOKUP('READMIT Patient Registry'!H537,Key!$C$10:$D$12,2,FALSE)+VLOOKUP('READMIT Patient Registry'!I537,Key!$E$2:$F$11,2,FALSE)+VLOOKUP('READMIT Patient Registry'!J537,Key!$G$2:$H$6,2,FALSE)+VLOOKUP('READMIT Patient Registry'!K537,Key!$G$8:$H$10,2,FALSE)+VLOOKUP('READMIT Patient Registry'!L537,Key!$G$12:$H$14,2,FALSE)+VLOOKUP('READMIT Patient Registry'!M537,Key!$I$2:$J$5,2,FALSE)+VLOOKUP('READMIT Patient Registry'!N537,Key!$K$2:$L$4,2,FALSE)+VLOOKUP('READMIT Patient Registry'!O537,Key!$K$6:$L$8,2,FALSE)+VLOOKUP('READMIT Patient Registry'!P537,Key!$M$2:$N$5,2,FALSE),\"\")","v":""},{"$f":"IFERROR(VLOOKUP(Q537,Key!$A$17:$B$20,2,TRUE),\"\")","v":""}]
[null,null,null,null,null,null,null,null,null,null,null,null,null,null,null,null,{"$f":"IFERROR(VLOOKUP(E538,Key!$A$2:$B$6,2,FALSE)+VLOOKUP(F538,Key!$C$2:$D$4,2,FALSE)+VLOOKUP(G538,Key!$C$6:$D$8,2,FALSE)+VLOOKUP('READMIT Patient Registry'!H538,Key!$C$10:$D$12,2,FALSE)+VLOOKUP('READMIT Patient Registry'!I538,Key!$E$2:$F$11,2,FALSE)+VLOOKUP('READMIT Patient Registry'!J538,Key!$G$2:$H$6,2,FALSE)+VLOOKUP('READMIT Patient Registry'!K538,Key!$G$8:$H$10,2,FALSE)+VLOOKUP('READMIT Patient Registry'!L538,Key!$G$12:$H$14,2,FALSE)+VLOOKUP('READMIT Patient Registry'!M538,Key!$I$2:$J$5,2,FALSE)+VLOOKUP('READMIT Patient Registry'!N538,Key!$K$2:$L$4,2,FALSE)+VLOOKUP('READMIT Patient Registry'!O538,Key!$K$6:$L$8,2,FALSE)+VLOOKUP('READMIT Patient Registry'!P538,Key!$M$2:$N$5,2,FALSE),\"\")","v":""},{"$f":"IFERROR(VLOOKUP(Q538,Key!$A$17:$B$20,2,TRUE),\"\")","v":""}]
[null,null,null,null,null,null,null,null,null,null,null,null,null,null,null,null,{"$f":"IFERROR(VLOOKUP(E539,Key!$A$2:$B$6,2,FALSE)+VLOOKUP(F539,Key!$C$2:$D$4,2,FALSE)+VLOOKUP(G539,Key!$C$6:$D$8,2,FALSE)+VLOOKUP('READMIT Patient Registry'!H539,Key!$C$10:$D$12,2,FALSE)+VLOOKUP('READMIT Patient Registry'!I539,Key!$E$2:$F$11,2,FALSE)+VLOOKUP('READMIT Patient Registry'!J539,Key!$G$2:$H$6,2,FALSE)+VLOOKUP('READMIT Patient Registry'!K539,Key!$G$8:$H$10,2,FALSE)+VLOOKUP('READMIT Patient Registry'!L539,Key!$G$12:$H$14,2,FALSE)+VLOOKUP('READMIT Patient Registry'!M539,Key!$I$2:$J$5,2,FALSE)+VLOOKUP('READMIT Patient Registry'!N539,Key!$K$2:$L$4,2,FALSE)+VLOOKUP('READMIT Patient Registry'!O539,Key!$K$6:$L$8,2,FALSE)+VLOOKUP('READMIT Patient Registry'!P539,Key!$M$2:$N$5,2,FALSE),\"\")","v":""},{"$f":"IFERROR(VLOOKUP(Q539,Key!$A$17:$B$20,2,TRUE),\"\")","v":""}]
[null,null,null,null,null,null,null,null,null,null,null,null,null,null,null,null,{"$f":"IFERROR(VLOOKUP(E540,Key!$A$2:$B$6,2,FALSE)+VLOOKUP(F540,Key!$C$2:$D$4,2,FALSE)+VLOOKUP(G540,Key!$C$6:$D$8,2,FALSE)+VLOOKUP('READMIT Patient Registry'!H540,Key!$C$10:$D$12,2,FALSE)+VLOOKUP('READMIT Patient Registry'!I540,Key!$E$2:$F$11,2,FALSE)+VLOOKUP('READMIT Patient Registry'!J540,Key!$G$2:$H$6,2,FALSE)+VLOOKUP('READMIT Patient Registry'!K540,Key!$G$8:$H$10,2,FALSE)+VLOOKUP('READMIT Patient Registry'!L540,Key!$G$12:$H$14,2,FALSE)+VLOOKUP('READMIT Patient Registry'!M540,Key!$I$2:$J$5,2,FALSE)+VLOOKUP('READMIT Patient Registry'!N540,Key!$K$2:$L$4,2,FALSE)+VLOOKUP('READMIT Patient Registry'!O540,Key!$K$6:$L$8,2,FALSE)+VLOOKUP('READMIT Patient Registry'!P540,Key!$M$2:$N$5,2,FALSE),\"\")","v":""},{"$f":"IFERROR(VLOOKUP(Q540,Key!$A$17:$B$20,2,TRUE),\"\")","v":""}]
[null,null,null,null,null,null,null,null,null,null,null,null,null,null,null,null,{"$f":"IFERROR(VLOOKUP(E541,Key!$A$2:$B$6,2,FALSE)+VLOOKUP(F541,Key!$C$2:$D$4,2,FALSE)+VLOOKUP(G541,Key!$C$6:$D$8,2,FALSE)+VLOOKUP('READMIT Patient Registry'!H541,Key!$C$10:$D$12,2,FALSE)+VLOOKUP('READMIT Patient Registry'!I541,Key!$E$2:$F$11,2,FALSE)+VLOOKUP('READMIT Patient Registry'!J541,Key!$G$2:$H$6,2,FALSE)+VLOOKUP('READMIT Patient Registry'!K541,Key!$G$8:$H$10,2,FALSE)+VLOOKUP('READMIT Patient Registry'!L541,Key!$G$12:$H$14,2,FALSE)+VLOOKUP('READMIT Patient Registry'!M541,Key!$I$2:$J$5,2,FALSE)+VLOOKUP('READMIT Patient Registry'!N541,Key!$K$2:$L$4,2,FALSE)+VLOOKUP('READMIT Patient Registry'!O541,Key!$K$6:$L$8,2,FALSE)+VLOOKUP('READMIT Patient Registry'!P541,Key!$M$2:$N$5,2,FALSE),\"\")","v":""},{"$f":"IFERROR(VLOOKUP(Q541,Key!$A$17:$B$20,2,TRUE),\"\")","v":""}]
[null,null,null,null,null,null,null,null,null,null,null,null,null,null,null,null,{"$f":"IFERROR(VLOOKUP(E542,Key!$A$2:$B$6,2,FALSE)+VLOOKUP(F542,Key!$C$2:$D$4,2,FALSE)+VLOOKUP(G542,Key!$C$6:$D$8,2,FALSE)+VLOOKUP('READMIT Patient Registry'!H542,Key!$C$10:$D$12,2,FALSE)+VLOOKUP('READMIT Patient Registry'!I542,Key!$E$2:$F$11,2,FALSE)+VLOOKUP('READMIT Patient Registry'!J542,Key!$G$2:$H$6,2,FALSE)+VLOOKUP('READMIT Patient Registry'!K542,Key!$G$8:$H$10,2,FALSE)+VLOOKUP('READMIT Patient Registry'!L542,Key!$G$12:$H$14,2,FALSE)+VLOOKUP('READMIT Patient Registry'!M542,Key!$I$2:$J$5,2,FALSE)+VLOOKUP('READMIT Patient Registry'!N542,Key!$K$2:$L$4,2,FALSE)+VLOOKUP('READMIT Patient Registry'!O542,Key!$K$6:$L$8,2,FALSE)+VLOOKUP('READMIT Patient Registry'!P542,Key!$M$2:$N$5,2,FALSE),\"\")","v":""},{"$f":"IFERROR(VLOOKUP(Q542,Key!$A$17:$B$20,2,TRUE),\"\")","v":""}]
[null,null,null,null,null,null,null,null,null,null,null,null,null,null,null,null,{"$f":"IFERROR(VLOOKUP(E543,Key!$A$2:$B$6,2,FALSE)+VLOOKUP(F543,Key!$C$2:$D$4,2,FALSE)+VLOOKUP(G543,Key!$C$6:$D$8,2,FALSE)+VLOOKUP('READMIT Patient Registry'!H543,Key!$C$10:$D$12,2,FALSE)+VLOOKUP('READMIT Patient Registry'!I543,Key!$E$2:$F$11,2,FALSE)+VLOOKUP('READMIT Patient Registry'!J543,Key!$G$2:$H$6,2,FALSE)+VLOOKUP('READMIT Patient Registry'!K543,Key!$G$8:$H$10,2,FALSE)+VLOOKUP('READMIT Patient Registry'!L543,Key!$G$12:$H$14,2,FALSE)+VLOOKUP('READMIT Patient Registry'!M543,Key!$I$2:$J$5,2,FALSE)+VLOOKUP('READMIT Patient Registry'!N543,Key!$K$2:$L$4,2,FALSE)+VLOOKUP('READMIT Patient Registry'!O543,Key!$K$6:$L$8,2,FALSE)+VLOOKUP('READMIT Patient Registry'!P543,Key!$M$2:$N$5,2,FALSE),\"\")","v":""},{"$f":"IFERROR(VLOOKUP(Q543,Key!$A$17:$B$20,2,TRUE),\"\")","v":""}]
[null,null,null,null,null,null,null,null,null,null,null,null,null,null,null,null,{"$f":"IFERROR(VLOOKUP(E544,Key!$A$2:$B$6,2,FALSE)+VLOOKUP(F544,Key!$C$2:$D$4,2,FALSE)+VLOOKUP(G544,Key!$C$6:$D$8,2,FALSE)+VLOOKUP('READMIT Patient Registry'!H544,Key!$C$10:$D$12,2,FALSE)+VLOOKUP('READMIT Patient Registry'!I544,Key!$E$2:$F$11,2,FALSE)+VLOOKUP('READMIT Patient Registry'!J544,Key!$G$2:$H$6,2,FALSE)+VLOOKUP('READMIT Patient Registry'!K544,Key!$G$8:$H$10,2,FALSE)+VLOOKUP('READMIT Patient Registry'!L544,Key!$G$12:$H$14,2,FALSE)+VLOOKUP('READMIT Patient Registry'!M544,Key!$I$2:$J$5,2,FALSE)+VLOOKUP('READMIT Patient Registry'!N544,Key!$K$2:$L$4,2,FALSE)+VLOOKUP('READMIT Patient Registry'!O544,Key!$K$6:$L$8,2,FALSE)+VLOOKUP('READMIT Patient Registry'!P544,Key!$M$2:$N$5,2,FALSE),\"\")","v":""},{"$f":"IFERROR(VLOOKUP(Q544,Key!$A$17:$B$20,2,TRUE),\"\")","v":""}]
[null,null,null,null,null,null,null,null,null,null,null,null,null,null,null,null,{"$f":"IFERROR(VLOOKUP(E545,Key!$A$2:$B$6,2,FALSE)+VLOOKUP(F545,Key!$C$2:$D$4,2,FALSE)+VLOOKUP(G545,Key!$C$6:$D$8,2,FALSE)+VLOOKUP('READMIT Patient Registry'!H545,Key!$C$10:$D$12,2,FALSE)+VLOOKUP('READMIT Patient Registry'!I545,Key!$E$2:$F$11,2,FALSE)+VLOOKUP('READMIT Patient Registry'!J545,Key!$G$2:$H$6,2,FALSE)+VLOOKUP('READMIT Patient Registry'!K545,Key!$G$8:$H$10,2,FALSE)+VLOOKUP('READMIT Patient Registry'!L545,Key!$G$12:$H$14,2,FALSE)+VLOOKUP('READMIT Patient Registry'!M545,Key!$I$2:$J$5,2,FALSE)+VLOOKUP('READMIT Patient Registry'!N545,Key!$K$2:$L$4,2,FALSE)+VLOOKUP('READMIT Patient Registry'!O545,Key!$K$6:$L$8,2,FALSE)+VLOOKUP('READMIT Patient Registry'!P545,Key!$M$2:$N$5,2,FALSE),\"\")","v":""},{"$f":"IFERROR(VLOOKUP(Q545,Key!$A$17:$B$20,2,TRUE),\"\")","v":""}]
[null,null,null,null,null,null,null,null,null,null,null,null,null,null,null,null,{"$f":"IFERROR(VLOOKUP(E546,Key!$A$2:$B$6,2,FALSE)+VLOOKUP(F546,Key!$C$2:$D$4,2,FALSE)+VLOOKUP(G546,Key!$C$6:$D$8,2,FALSE)+VLOOKUP('READMIT Patient Registry'!H546,Key!$C$10:$D$12,2,FALSE)+VLOOKUP('READMIT Patient Registry'!I546,Key!$E$2:$F$11,2,FALSE)+VLOOKUP('READMIT Patient Registry'!J546,Key!$G$2:$H$6,2,FALSE)+VLOOKUP('READMIT Patient Registry'!K546,Key!$G$8:$H$10,2,FALSE)+VLOOKUP('READMIT Patient Registry'!L546,Key!$G$12:$H$14,2,FALSE)+VLOOKUP('READMIT Patient Registry'!M546,Key!$I$2:$J$5,2,FALSE)+VLOOKUP('READMIT Patient Registry'!N546,Key!$K$2:$L$4,2,FALSE)+VLOOKUP('READMIT Patient Registry'!O546,Key!$K$6:$L$8,2,FALSE)+VLOOKUP('READMIT Patient Registry'!P546,Key!$M$2:$N$5,2,FALSE),\"\")","v":""},{"$f":"IFERROR(VLOOKUP(Q546,Key!$A$17:$B$20,2,TRUE),\"\")","v":""}]
[null,null,null,null,null,null,null,null,null,null,null,null,null,null,null,null,{"$f":"IFERROR(VLOOKUP(E547,Key!$A$2:$B$6,2,FALSE)+VLOOKUP(F547,Key!$C$2:$D$4,2,FALSE)+VLOOKUP(G547,Key!$C$6:$D$8,2,FALSE)+VLOOKUP('READMIT Patient Registry'!H547,Key!$C$10:$D$12,2,FALSE)+VLOOKUP('READMIT Patient Registry'!I547,Key!$E$2:$F$11,2,FALSE)+VLOOKUP('READMIT Patient Registry'!J547,Key!$G$2:$H$6,2,FALSE)+VLOOKUP('READMIT Patient Registry'!K547,Key!$G$8:$H$10,2,FALSE)+VLOOKUP('READMIT Patient Registry'!L547,Key!$G$12:$H$14,2,FALSE)+VLOOKUP('READMIT Patient Registry'!M547,Key!$I$2:$J$5,2,FALSE)+VLOOKUP('READMIT Patient Registry'!N547,Key!$K$2:$L$4,2,FALSE)+VLOOKUP('READMIT Patient Registry'!O547,Key!$K$6:$L$8,2,FALSE)+VLOOKUP('READMIT Patient Registry'!P547,Key!$M$2:$N$5,2,FALSE),\"\")","v":""},{"$f":"IFERROR(VLOOKUP(Q547,Key!$A$17:$B$20,2,TRUE),\"\")","v":""}]
[null,null,null,null,null,null,null,null,null,null,null,null,null,null,null,null,{"$f":"IFERROR(VLOOKUP(E548,Key!$A$2:$B$6,2,FALSE)+VLOOKUP(F548,Key!$C$2:$D$4,2,FALSE)+VLOOKUP(G548,Key!$C$6:$D$8,2,FALSE)+VLOOKUP('READMIT Patient Registry'!H548,Key!$C$10:$D$12,2,FALSE)+VLOOKUP('READMIT Patient Registry'!I548,Key!$E$2:$F$11,2,FALSE)+VLOOKUP('READMIT Patient Registry'!J548,Key!$G$2:$H$6,2,FALSE)+VLOOKUP('READMIT Patient Registry'!K548,Key!$G$8:$H$10,2,FALSE)+VLOOKUP('READMIT Patient Registry'!L548,Key!$G$12:$H$14,2,FALSE)+VLOOKUP('READMIT Patient Registry'!M548,Key!$I$2:$J$5,2,FALSE)+VLOOKUP('READMIT Patient Registry'!N548,Key!$K$2:$L$4,2,FALSE)+VLOOKUP('READMIT Patient Registry'!O548,Key!$K$6:$L$8,2,FALSE)+VLOOKUP('READMIT Patient Registry'!P548,Key!$M$2:$N$5,2,FALSE),\"\")","v":""},{"$f":"IFERROR(VLOOKUP(Q548,Key!$A$17:$B$20,2,TRUE),\"\")","v":""}]
[null,null,null,null,null,null,null,null,null,null,null,null,null,null,null,null,{"$f":"IFERROR(VLOOKUP(E549,Key!$A$2:$B$6,2,FALSE)+VLOOKUP(F549,Key!$C$2:$D$4,2,FALSE)+VLOOKUP(G549,Key!$C$6:$D$8,2,FALSE)+VLOOKUP('READMIT Patient Registry'!H549,Key!$C$10:$D$12,2,FALSE)+VLOOKUP('READMIT Patient Registry'!I549,Key!$E$2:$F$11,2,FALSE)+VLOOKUP('READMIT Patient Registry'!J549,Key!$G$2:$H$6,2,FALSE)+VLOOKUP('READMIT Patient Registry'!K549,Key!$G$8:$H$10,2,FALSE)+VLOOKUP('READMIT Patient Registry'!L549,Key!$G$12:$H$14,2,FALSE)+VLOOKUP('READMIT Patient Registry'!M549,Key!$I$2:$J$5,2,FALSE)+VLOOKUP('READMIT Patient Registry'!N549,Key!$K$2:$L$4,2,FALSE)+VLOOKUP('READMIT Patient Registry'!O549,Key!$K$6:$L$8,2,FALSE)+VLOOKUP('READMIT Patient Registry'!P549,Key!$M$2:$N$5,2,FALSE),\"\")","v":""},{"$f":"IFERROR(VLOOKUP(Q549,Key!$A$17:$B$20,2,TRUE),\"\")","v":""}]
[null,null,null,null,null,null,null,null,null,null,null,null,null,null,null,null,{"$f":"IFERROR(VLOOKUP(E550,Key!$A$2:$B$6,2,FALSE)+VLOOKUP(F550,Key!$C$2:$D$4,2,FALSE)+VLOOKUP(G550,Key!$C$6:$D$8,2,FALSE)+VLOOKUP('READMIT Patient Registry'!H550,Key!$C$10:$D$12,2,FALSE)+VLOOKUP('READMIT Patient Registry'!I550,Key!$E$2:$F$11,2,FALSE)+VLOOKUP('READMIT Patient Registry'!J550,Key!$G$2:$H$6,2,FALSE)+VLOOKUP('READMIT Patient Registry'!K550,Key!$G$8:$H$10,2,FALSE)+VLOOKUP('READMIT Patient Registry'!L550,Key!$G$12:$H$14,2,FALSE)+VLOOKUP('READMIT Patient Registry'!M550,Key!$I$2:$J$5,2,FALSE)+VLOOKUP('READMIT Patient Registry'!N550,Key!$K$2:$L$4,2,FALSE)+VLOOKUP('READMIT Patient Registry'!O550,Key!$K$6:$L$8,2,FALSE)+VLOOKUP('READMIT Patient Registry'!P550,Key!$M$2:$N$5,2,FALSE),\"\")","v":""},{"$f":"IFERROR(VLOOKUP(Q550,Key!$A$17:$B$20,2,TRUE),\"\")","v":""}]
[null,null,null,null,null,null,null,null,null,null,null,null,null,null,null,null,{"$f":"IFERROR(VLOOKUP(E551,Key!$A$2:$B$6,2,FALSE)+VLOOKUP(F551,Key!$C$2:$D$4,2,FALSE)+VLOOKUP(G551,Key!$C$6:$D$8,2,FALSE)+VLOOKUP('READMIT Patient Registry'!H551,Key!$C$10:$D$12,2,FALSE)+VLOOKUP('READMIT Patient Registry'!I551,Key!$E$2:$F$11,2,FALSE)+VLOOKUP('READMIT Patient Registry'!J551,Key!$G$2:$H$6,2,FALSE)+VLOOKUP('READMIT Patient Registry'!K551,Key!$G$8:$H$10,2,FALSE)+VLOOKUP('READMIT Patient Registry'!L551,Key!$G$12:$H$14,2,FALSE)+VLOOKUP('READMIT Patient Registry'!M551,Key!$I$2:$J$5,2,FALSE)+VLOOKUP('READMIT Patient Registry'!N551,Key!$K$2:$L$4,2,FALSE)+VLOOKUP('READMIT Patient Registry'!O551,Key!$K$6:$L$8,2,FALSE)+VLOOKUP('READMIT Patient Registry'!P551,Key!$M$2:$N$5,2,FALSE),\"\")","v":""},{"$f":"IFERROR(VLOOKUP(Q551,Key!$A$17:$B$20,2,TRUE),\"\")","v":""}]
[null,null,null,null,null,null,null,null,null,null,null,null,null,null,null,null,{"$f":"IFERROR(VLOOKUP(E552,Key!$A$2:$B$6,2,FALSE)+VLOOKUP(F552,Key!$C$2:$D$4,2,FALSE)+VLOOKUP(G552,Key!$C$6:$D$8,2,FALSE)+VLOOKUP('READMIT Patient Registry'!H552,Key!$C$10:$D$12,2,FALSE)+VLOOKUP('READMIT Patient Registry'!I552,Key!$E$2:$F$11,2,FALSE)+VLOOKUP('READMIT Patient Registry'!J552,Key!$G$2:$H$6,2,FALSE)+VLOOKUP('READMIT Patient Registry'!K552,Key!$G$8:$H$10,2,FALSE)+VLOOKUP('READMIT Patient Registry'!L552,Key!$G$12:$H$14,2,FALSE)+VLOOKUP('READMIT Patient Registry'!M552,Key!$I$2:$J$5,2,FALSE)+VLOOKUP('READMIT Patient Registry'!N552,Key!$K$2:$L$4,2,FALSE)+VLOOKUP('READMIT Patient Registry'!O552,Key!$K$6:$L$8,2,FALSE)+VLOOKUP('READMIT Patient Registry'!P552,Key!$M$2:$N$5,2,FALSE),\"\")","v":""},{"$f":"IFERROR(VLOOKUP(Q552,Key!$A$17:$B$20,2,TRUE),\"\")","v":""}]
[null,null,null,null,null,null,null,null,null,null,null,null,null,null,null,null,{"$f":"IFERROR(VLOOKUP(E553,Key!$A$2:$B$6,2,FALSE)+VLOOKUP(F553,Key!$C$2:$D$4,2,FALSE)+VLOOKUP(G553,Key!$C$6:$D$8,2,FALSE)+VLOOKUP('READMIT Patient Registry'!H553,Key!$C$10:$D$12,2,FALSE)+VLOOKUP('READMIT Patient Registry'!I553,Key!$E$2:$F$11,2,FALSE)+VLOOKUP('READMIT Patient Registry'!J553,Key!$G$2:$H$6,2,FALSE)+VLOOKUP('READMIT Patient Registry'!K553,Key!$G$8:$H$10,2,FALSE)+VLOOKUP('READMIT Patient Registry'!L553,Key!$G$12:$H$14,2,FALSE)+VLOOKUP('READMIT Patient Registry'!M553,Key!$I$2:$J$5,2,FALSE)+VLOOKUP('READMIT Patient Registry'!N553,Key!$K$2:$L$4,2,FALSE)+VLOOKUP('READMIT Patient Registry'!O553,Key!$K$6:$L$8,2,FALSE)+VLOOKUP('READMIT Patient Registry'!P553,Key!$M$2:$N$5,2,FALSE),\"\")","v":""},{"$f":"IFERROR(VLOOKUP(Q553,Key!$A$17:$B$20,2,TRUE),\"\")","v":""}]
[null,null,null,null,null,null,null,null,null,null,null,null,null,null,null,null,{"$f":"IFERROR(VLOOKUP(E554,Key!$A$2:$B$6,2,FALSE)+VLOOKUP(F554,Key!$C$2:$D$4,2,FALSE)+VLOOKUP(G554,Key!$C$6:$D$8,2,FALSE)+VLOOKUP('READMIT Patient Registry'!H554,Key!$C$10:$D$12,2,FALSE)+VLOOKUP('READMIT Patient Registry'!I554,Key!$E$2:$F$11,2,FALSE)+VLOOKUP('READMIT Patient Registry'!J554,Key!$G$2:$H$6,2,FALSE)+VLOOKUP('READMIT Patient Registry'!K554,Key!$G$8:$H$10,2,FALSE)+VLOOKUP('READMIT Patient Registry'!L554,Key!$G$12:$H$14,2,FALSE)+VLOOKUP('READMIT Patient Registry'!M554,Key!$I$2:$J$5,2,FALSE)+VLOOKUP('READMIT Patient Registry'!N554,Key!$K$2:$L$4,2,FALSE)+VLOOKUP('READMIT Patient Registry'!O554,Key!$K$6:$L$8,2,FALSE)+VLOOKUP('READMIT Patient Registry'!P554,Key!$M$2:$N$5,2,FALSE),\"\")","v":""},{"$f":"IFERROR(VLOOKUP(Q554,Key!$A$17:$B$20,2,TRUE),\"\")","v":""}]
[null,null,null,null,null,null,null,null,null,null,null,null,null,null,null,null,{"$f":"IFERROR(VLOOKUP(E555,Key!$A$2:$B$6,2,FALSE)+VLOOKUP(F555,Key!$C$2:$D$4,2,FALSE)+VLOOKUP(G555,Key!$C$6:$D$8,2,FALSE)+VLOOKUP('READMIT Patient Registry'!H555,Key!$C$10:$D$12,2,FALSE)+VLOOKUP('READMIT Patient Registry'!I555,Key!$E$2:$F$11,2,FALSE)+VLOOKUP('READMIT Patient Registry'!J555,Key!$G$2:$H$6,2,FALSE)+VLOOKUP('READMIT Patient Registry'!K555,Key!$G$8:$H$10,2,FALSE)+VLOOKUP('READMIT Patient Registry'!L555,Key!$G$12:$H$14,2,FALSE)+VLOOKUP('READMIT Patient Registry'!M555,Key!$I$2:$J$5,2,FALSE)+VLOOKUP('READMIT Patient Registry'!N555,Key!$K$2:$L$4,2,FALSE)+VLOOKUP('READMIT Patient Registry'!O555,Key!$K$6:$L$8,2,FALSE)+VLOOKUP('READMIT Patient Registry'!P555,Key!$M$2:$N$5,2,FALSE),\"\")","v":""},{"$f":"IFERROR(VLOOKUP(Q555,Key!$A$17:$B$20,2,TRUE),\"\")","v":""}]
[null,null,null,null,null,null,null,null,null,null,null,null,null,null,null,null,{"$f":"IFERROR(VLOOKUP(E556,Key!$A$2:$B$6,2,FALSE)+VLOOKUP(F556,Key!$C$2:$D$4,2,FALSE)+VLOOKUP(G556,Key!$C$6:$D$8,2,FALSE)+VLOOKUP('READMIT Patient Registry'!H556,Key!$C$10:$D$12,2,FALSE)+VLOOKUP('READMIT Patient Registry'!I556,Key!$E$2:$F$11,2,FALSE)+VLOOKUP('READMIT Patient Registry'!J556,Key!$G$2:$H$6,2,FALSE)+VLOOKUP('READMIT Patient Registry'!K556,Key!$G$8:$H$10,2,FALSE)+VLOOKUP('READMIT Patient Registry'!L556,Key!$G$12:$H$14,2,FALSE)+VLOOKUP('READMIT Patient Registry'!M556,Key!$I$2:$J$5,2,FALSE)+VLOOKUP('READMIT Patient Registry'!N556,Key!$K$2:$L$4,2,FALSE)+VLOOKUP('READMIT Patient Registry'!O556,Key!$K$6:$L$8,2,FALSE)+VLOOKUP('READMIT Patient Registry'!P556,Key!$M$2:$N$5,2,FALSE),\"\")","v":""},{"$f":"IFERROR(VLOOKUP(Q556,Key!$A$17:$B$20,2,TRUE),\"\")","v":""}]
[null,null,null,null,null,null,null,null,null,null,null,null,null,null,null,null,{"$f":"IFERROR(VLOOKUP(E557,Key!$A$2:$B$6,2,FALSE)+VLOOKUP(F557,Key!$C$2:$D$4,2,FALSE)+VLOOKUP(G557,Key!$C$6:$D$8,2,FALSE)+VLOOKUP('READMIT Patient Registry'!H557,Key!$C$10:$D$12,2,FALSE)+VLOOKUP('READMIT Patient Registry'!I557,Key!$E$2:$F$11,2,FALSE)+VLOOKUP('READMIT Patient Registry'!J557,Key!$G$2:$H$6,2,FALSE)+VLOOKUP('READMIT Patient Registry'!K557,Key!$G$8:$H$10,2,FALSE)+VLOOKUP('READMIT Patient Registry'!L557,Key!$G$12:$H$14,2,FALSE)+VLOOKUP('READMIT Patient Registry'!M557,Key!$I$2:$J$5,2,FALSE)+VLOOKUP('READMIT Patient Registry'!N557,Key!$K$2:$L$4,2,FALSE)+VLOOKUP('READMIT Patient Registry'!O557,Key!$K$6:$L$8,2,FALSE)+VLOOKUP('READMIT Patient Registry'!P557,Key!$M$2:$N$5,2,FALSE),\"\")","v":""},{"$f":"IFERROR(VLOOKUP(Q557,Key!$A$17:$B$20,2,TRUE),\"\")","v":""}]
[null,null,null,null,null,null,null,null,null,null,null,null,null,null,null,null,{"$f":"IFERROR(VLOOKUP(E558,Key!$A$2:$B$6,2,FALSE)+VLOOKUP(F558,Key!$C$2:$D$4,2,FALSE)+VLOOKUP(G558,Key!$C$6:$D$8,2,FALSE)+VLOOKUP('READMIT Patient Registry'!H558,Key!$C$10:$D$12,2,FALSE)+VLOOKUP('READMIT Patient Registry'!I558,Key!$E$2:$F$11,2,FALSE)+VLOOKUP('READMIT Patient Registry'!J558,Key!$G$2:$H$6,2,FALSE)+VLOOKUP('READMIT Patient Registry'!K558,Key!$G$8:$H$10,2,FALSE)+VLOOKUP('READMIT Patient Registry'!L558,Key!$G$12:$H$14,2,FALSE)+VLOOKUP('READMIT Patient Registry'!M558,Key!$I$2:$J$5,2,FALSE)+VLOOKUP('READMIT Patient Registry'!N558,Key!$K$2:$L$4,2,FALSE)+VLOOKUP('READMIT Patient Registry'!O558,Key!$K$6:$L$8,2,FALSE)+VLOOKUP('READMIT Patient Registry'!P558,Key!$M$2:$N$5,2,FALSE),\"\")","v":""},{"$f":"IFERROR(VLOOKUP(Q558,Key!$A$17:$B$20,2,TRUE),\"\")","v":""}]
[null,null,null,null,null,null,null,null,null,null,null,null,null,null,null,null,{"$f":"IFERROR(VLOOKUP(E559,Key!$A$2:$B$6,2,FALSE)+VLOOKUP(F559,Key!$C$2:$D$4,2,FALSE)+VLOOKUP(G559,Key!$C$6:$D$8,2,FALSE)+VLOOKUP('READMIT Patient Registry'!H559,Key!$C$10:$D$12,2,FALSE)+VLOOKUP('READMIT Patient Registry'!I559,Key!$E$2:$F$11,2,FALSE)+VLOOKUP('READMIT Patient Registry'!J559,Key!$G$2:$H$6,2,FALSE)+VLOOKUP('READMIT Patient Registry'!K559,Key!$G$8:$H$10,2,FALSE)+VLOOKUP('READMIT Patient Registry'!L559,Key!$G$12:$H$14,2,FALSE)+VLOOKUP('READMIT Patient Registry'!M559,Key!$I$2:$J$5,2,FALSE)+VLOOKUP('READMIT Patient Registry'!N559,Key!$K$2:$L$4,2,FALSE)+VLOOKUP('READMIT Patient Registry'!O559,Key!$K$6:$L$8,2,FALSE)+VLOOKUP('READMIT Patient Registry'!P559,Key!$M$2:$N$5,2,FALSE),\"\")","v":""},{"$f":"IFERROR(VLOOKUP(Q559,Key!$A$17:$B$20,2,TRUE),\"\")","v":""}]
[null,null,null,null,null,null,null,null,null,null,null,null,null,null,null,null,{"$f":"IFERROR(VLOOKUP(E560,Key!$A$2:$B$6,2,FALSE)+VLOOKUP(F560,Key!$C$2:$D$4,2,FALSE)+VLOOKUP(G560,Key!$C$6:$D$8,2,FALSE)+VLOOKUP('READMIT Patient Registry'!H560,Key!$C$10:$D$12,2,FALSE)+VLOOKUP('READMIT Patient Registry'!I560,Key!$E$2:$F$11,2,FALSE)+VLOOKUP('READMIT Patient Registry'!J560,Key!$G$2:$H$6,2,FALSE)+VLOOKUP('READMIT Patient Registry'!K560,Key!$G$8:$H$10,2,FALSE)+VLOOKUP('READMIT Patient Registry'!L560,Key!$G$12:$H$14,2,FALSE)+VLOOKUP('READMIT Patient Registry'!M560,Key!$I$2:$J$5,2,FALSE)+VLOOKUP('READMIT Patient Registry'!N560,Key!$K$2:$L$4,2,FALSE)+VLOOKUP('READMIT Patient Registry'!O560,Key!$K$6:$L$8,2,FALSE)+VLOOKUP('READMIT Patient Registry'!P560,Key!$M$2:$N$5,2,FALSE),\"\")","v":""},{"$f":"IFERROR(VLOOKUP(Q560,Key!$A$17:$B$20,2,TRUE),\"\")","v":""}]
[null,null,null,null,null,null,null,null,null,null,null,null,null,null,null,null,{"$f":"IFERROR(VLOOKUP(E561,Key!$A$2:$B$6,2,FALSE)+VLOOKUP(F561,Key!$C$2:$D$4,2,FALSE)+VLOOKUP(G561,Key!$C$6:$D$8,2,FALSE)+VLOOKUP('READMIT Patient Registry'!H561,Key!$C$10:$D$12,2,FALSE)+VLOOKUP('READMIT Patient Registry'!I561,Key!$E$2:$F$11,2,FALSE)+VLOOKUP('READMIT Patient Registry'!J561,Key!$G$2:$H$6,2,FALSE)+VLOOKUP('READMIT Patient Registry'!K561,Key!$G$8:$H$10,2,FALSE)+VLOOKUP('READMIT Patient Registry'!L561,Key!$G$12:$H$14,2,FALSE)+VLOOKUP('READMIT Patient Registry'!M561,Key!$I$2:$J$5,2,FALSE)+VLOOKUP('READMIT Patient Registry'!N561,Key!$K$2:$L$4,2,FALSE)+VLOOKUP('READMIT Patient Registry'!O561,Key!$K$6:$L$8,2,FALSE)+VLOOKUP('READMIT Patient Registry'!P561,Key!$M$2:$N$5,2,FALSE),\"\")","v":""},{"$f":"IFERROR(VLOOKUP(Q561,Key!$A$17:$B$20,2,TRUE),\"\")","v":""}]
[null,null,null,null,null,null,null,null,null,null,null,null,null,null,null,null,{"$f":"IFERROR(VLOOKUP(E562,Key!$A$2:$B$6,2,FALSE)+VLOOKUP(F562,Key!$C$2:$D$4,2,FALSE)+VLOOKUP(G562,Key!$C$6:$D$8,2,FALSE)+VLOOKUP('READMIT Patient Registry'!H562,Key!$C$10:$D$12,2,FALSE)+VLOOKUP('READMIT Patient Registry'!I562,Key!$E$2:$F$11,2,FALSE)+VLOOKUP('READMIT Patient Registry'!J562,Key!$G$2:$H$6,2,FALSE)+VLOOKUP('READMIT Patient Registry'!K562,Key!$G$8:$H$10,2,FALSE)+VLOOKUP('READMIT Patient Registry'!L562,Key!$G$12:$H$14,2,FALSE)+VLOOKUP('READMIT Patient Registry'!M562,Key!$I$2:$J$5,2,FALSE)+VLOOKUP('READMIT Patient Registry'!N562,Key!$K$2:$L$4,2,FALSE)+VLOOKUP('READMIT Patient Registry'!O562,Key!$K$6:$L$8,2,FALSE)+VLOOKUP('READMIT Patient Registry'!P562,Key!$M$2:$N$5,2,FALSE),\"\")","v":""},{"$f":"IFERROR(VLOOKUP(Q562,Key!$A$17:$B$20,2,TRUE),\"\")","v":""}]
[null,null,null,null,null,null,null,null,null,null,null,null,null,null,null,null,{"$f":"IFERROR(VLOOKUP(E563,Key!$A$2:$B$6,2,FALSE)+VLOOKUP(F563,Key!$C$2:$D$4,2,FALSE)+VLOOKUP(G563,Key!$C$6:$D$8,2,FALSE)+VLOOKUP('READMIT Patient Registry'!H563,Key!$C$10:$D$12,2,FALSE)+VLOOKUP('READMIT Patient Registry'!I563,Key!$E$2:$F$11,2,FALSE)+VLOOKUP('READMIT Patient Registry'!J563,Key!$G$2:$H$6,2,FALSE)+VLOOKUP('READMIT Patient Registry'!K563,Key!$G$8:$H$10,2,FALSE)+VLOOKUP('READMIT Patient Registry'!L563,Key!$G$12:$H$14,2,FALSE)+VLOOKUP('READMIT Patient Registry'!M563,Key!$I$2:$J$5,2,FALSE)+VLOOKUP('READMIT Patient Registry'!N563,Key!$K$2:$L$4,2,FALSE)+VLOOKUP('READMIT Patient Registry'!O563,Key!$K$6:$L$8,2,FALSE)+VLOOKUP('READMIT Patient Registry'!P563,Key!$M$2:$N$5,2,FALSE),\"\")","v":""},{"$f":"IFERROR(VLOOKUP(Q563,Key!$A$17:$B$20,2,TRUE),\"\")","v":""}]
[null,null,null,null,null,null,null,null,null,null,null,null,null,null,null,null,{"$f":"IFERROR(VLOOKUP(E564,Key!$A$2:$B$6,2,FALSE)+VLOOKUP(F564,Key!$C$2:$D$4,2,FALSE)+VLOOKUP(G564,Key!$C$6:$D$8,2,FALSE)+VLOOKUP('READMIT Patient Registry'!H564,Key!$C$10:$D$12,2,FALSE)+VLOOKUP('READMIT Patient Registry'!I564,Key!$E$2:$F$11,2,FALSE)+VLOOKUP('READMIT Patient Registry'!J564,Key!$G$2:$H$6,2,FALSE)+VLOOKUP('READMIT Patient Registry'!K564,Key!$G$8:$H$10,2,FALSE)+VLOOKUP('READMIT Patient Registry'!L564,Key!$G$12:$H$14,2,FALSE)+VLOOKUP('READMIT Patient Registry'!M564,Key!$I$2:$J$5,2,FALSE)+VLOOKUP('READMIT Patient Registry'!N564,Key!$K$2:$L$4,2,FALSE)+VLOOKUP('READMIT Patient Registry'!O564,Key!$K$6:$L$8,2,FALSE)+VLOOKUP('READMIT Patient Registry'!P564,Key!$M$2:$N$5,2,FALSE),\"\")","v":""},{"$f":"IFERROR(VLOOKUP(Q564,Key!$A$17:$B$20,2,TRUE),\"\")","v":""}]
[null,null,null,null,null,null,null,null,null,null,null,null,null,null,null,null,{"$f":"IFERROR(VLOOKUP(E565,Key!$A$2:$B$6,2,FALSE)+VLOOKUP(F565,Key!$C$2:$D$4,2,FALSE)+VLOOKUP(G565,Key!$C$6:$D$8,2,FALSE)+VLOOKUP('READMIT Patient Registry'!H565,Key!$C$10:$D$12,2,FALSE)+VLOOKUP('READMIT Patient Registry'!I565,Key!$E$2:$F$11,2,FALSE)+VLOOKUP('READMIT Patient Registry'!J565,Key!$G$2:$H$6,2,FALSE)+VLOOKUP('READMIT Patient Registry'!K565,Key!$G$8:$H$10,2,FALSE)+VLOOKUP('READMIT Patient Registry'!L565,Key!$G$12:$H$14,2,FALSE)+VLOOKUP('READMIT Patient Registry'!M565,Key!$I$2:$J$5,2,FALSE)+VLOOKUP('READMIT Patient Registry'!N565,Key!$K$2:$L$4,2,FALSE)+VLOOKUP('READMIT Patient Registry'!O565,Key!$K$6:$L$8,2,FALSE)+VLOOKUP('READMIT Patient Registry'!P565,Key!$M$2:$N$5,2,FALSE),\"\")","v":""},{"$f":"IFERROR(VLOOKUP(Q565,Key!$A$17:$B$20,2,TRUE),\"\")","v":""}]
[null,null,null,null,null,null,null,null,null,null,null,null,null,null,null,null,{"$f":"IFERROR(VLOOKUP(E566,Key!$A$2:$B$6,2,FALSE)+VLOOKUP(F566,Key!$C$2:$D$4,2,FALSE)+VLOOKUP(G566,Key!$C$6:$D$8,2,FALSE)+VLOOKUP('READMIT Patient Registry'!H566,Key!$C$10:$D$12,2,FALSE)+VLOOKUP('READMIT Patient Registry'!I566,Key!$E$2:$F$11,2,FALSE)+VLOOKUP('READMIT Patient Registry'!J566,Key!$G$2:$H$6,2,FALSE)+VLOOKUP('READMIT Patient Registry'!K566,Key!$G$8:$H$10,2,FALSE)+VLOOKUP('READMIT Patient Registry'!L566,Key!$G$12:$H$14,2,FALSE)+VLOOKUP('READMIT Patient Registry'!M566,Key!$I$2:$J$5,2,FALSE)+VLOOKUP('READMIT Patient Registry'!N566,Key!$K$2:$L$4,2,FALSE)+VLOOKUP('READMIT Patient Registry'!O566,Key!$K$6:$L$8,2,FALSE)+VLOOKUP('READMIT Patient Registry'!P566,Key!$M$2:$N$5,2,FALSE),\"\")","v":""},{"$f":"IFERROR(VLOOKUP(Q566,Key!$A$17:$B$20,2,TRUE),\"\")","v":""}]
[null,null,null,null,null,null,null,null,null,null,null,null,null,null,null,null,{"$f":"IFERROR(VLOOKUP(E567,Key!$A$2:$B$6,2,FALSE)+VLOOKUP(F567,Key!$C$2:$D$4,2,FALSE)+VLOOKUP(G567,Key!$C$6:$D$8,2,FALSE)+VLOOKUP('READMIT Patient Registry'!H567,Key!$C$10:$D$12,2,FALSE)+VLOOKUP('READMIT Patient Registry'!I567,Key!$E$2:$F$11,2,FALSE)+VLOOKUP('READMIT Patient Registry'!J567,Key!$G$2:$H$6,2,FALSE)+VLOOKUP('READMIT Patient Registry'!K567,Key!$G$8:$H$10,2,FALSE)+VLOOKUP('READMIT Patient Registry'!L567,Key!$G$12:$H$14,2,FALSE)+VLOOKUP('READMIT Patient Registry'!M567,Key!$I$2:$J$5,2,FALSE)+VLOOKUP('READMIT Patient Registry'!N567,Key!$K$2:$L$4,2,FALSE)+VLOOKUP('READMIT Patient Registry'!O567,Key!$K$6:$L$8,2,FALSE)+VLOOKUP('READMIT Patient Registry'!P567,Key!$M$2:$N$5,2,FALSE),\"\")","v":""},{"$f":"IFERROR(VLOOKUP(Q567,Key!$A$17:$B$20,2,TRUE),\"\")","v":""}]
[null,null,null,null,null,null,null,null,null,null,null,null,null,null,null,null,{"$f":"IFERROR(VLOOKUP(E568,Key!$A$2:$B$6,2,FALSE)+VLOOKUP(F568,Key!$C$2:$D$4,2,FALSE)+VLOOKUP(G568,Key!$C$6:$D$8,2,FALSE)+VLOOKUP('READMIT Patient Registry'!H568,Key!$C$10:$D$12,2,FALSE)+VLOOKUP('READMIT Patient Registry'!I568,Key!$E$2:$F$11,2,FALSE)+VLOOKUP('READMIT Patient Registry'!J568,Key!$G$2:$H$6,2,FALSE)+VLOOKUP('READMIT Patient Registry'!K568,Key!$G$8:$H$10,2,FALSE)+VLOOKUP('READMIT Patient Registry'!L568,Key!$G$12:$H$14,2,FALSE)+VLOOKUP('READMIT Patient Registry'!M568,Key!$I$2:$J$5,2,FALSE)+VLOOKUP('READMIT Patient Registry'!N568,Key!$K$2:$L$4,2,FALSE)+VLOOKUP('READMIT Patient Registry'!O568,Key!$K$6:$L$8,2,FALSE)+VLOOKUP('READMIT Patient Registry'!P568,Key!$M$2:$N$5,2,FALSE),\"\")","v":""},{"$f":"IFERROR(VLOOKUP(Q568,Key!$A$17:$B$20,2,TRUE),\"\")","v":""}]
[null,null,null,null,null,null,null,null,null,null,null,null,null,null,null,null,{"$f":"IFERROR(VLOOKUP(E569,Key!$A$2:$B$6,2,FALSE)+VLOOKUP(F569,Key!$C$2:$D$4,2,FALSE)+VLOOKUP(G569,Key!$C$6:$D$8,2,FALSE)+VLOOKUP('READMIT Patient Registry'!H569,Key!$C$10:$D$12,2,FALSE)+VLOOKUP('READMIT Patient Registry'!I569,Key!$E$2:$F$11,2,FALSE)+VLOOKUP('READMIT Patient Registry'!J569,Key!$G$2:$H$6,2,FALSE)+VLOOKUP('READMIT Patient Registry'!K569,Key!$G$8:$H$10,2,FALSE)+VLOOKUP('READMIT Patient Registry'!L569,Key!$G$12:$H$14,2,FALSE)+VLOOKUP('READMIT Patient Registry'!M569,Key!$I$2:$J$5,2,FALSE)+VLOOKUP('READMIT Patient Registry'!N569,Key!$K$2:$L$4,2,FALSE)+VLOOKUP('READMIT Patient Registry'!O569,Key!$K$6:$L$8,2,FALSE)+VLOOKUP('READMIT Patient Registry'!P569,Key!$M$2:$N$5,2,FALSE),\"\")","v":""},{"$f":"IFERROR(VLOOKUP(Q569,Key!$A$17:$B$20,2,TRUE),\"\")","v":""}]
[null,null,null,null,null,null,null,null,null,null,null,null,null,null,null,null,{"$f":"IFERROR(VLOOKUP(E570,Key!$A$2:$B$6,2,FALSE)+VLOOKUP(F570,Key!$C$2:$D$4,2,FALSE)+VLOOKUP(G570,Key!$C$6:$D$8,2,FALSE)+VLOOKUP('READMIT Patient Registry'!H570,Key!$C$10:$D$12,2,FALSE)+VLOOKUP('READMIT Patient Registry'!I570,Key!$E$2:$F$11,2,FALSE)+VLOOKUP('READMIT Patient Registry'!J570,Key!$G$2:$H$6,2,FALSE)+VLOOKUP('READMIT Patient Registry'!K570,Key!$G$8:$H$10,2,FALSE)+VLOOKUP('READMIT Patient Registry'!L570,Key!$G$12:$H$14,2,FALSE)+VLOOKUP('READMIT Patient Registry'!M570,Key!$I$2:$J$5,2,FALSE)+VLOOKUP('READMIT Patient Registry'!N570,Key!$K$2:$L$4,2,FALSE)+VLOOKUP('READMIT Patient Registry'!O570,Key!$K$6:$L$8,2,FALSE)+VLOOKUP('READMIT Patient Registry'!P570,Key!$M$2:$N$5,2,FALSE),\"\")","v":""},{"$f":"IFERROR(VLOOKUP(Q570,Key!$A$17:$B$20,2,TRUE),\"\")","v":""}]
[null,null,null,null,null,null,null,null,null,null,null,null,null,null,null,null,{"$f":"IFERROR(VLOOKUP(E571,Key!$A$2:$B$6,2,FALSE)+VLOOKUP(F571,Key!$C$2:$D$4,2,FALSE)+VLOOKUP(G571,Key!$C$6:$D$8,2,FALSE)+VLOOKUP('READMIT Patient Registry'!H571,Key!$C$10:$D$12,2,FALSE)+VLOOKUP('READMIT Patient Registry'!I571,Key!$E$2:$F$11,2,FALSE)+VLOOKUP('READMIT Patient Registry'!J571,Key!$G$2:$H$6,2,FALSE)+VLOOKUP('READMIT Patient Registry'!K571,Key!$G$8:$H$10,2,FALSE)+VLOOKUP('READMIT Patient Registry'!L571,Key!$G$12:$H$14,2,FALSE)+VLOOKUP('READMIT Patient Registry'!M571,Key!$I$2:$J$5,2,FALSE)+VLOOKUP('READMIT Patient Registry'!N571,Key!$K$2:$L$4,2,FALSE)+VLOOKUP('READMIT Patient Registry'!O571,Key!$K$6:$L$8,2,FALSE)+VLOOKUP('READMIT Patient Registry'!P571,Key!$M$2:$N$5,2,FALSE),\"\")","v":""},{"$f":"IFERROR(VLOOKUP(Q571,Key!$A$17:$B$20,2,TRUE),\"\")","v":""}]
[null,null,null,null,null,null,null,null,null,null,null,null,null,null,null,null,{"$f":"IFERROR(VLOOKUP(E572,Key!$A$2:$B$6,2,FALSE)+VLOOKUP(F572,Key!$C$2:$D$4,2,FALSE)+VLOOKUP(G572,Key!$C$6:$D$8,2,FALSE)+VLOOKUP('READMIT Patient Registry'!H572,Key!$C$10:$D$12,2,FALSE)+VLOOKUP('READMIT Patient Registry'!I572,Key!$E$2:$F$11,2,FALSE)+VLOOKUP('READMIT Patient Registry'!J572,Key!$G$2:$H$6,2,FALSE)+VLOOKUP('READMIT Patient Registry'!K572,Key!$G$8:$H$10,2,FALSE)+VLOOKUP('READMIT Patient Registry'!L572,Key!$G$12:$H$14,2,FALSE)+VLOOKUP('READMIT Patient Registry'!M572,Key!$I$2:$J$5,2,FALSE)+VLOOKUP('READMIT Patient Registry'!N572,Key!$K$2:$L$4,2,FALSE)+VLOOKUP('READMIT Patient Registry'!O572,Key!$K$6:$L$8,2,FALSE)+VLOOKUP('READMIT Patient Registry'!P572,Key!$M$2:$N$5,2,FALSE),\"\")","v":""},{"$f":"IFERROR(VLOOKUP(Q572,Key!$A$17:$B$20,2,TRUE),\"\")","v":""}]
[null,null,null,null,null,null,null,null,null,null,null,null,null,null,null,null,{"$f":"IFERROR(VLOOKUP(E573,Key!$A$2:$B$6,2,FALSE)+VLOOKUP(F573,Key!$C$2:$D$4,2,FALSE)+VLOOKUP(G573,Key!$C$6:$D$8,2,FALSE)+VLOOKUP('READMIT Patient Registry'!H573,Key!$C$10:$D$12,2,FALSE)+VLOOKUP('READMIT Patient Registry'!I573,Key!$E$2:$F$11,2,FALSE)+VLOOKUP('READMIT Patient Registry'!J573,Key!$G$2:$H$6,2,FALSE)+VLOOKUP('READMIT Patient Registry'!K573,Key!$G$8:$H$10,2,FALSE)+VLOOKUP('READMIT Patient Registry'!L573,Key!$G$12:$H$14,2,FALSE)+VLOOKUP('READMIT Patient Registry'!M573,Key!$I$2:$J$5,2,FALSE)+VLOOKUP('READMIT Patient Registry'!N573,Key!$K$2:$L$4,2,FALSE)+VLOOKUP('READMIT Patient Registry'!O573,Key!$K$6:$L$8,2,FALSE)+VLOOKUP('READMIT Patient Registry'!P573,Key!$M$2:$N$5,2,FALSE),\"\")","v":""},{"$f":"IFERROR(VLOOKUP(Q573,Key!$A$17:$B$20,2,TRUE),\"\")","v":""}]
[null,null,null,null,null,null,null,null,null,null,null,null,null,null,null,null,{"$f":"IFERROR(VLOOKUP(E574,Key!$A$2:$B$6,2,FALSE)+VLOOKUP(F574,Key!$C$2:$D$4,2,FALSE)+VLOOKUP(G574,Key!$C$6:$D$8,2,FALSE)+VLOOKUP('READMIT Patient Registry'!H574,Key!$C$10:$D$12,2,FALSE)+VLOOKUP('READMIT Patient Registry'!I574,Key!$E$2:$F$11,2,FALSE)+VLOOKUP('READMIT Patient Registry'!J574,Key!$G$2:$H$6,2,FALSE)+VLOOKUP('READMIT Patient Registry'!K574,Key!$G$8:$H$10,2,FALSE)+VLOOKUP('READMIT Patient Registry'!L574,Key!$G$12:$H$14,2,FALSE)+VLOOKUP('READMIT Patient Registry'!M574,Key!$I$2:$J$5,2,FALSE)+VLOOKUP('READMIT Patient Registry'!N574,Key!$K$2:$L$4,2,FALSE)+VLOOKUP('READMIT Patient Registry'!O574,Key!$K$6:$L$8,2,FALSE)+VLOOKUP('READMIT Patient Registry'!P574,Key!$M$2:$N$5,2,FALSE),\"\")","v":""},{"$f":"IFERROR(VLOOKUP(Q574,Key!$A$17:$B$20,2,TRUE),\"\")","v":""}]
[null,null,null,null,null,null,null,null,null,null,null,null,null,null,null,null,{"$f":"IFERROR(VLOOKUP(E575,Key!$A$2:$B$6,2,FALSE)+VLOOKUP(F575,Key!$C$2:$D$4,2,FALSE)+VLOOKUP(G575,Key!$C$6:$D$8,2,FALSE)+VLOOKUP('READMIT Patient Registry'!H575,Key!$C$10:$D$12,2,FALSE)+VLOOKUP('READMIT Patient Registry'!I575,Key!$E$2:$F$11,2,FALSE)+VLOOKUP('READMIT Patient Registry'!J575,Key!$G$2:$H$6,2,FALSE)+VLOOKUP('READMIT Patient Registry'!K575,Key!$G$8:$H$10,2,FALSE)+VLOOKUP('READMIT Patient Registry'!L575,Key!$G$12:$H$14,2,FALSE)+VLOOKUP('READMIT Patient Registry'!M575,Key!$I$2:$J$5,2,FALSE)+VLOOKUP('READMIT Patient Registry'!N575,Key!$K$2:$L$4,2,FALSE)+VLOOKUP('READMIT Patient Registry'!O575,Key!$K$6:$L$8,2,FALSE)+VLOOKUP('READMIT Patient Registry'!P575,Key!$M$2:$N$5,2,FALSE),\"\")","v":""},{"$f":"IFERROR(VLOOKUP(Q575,Key!$A$17:$B$20,2,TRUE),\"\")","v":""}]
[null,null,null,null,null,null,null,null,null,null,null,null,null,null,null,null,{"$f":"IFERROR(VLOOKUP(E576,Key!$A$2:$B$6,2,FALSE)+VLOOKUP(F576,Key!$C$2:$D$4,2,FALSE)+VLOOKUP(G576,Key!$C$6:$D$8,2,FALSE)+VLOOKUP('READMIT Patient Registry'!H576,Key!$C$10:$D$12,2,FALSE)+VLOOKUP('READMIT Patient Registry'!I576,Key!$E$2:$F$11,2,FALSE)+VLOOKUP('READMIT Patient Registry'!J576,Key!$G$2:$H$6,2,FALSE)+VLOOKUP('READMIT Patient Registry'!K576,Key!$G$8:$H$10,2,FALSE)+VLOOKUP('READMIT Patient Registry'!L576,Key!$G$12:$H$14,2,FALSE)+VLOOKUP('READMIT Patient Registry'!M576,Key!$I$2:$J$5,2,FALSE)+VLOOKUP('READMIT Patient Registry'!N576,Key!$K$2:$L$4,2,FALSE)+VLOOKUP('READMIT Patient Registry'!O576,Key!$K$6:$L$8,2,FALSE)+VLOOKUP('READMIT Patient Registry'!P576,Key!$M$2:$N$5,2,FALSE),\"\")","v":""},{"$f":"IFERROR(VLOOKUP(Q576,Key!$A$17:$B$20,2,TRUE),\"\")","v":""}]
[null,null,null,null,null,null,null,null,null,null,null,null,null,null,null,null,{"$f":"IFERROR(VLOOKUP(E577,Key!$A$2:$B$6,2,FALSE)+VLOOKUP(F577,Key!$C$2:$D$4,2,FALSE)+VLOOKUP(G577,Key!$C$6:$D$8,2,FALSE)+VLOOKUP('READMIT Patient Registry'!H577,Key!$C$10:$D$12,2,FALSE)+VLOOKUP('READMIT Patient Registry'!I577,Key!$E$2:$F$11,2,FALSE)+VLOOKUP('READMIT Patient Registry'!J577,Key!$G$2:$H$6,2,FALSE)+VLOOKUP('READMIT Patient Registry'!K577,Key!$G$8:$H$10,2,FALSE)+VLOOKUP('READMIT Patient Registry'!L577,Key!$G$12:$H$14,2,FALSE)+VLOOKUP('READMIT Patient Registry'!M577,Key!$I$2:$J$5,2,FALSE)+VLOOKUP('READMIT Patient Registry'!N577,Key!$K$2:$L$4,2,FALSE)+VLOOKUP('READMIT Patient Registry'!O577,Key!$K$6:$L$8,2,FALSE)+VLOOKUP('READMIT Patient Registry'!P577,Key!$M$2:$N$5,2,FALSE),\"\")","v":""},{"$f":"IFERROR(VLOOKUP(Q577,Key!$A$17:$B$20,2,TRUE),\"\")","v":""}]
[null,null,null,null,null,null,null,null,null,null,null,null,null,null,null,null,{"$f":"IFERROR(VLOOKUP(E578,Key!$A$2:$B$6,2,FALSE)+VLOOKUP(F578,Key!$C$2:$D$4,2,FALSE)+VLOOKUP(G578,Key!$C$6:$D$8,2,FALSE)+VLOOKUP('READMIT Patient Registry'!H578,Key!$C$10:$D$12,2,FALSE)+VLOOKUP('READMIT Patient Registry'!I578,Key!$E$2:$F$11,2,FALSE)+VLOOKUP('READMIT Patient Registry'!J578,Key!$G$2:$H$6,2,FALSE)+VLOOKUP('READMIT Patient Registry'!K578,Key!$G$8:$H$10,2,FALSE)+VLOOKUP('READMIT Patient Registry'!L578,Key!$G$12:$H$14,2,FALSE)+VLOOKUP('READMIT Patient Registry'!M578,Key!$I$2:$J$5,2,FALSE)+VLOOKUP('READMIT Patient Registry'!N578,Key!$K$2:$L$4,2,FALSE)+VLOOKUP('READMIT Patient Registry'!O578,Key!$K$6:$L$8,2,FALSE)+VLOOKUP('READMIT Patient Registry'!P578,Key!$M$2:$N$5,2,FALSE),\"\")","v":""},{"$f":"IFERROR(VLOOKUP(Q578,Key!$A$17:$B$20,2,TRUE),\"\")","v":""}]
[null,null,null,null,null,null,null,null,null,null,null,null,null,null,null,null,{"$f":"IFERROR(VLOOKUP(E579,Key!$A$2:$B$6,2,FALSE)+VLOOKUP(F579,Key!$C$2:$D$4,2,FALSE)+VLOOKUP(G579,Key!$C$6:$D$8,2,FALSE)+VLOOKUP('READMIT Patient Registry'!H579,Key!$C$10:$D$12,2,FALSE)+VLOOKUP('READMIT Patient Registry'!I579,Key!$E$2:$F$11,2,FALSE)+VLOOKUP('READMIT Patient Registry'!J579,Key!$G$2:$H$6,2,FALSE)+VLOOKUP('READMIT Patient Registry'!K579,Key!$G$8:$H$10,2,FALSE)+VLOOKUP('READMIT Patient Registry'!L579,Key!$G$12:$H$14,2,FALSE)+VLOOKUP('READMIT Patient Registry'!M579,Key!$I$2:$J$5,2,FALSE)+VLOOKUP('READMIT Patient Registry'!N579,Key!$K$2:$L$4,2,FALSE)+VLOOKUP('READMIT Patient Registry'!O579,Key!$K$6:$L$8,2,FALSE)+VLOOKUP('READMIT Patient Registry'!P579,Key!$M$2:$N$5,2,FALSE),\"\")","v":""},{"$f":"IFERROR(VLOOKUP(Q579,Key!$A$17:$B$20,2,TRUE),\"\")","v":""}]
[null,null,null,null,null,null,null,null,null,null,null,null,null,null,null,null,{"$f":"IFERROR(VLOOKUP(E580,Key!$A$2:$B$6,2,FALSE)+VLOOKUP(F580,Key!$C$2:$D$4,2,FALSE)+VLOOKUP(G580,Key!$C$6:$D$8,2,FALSE)+VLOOKUP('READMIT Patient Registry'!H580,Key!$C$10:$D$12,2,FALSE)+VLOOKUP('READMIT Patient Registry'!I580,Key!$E$2:$F$11,2,FALSE)+VLOOKUP('READMIT Patient Registry'!J580,Key!$G$2:$H$6,2,FALSE)+VLOOKUP('READMIT Patient Registry'!K580,Key!$G$8:$H$10,2,FALSE)+VLOOKUP('READMIT Patient Registry'!L580,Key!$G$12:$H$14,2,FALSE)+VLOOKUP('READMIT Patient Registry'!M580,Key!$I$2:$J$5,2,FALSE)+VLOOKUP('READMIT Patient Registry'!N580,Key!$K$2:$L$4,2,FALSE)+VLOOKUP('READMIT Patient Registry'!O580,Key!$K$6:$L$8,2,FALSE)+VLOOKUP('READMIT Patient Registry'!P580,Key!$M$2:$N$5,2,FALSE),\"\")","v":""},{"$f":"IFERROR(VLOOKUP(Q580,Key!$A$17:$B$20,2,TRUE),\"\")","v":""}]
[null,null,null,null,null,null,null,null,null,null,null,null,null,null,null,null,{"$f":"IFERROR(VLOOKUP(E581,Key!$A$2:$B$6,2,FALSE)+VLOOKUP(F581,Key!$C$2:$D$4,2,FALSE)+VLOOKUP(G581,Key!$C$6:$D$8,2,FALSE)+VLOOKUP('READMIT Patient Registry'!H581,Key!$C$10:$D$12,2,FALSE)+VLOOKUP('READMIT Patient Registry'!I581,Key!$E$2:$F$11,2,FALSE)+VLOOKUP('READMIT Patient Registry'!J581,Key!$G$2:$H$6,2,FALSE)+VLOOKUP('READMIT Patient Registry'!K581,Key!$G$8:$H$10,2,FALSE)+VLOOKUP('READMIT Patient Registry'!L581,Key!$G$12:$H$14,2,FALSE)+VLOOKUP('READMIT Patient Registry'!M581,Key!$I$2:$J$5,2,FALSE)+VLOOKUP('READMIT Patient Registry'!N581,Key!$K$2:$L$4,2,FALSE)+VLOOKUP('READMIT Patient Registry'!O581,Key!$K$6:$L$8,2,FALSE)+VLOOKUP('READMIT Patient Registry'!P581,Key!$M$2:$N$5,2,FALSE),\"\")","v":""},{"$f":"IFERROR(VLOOKUP(Q581,Key!$A$17:$B$20,2,TRUE),\"\")","v":""}]
[null,null,null,null,null,null,null,null,null,null,null,null,null,null,null,null,{"$f":"IFERROR(VLOOKUP(E582,Key!$A$2:$B$6,2,FALSE)+VLOOKUP(F582,Key!$C$2:$D$4,2,FALSE)+VLOOKUP(G582,Key!$C$6:$D$8,2,FALSE)+VLOOKUP('READMIT Patient Registry'!H582,Key!$C$10:$D$12,2,FALSE)+VLOOKUP('READMIT Patient Registry'!I582,Key!$E$2:$F$11,2,FALSE)+VLOOKUP('READMIT Patient Registry'!J582,Key!$G$2:$H$6,2,FALSE)+VLOOKUP('READMIT Patient Registry'!K582,Key!$G$8:$H$10,2,FALSE)+VLOOKUP('READMIT Patient Registry'!L582,Key!$G$12:$H$14,2,FALSE)+VLOOKUP('READMIT Patient Registry'!M582,Key!$I$2:$J$5,2,FALSE)+VLOOKUP('READMIT Patient Registry'!N582,Key!$K$2:$L$4,2,FALSE)+VLOOKUP('READMIT Patient Registry'!O582,Key!$K$6:$L$8,2,FALSE)+VLOOKUP('READMIT Patient Registry'!P582,Key!$M$2:$N$5,2,FALSE),\"\")","v":""},{"$f":"IFERROR(VLOOKUP(Q582,Key!$A$17:$B$20,2,TRUE),\"\")","v":""}]
[null,null,null,null,null,null,null,null,null,null,null,null,null,null,null,null,{"$f":"IFERROR(VLOOKUP(E583,Key!$A$2:$B$6,2,FALSE)+VLOOKUP(F583,Key!$C$2:$D$4,2,FALSE)+VLOOKUP(G583,Key!$C$6:$D$8,2,FALSE)+VLOOKUP('READMIT Patient Registry'!H583,Key!$C$10:$D$12,2,FALSE)+VLOOKUP('READMIT Patient Registry'!I583,Key!$E$2:$F$11,2,FALSE)+VLOOKUP('READMIT Patient Registry'!J583,Key!$G$2:$H$6,2,FALSE)+VLOOKUP('READMIT Patient Registry'!K583,Key!$G$8:$H$10,2,FALSE)+VLOOKUP('READMIT Patient Registry'!L583,Key!$G$12:$H$14,2,FALSE)+VLOOKUP('READMIT Patient Registry'!M583,Key!$I$2:$J$5,2,FALSE)+VLOOKUP('READMIT Patient Registry'!N583,Key!$K$2:$L$4,2,FALSE)+VLOOKUP('READMIT Patient Registry'!O583,Key!$K$6:$L$8,2,FALSE)+VLOOKUP('READMIT Patient Registry'!P583,Key!$M$2:$N$5,2,FALSE),\"\")","v":""},{"$f":"IFERROR(VLOOKUP(Q583,Key!$A$17:$B$20,2,TRUE),\"\")","v":""}]
[null,null,null,null,null,null,null,null,null,null,null,null,null,null,null,null,{"$f":"IFERROR(VLOOKUP(E584,Key!$A$2:$B$6,2,FALSE)+VLOOKUP(F584,Key!$C$2:$D$4,2,FALSE)+VLOOKUP(G584,Key!$C$6:$D$8,2,FALSE)+VLOOKUP('READMIT Patient Registry'!H584,Key!$C$10:$D$12,2,FALSE)+VLOOKUP('READMIT Patient Registry'!I584,Key!$E$2:$F$11,2,FALSE)+VLOOKUP('READMIT Patient Registry'!J584,Key!$G$2:$H$6,2,FALSE)+VLOOKUP('READMIT Patient Registry'!K584,Key!$G$8:$H$10,2,FALSE)+VLOOKUP('READMIT Patient Registry'!L584,Key!$G$12:$H$14,2,FALSE)+VLOOKUP('READMIT Patient Registry'!M584,Key!$I$2:$J$5,2,FALSE)+VLOOKUP('READMIT Patient Registry'!N584,Key!$K$2:$L$4,2,FALSE)+VLOOKUP('READMIT Patient Registry'!O584,Key!$K$6:$L$8,2,FALSE)+VLOOKUP('READMIT Patient Registry'!P584,Key!$M$2:$N$5,2,FALSE),\"\")","v":""},{"$f":"IFERROR(VLOOKUP(Q584,Key!$A$17:$B$20,2,TRUE),\"\")","v":""}]
[null,null,null,null,null,null,null,null,null,null,null,null,null,null,null,null,{"$f":"IFERROR(VLOOKUP(E585,Key!$A$2:$B$6,2,FALSE)+VLOOKUP(F585,Key!$C$2:$D$4,2,FALSE)+VLOOKUP(G585,Key!$C$6:$D$8,2,FALSE)+VLOOKUP('READMIT Patient Registry'!H585,Key!$C$10:$D$12,2,FALSE)+VLOOKUP('READMIT Patient Registry'!I585,Key!$E$2:$F$11,2,FALSE)+VLOOKUP('READMIT Patient Registry'!J585,Key!$G$2:$H$6,2,FALSE)+VLOOKUP('READMIT Patient Registry'!K585,Key!$G$8:$H$10,2,FALSE)+VLOOKUP('READMIT Patient Registry'!L585,Key!$G$12:$H$14,2,FALSE)+VLOOKUP('READMIT Patient Registry'!M585,Key!$I$2:$J$5,2,FALSE)+VLOOKUP('READMIT Patient Registry'!N585,Key!$K$2:$L$4,2,FALSE)+VLOOKUP('READMIT Patient Registry'!O585,Key!$K$6:$L$8,2,FALSE)+VLOOKUP('READMIT Patient Registry'!P585,Key!$M$2:$N$5,2,FALSE),\"\")","v":""},{"$f":"IFERROR(VLOOKUP(Q585,Key!$A$17:$B$20,2,TRUE),\"\")","v":""}]
[null,null,null,null,null,null,null,null,null,null,null,null,null,null,null,null,{"$f":"IFERROR(VLOOKUP(E586,Key!$A$2:$B$6,2,FALSE)+VLOOKUP(F586,Key!$C$2:$D$4,2,FALSE)+VLOOKUP(G586,Key!$C$6:$D$8,2,FALSE)+VLOOKUP('READMIT Patient Registry'!H586,Key!$C$10:$D$12,2,FALSE)+VLOOKUP('READMIT Patient Registry'!I586,Key!$E$2:$F$11,2,FALSE)+VLOOKUP('READMIT Patient Registry'!J586,Key!$G$2:$H$6,2,FALSE)+VLOOKUP('READMIT Patient Registry'!K586,Key!$G$8:$H$10,2,FALSE)+VLOOKUP('READMIT Patient Registry'!L586,Key!$G$12:$H$14,2,FALSE)+VLOOKUP('READMIT Patient Registry'!M586,Key!$I$2:$J$5,2,FALSE)+VLOOKUP('READMIT Patient Registry'!N586,Key!$K$2:$L$4,2,FALSE)+VLOOKUP('READMIT Patient Registry'!O586,Key!$K$6:$L$8,2,FALSE)+VLOOKUP('READMIT Patient Registry'!P586,Key!$M$2:$N$5,2,FALSE),\"\")","v":""},{"$f":"IFERROR(VLOOKUP(Q586,Key!$A$17:$B$20,2,TRUE),\"\")","v":""}]
[null,null,null,null,null,null,null,null,null,null,null,null,null,null,null,null,{"$f":"IFERROR(VLOOKUP(E587,Key!$A$2:$B$6,2,FALSE)+VLOOKUP(F587,Key!$C$2:$D$4,2,FALSE)+VLOOKUP(G587,Key!$C$6:$D$8,2,FALSE)+VLOOKUP('READMIT Patient Registry'!H587,Key!$C$10:$D$12,2,FALSE)+VLOOKUP('READMIT Patient Registry'!I587,Key!$E$2:$F$11,2,FALSE)+VLOOKUP('READMIT Patient Registry'!J587,Key!$G$2:$H$6,2,FALSE)+VLOOKUP('READMIT Patient Registry'!K587,Key!$G$8:$H$10,2,FALSE)+VLOOKUP('READMIT Patient Registry'!L587,Key!$G$12:$H$14,2,FALSE)+VLOOKUP('READMIT Patient Registry'!M587,Key!$I$2:$J$5,2,FALSE)+VLOOKUP('READMIT Patient Registry'!N587,Key!$K$2:$L$4,2,FALSE)+VLOOKUP('READMIT Patient Registry'!O587,Key!$K$6:$L$8,2,FALSE)+VLOOKUP('READMIT Patient Registry'!P587,Key!$M$2:$N$5,2,FALSE),\"\")","v":""},{"$f":"IFERROR(VLOOKUP(Q587,Key!$A$17:$B$20,2,TRUE),\"\")","v":""}]
[null,null,null,null,null,null,null,null,null,null,null,null,null,null,null,null,{"$f":"IFERROR(VLOOKUP(E588,Key!$A$2:$B$6,2,FALSE)+VLOOKUP(F588,Key!$C$2:$D$4,2,FALSE)+VLOOKUP(G588,Key!$C$6:$D$8,2,FALSE)+VLOOKUP('READMIT Patient Registry'!H588,Key!$C$10:$D$12,2,FALSE)+VLOOKUP('READMIT Patient Registry'!I588,Key!$E$2:$F$11,2,FALSE)+VLOOKUP('READMIT Patient Registry'!J588,Key!$G$2:$H$6,2,FALSE)+VLOOKUP('READMIT Patient Registry'!K588,Key!$G$8:$H$10,2,FALSE)+VLOOKUP('READMIT Patient Registry'!L588,Key!$G$12:$H$14,2,FALSE)+VLOOKUP('READMIT Patient Registry'!M588,Key!$I$2:$J$5,2,FALSE)+VLOOKUP('READMIT Patient Registry'!N588,Key!$K$2:$L$4,2,FALSE)+VLOOKUP('READMIT Patient Registry'!O588,Key!$K$6:$L$8,2,FALSE)+VLOOKUP('READMIT Patient Registry'!P588,Key!$M$2:$N$5,2,FALSE),\"\")","v":""},{"$f":"IFERROR(VLOOKUP(Q588,Key!$A$17:$B$20,2,TRUE),\"\")","v":""}]
[null,null,null,null,null,null,null,null,null,null,null,null,null,null,null,null,{"$f":"IFERROR(VLOOKUP(E589,Key!$A$2:$B$6,2,FALSE)+VLOOKUP(F589,Key!$C$2:$D$4,2,FALSE)+VLOOKUP(G589,Key!$C$6:$D$8,2,FALSE)+VLOOKUP('READMIT Patient Registry'!H589,Key!$C$10:$D$12,2,FALSE)+VLOOKUP('READMIT Patient Registry'!I589,Key!$E$2:$F$11,2,FALSE)+VLOOKUP('READMIT Patient Registry'!J589,Key!$G$2:$H$6,2,FALSE)+VLOOKUP('READMIT Patient Registry'!K589,Key!$G$8:$H$10,2,FALSE)+VLOOKUP('READMIT Patient Registry'!L589,Key!$G$12:$H$14,2,FALSE)+VLOOKUP('READMIT Patient Registry'!M589,Key!$I$2:$J$5,2,FALSE)+VLOOKUP('READMIT Patient Registry'!N589,Key!$K$2:$L$4,2,FALSE)+VLOOKUP('READMIT Patient Registry'!O589,Key!$K$6:$L$8,2,FALSE)+VLOOKUP('READMIT Patient Registry'!P589,Key!$M$2:$N$5,2,FALSE),\"\")","v":""},{"$f":"IFERROR(VLOOKUP(Q589,Key!$A$17:$B$20,2,TRUE),\"\")","v":""}]
[null,null,null,null,null,null,null,null,null,null,null,null,null,null,null,null,{"$f":"IFERROR(VLOOKUP(E590,Key!$A$2:$B$6,2,FALSE)+VLOOKUP(F590,Key!$C$2:$D$4,2,FALSE)+VLOOKUP(G590,Key!$C$6:$D$8,2,FALSE)+VLOOKUP('READMIT Patient Registry'!H590,Key!$C$10:$D$12,2,FALSE)+VLOOKUP('READMIT Patient Registry'!I590,Key!$E$2:$F$11,2,FALSE)+VLOOKUP('READMIT Patient Registry'!J590,Key!$G$2:$H$6,2,FALSE)+VLOOKUP('READMIT Patient Registry'!K590,Key!$G$8:$H$10,2,FALSE)+VLOOKUP('READMIT Patient Registry'!L590,Key!$G$12:$H$14,2,FALSE)+VLOOKUP('READMIT Patient Registry'!M590,Key!$I$2:$J$5,2,FALSE)+VLOOKUP('READMIT Patient Registry'!N590,Key!$K$2:$L$4,2,FALSE)+VLOOKUP('READMIT Patient Registry'!O590,Key!$K$6:$L$8,2,FALSE)+VLOOKUP('READMIT Patient Registry'!P590,Key!$M$2:$N$5,2,FALSE),\"\")","v":""},{"$f":"IFERROR(VLOOKUP(Q590,Key!$A$17:$B$20,2,TRUE),\"\")","v":""}]
[null,null,null,null,null,null,null,null,null,null,null,null,null,null,null,null,{"$f":"IFERROR(VLOOKUP(E591,Key!$A$2:$B$6,2,FALSE)+VLOOKUP(F591,Key!$C$2:$D$4,2,FALSE)+VLOOKUP(G591,Key!$C$6:$D$8,2,FALSE)+VLOOKUP('READMIT Patient Registry'!H591,Key!$C$10:$D$12,2,FALSE)+VLOOKUP('READMIT Patient Registry'!I591,Key!$E$2:$F$11,2,FALSE)+VLOOKUP('READMIT Patient Registry'!J591,Key!$G$2:$H$6,2,FALSE)+VLOOKUP('READMIT Patient Registry'!K591,Key!$G$8:$H$10,2,FALSE)+VLOOKUP('READMIT Patient Registry'!L591,Key!$G$12:$H$14,2,FALSE)+VLOOKUP('READMIT Patient Registry'!M591,Key!$I$2:$J$5,2,FALSE)+VLOOKUP('READMIT Patient Registry'!N591,Key!$K$2:$L$4,2,FALSE)+VLOOKUP('READMIT Patient Registry'!O591,Key!$K$6:$L$8,2,FALSE)+VLOOKUP('READMIT Patient Registry'!P591,Key!$M$2:$N$5,2,FALSE),\"\")","v":""},{"$f":"IFERROR(VLOOKUP(Q591,Key!$A$17:$B$20,2,TRUE),\"\")","v":""}]
[null,null,null,null,null,null,null,null,null,null,null,null,null,null,null,null,{"$f":"IFERROR(VLOOKUP(E592,Key!$A$2:$B$6,2,FALSE)+VLOOKUP(F592,Key!$C$2:$D$4,2,FALSE)+VLOOKUP(G592,Key!$C$6:$D$8,2,FALSE)+VLOOKUP('READMIT Patient Registry'!H592,Key!$C$10:$D$12,2,FALSE)+VLOOKUP('READMIT Patient Registry'!I592,Key!$E$2:$F$11,2,FALSE)+VLOOKUP('READMIT Patient Registry'!J592,Key!$G$2:$H$6,2,FALSE)+VLOOKUP('READMIT Patient Registry'!K592,Key!$G$8:$H$10,2,FALSE)+VLOOKUP('READMIT Patient Registry'!L592,Key!$G$12:$H$14,2,FALSE)+VLOOKUP('READMIT Patient Registry'!M592,Key!$I$2:$J$5,2,FALSE)+VLOOKUP('READMIT Patient Registry'!N592,Key!$K$2:$L$4,2,FALSE)+VLOOKUP('READMIT Patient Registry'!O592,Key!$K$6:$L$8,2,FALSE)+VLOOKUP('READMIT Patient Registry'!P592,Key!$M$2:$N$5,2,FALSE),\"\")","v":""},{"$f":"IFERROR(VLOOKUP(Q592,Key!$A$17:$B$20,2,TRUE),\"\")","v":""}]
[null,null,null,null,null,null,null,null,null,null,null,null,null,null,null,null,{"$f":"IFERROR(VLOOKUP(E593,Key!$A$2:$B$6,2,FALSE)+VLOOKUP(F593,Key!$C$2:$D$4,2,FALSE)+VLOOKUP(G593,Key!$C$6:$D$8,2,FALSE)+VLOOKUP('READMIT Patient Registry'!H593,Key!$C$10:$D$12,2,FALSE)+VLOOKUP('READMIT Patient Registry'!I593,Key!$E$2:$F$11,2,FALSE)+VLOOKUP('READMIT Patient Registry'!J593,Key!$G$2:$H$6,2,FALSE)+VLOOKUP('READMIT Patient Registry'!K593,Key!$G$8:$H$10,2,FALSE)+VLOOKUP('READMIT Patient Registry'!L593,Key!$G$12:$H$14,2,FALSE)+VLOOKUP('READMIT Patient Registry'!M593,Key!$I$2:$J$5,2,FALSE)+VLOOKUP('READMIT Patient Registry'!N593,Key!$K$2:$L$4,2,FALSE)+VLOOKUP('READMIT Patient Registry'!O593,Key!$K$6:$L$8,2,FALSE)+VLOOKUP('READMIT Patient Registry'!P593,Key!$M$2:$N$5,2,FALSE),\"\")","v":""},{"$f":"IFERROR(VLOOKUP(Q593,Key!$A$17:$B$20,2,TRUE),\"\")","v":""}]
[null,null,null,null,null,null,null,null,null,null,null,null,null,null,null,null,{"$f":"IFERROR(VLOOKUP(E594,Key!$A$2:$B$6,2,FALSE)+VLOOKUP(F594,Key!$C$2:$D$4,2,FALSE)+VLOOKUP(G594,Key!$C$6:$D$8,2,FALSE)+VLOOKUP('READMIT Patient Registry'!H594,Key!$C$10:$D$12,2,FALSE)+VLOOKUP('READMIT Patient Registry'!I594,Key!$E$2:$F$11,2,FALSE)+VLOOKUP('READMIT Patient Registry'!J594,Key!$G$2:$H$6,2,FALSE)+VLOOKUP('READMIT Patient Registry'!K594,Key!$G$8:$H$10,2,FALSE)+VLOOKUP('READMIT Patient Registry'!L594,Key!$G$12:$H$14,2,FALSE)+VLOOKUP('READMIT Patient Registry'!M594,Key!$I$2:$J$5,2,FALSE)+VLOOKUP('READMIT Patient Registry'!N594,Key!$K$2:$L$4,2,FALSE)+VLOOKUP('READMIT Patient Registry'!O594,Key!$K$6:$L$8,2,FALSE)+VLOOKUP('READMIT Patient Registry'!P594,Key!$M$2:$N$5,2,FALSE),\"\")","v":""},{"$f":"IFERROR(VLOOKUP(Q594,Key!$A$17:$B$20,2,TRUE),\"\")","v":""}]
[null,null,null,null,null,null,null,null,null,null,null,null,null,null,null,null,{"$f":"IFERROR(VLOOKUP(E595,Key!$A$2:$B$6,2,FALSE)+VLOOKUP(F595,Key!$C$2:$D$4,2,FALSE)+VLOOKUP(G595,Key!$C$6:$D$8,2,FALSE)+VLOOKUP('READMIT Patient Registry'!H595,Key!$C$10:$D$12,2,FALSE)+VLOOKUP('READMIT Patient Registry'!I595,Key!$E$2:$F$11,2,FALSE)+VLOOKUP('READMIT Patient Registry'!J595,Key!$G$2:$H$6,2,FALSE)+VLOOKUP('READMIT Patient Registry'!K595,Key!$G$8:$H$10,2,FALSE)+VLOOKUP('READMIT Patient Registry'!L595,Key!$G$12:$H$14,2,FALSE)+VLOOKUP('READMIT Patient Registry'!M595,Key!$I$2:$J$5,2,FALSE)+VLOOKUP('READMIT Patient Registry'!N595,Key!$K$2:$L$4,2,FALSE)+VLOOKUP('READMIT Patient Registry'!O595,Key!$K$6:$L$8,2,FALSE)+VLOOKUP('READMIT Patient Registry'!P595,Key!$M$2:$N$5,2,FALSE),\"\")","v":""},{"$f":"IFERROR(VLOOKUP(Q595,Key!$A$17:$B$20,2,TRUE),\"\")","v":""}]
[null,null,null,null,null,null,null,null,null,null,null,null,null,null,null,null,{"$f":"IFERROR(VLOOKUP(E596,Key!$A$2:$B$6,2,FALSE)+VLOOKUP(F596,Key!$C$2:$D$4,2,FALSE)+VLOOKUP(G596,Key!$C$6:$D$8,2,FALSE)+VLOOKUP('READMIT Patient Registry'!H596,Key!$C$10:$D$12,2,FALSE)+VLOOKUP('READMIT Patient Registry'!I596,Key!$E$2:$F$11,2,FALSE)+VLOOKUP('READMIT Patient Registry'!J596,Key!$G$2:$H$6,2,FALSE)+VLOOKUP('READMIT Patient Registry'!K596,Key!$G$8:$H$10,2,FALSE)+VLOOKUP('READMIT Patient Registry'!L596,Key!$G$12:$H$14,2,FALSE)+VLOOKUP('READMIT Patient Registry'!M596,Key!$I$2:$J$5,2,FALSE)+VLOOKUP('READMIT Patient Registry'!N596,Key!$K$2:$L$4,2,FALSE)+VLOOKUP('READMIT Patient Registry'!O596,Key!$K$6:$L$8,2,FALSE)+VLOOKUP('READMIT Patient Registry'!P596,Key!$M$2:$N$5,2,FALSE),\"\")","v":""},{"$f":"IFERROR(VLOOKUP(Q596,Key!$A$17:$B$20,2,TRUE),\"\")","v":""}]
[null,null,null,null,null,null,null,null,null,null,null,null,null,null,null,null,{"$f":"IFERROR(VLOOKUP(E597,Key!$A$2:$B$6,2,FALSE)+VLOOKUP(F597,Key!$C$2:$D$4,2,FALSE)+VLOOKUP(G597,Key!$C$6:$D$8,2,FALSE)+VLOOKUP('READMIT Patient Registry'!H597,Key!$C$10:$D$12,2,FALSE)+VLOOKUP('READMIT Patient Registry'!I597,Key!$E$2:$F$11,2,FALSE)+VLOOKUP('READMIT Patient Registry'!J597,Key!$G$2:$H$6,2,FALSE)+VLOOKUP('READMIT Patient Registry'!K597,Key!$G$8:$H$10,2,FALSE)+VLOOKUP('READMIT Patient Registry'!L597,Key!$G$12:$H$14,2,FALSE)+VLOOKUP('READMIT Patient Registry'!M597,Key!$I$2:$J$5,2,FALSE)+VLOOKUP('READMIT Patient Registry'!N597,Key!$K$2:$L$4,2,FALSE)+VLOOKUP('READMIT Patient Registry'!O597,Key!$K$6:$L$8,2,FALSE)+VLOOKUP('READMIT Patient Registry'!P597,Key!$M$2:$N$5,2,FALSE),\"\")","v":""},{"$f":"IFERROR(VLOOKUP(Q597,Key!$A$17:$B$20,2,TRUE),\"\")","v":""}]
[null,null,null,null,null,null,null,null,null,null,null,null,null,null,null,null,{"$f":"IFERROR(VLOOKUP(E598,Key!$A$2:$B$6,2,FALSE)+VLOOKUP(F598,Key!$C$2:$D$4,2,FALSE)+VLOOKUP(G598,Key!$C$6:$D$8,2,FALSE)+VLOOKUP('READMIT Patient Registry'!H598,Key!$C$10:$D$12,2,FALSE)+VLOOKUP('READMIT Patient Registry'!I598,Key!$E$2:$F$11,2,FALSE)+VLOOKUP('READMIT Patient Registry'!J598,Key!$G$2:$H$6,2,FALSE)+VLOOKUP('READMIT Patient Registry'!K598,Key!$G$8:$H$10,2,FALSE)+VLOOKUP('READMIT Patient Registry'!L598,Key!$G$12:$H$14,2,FALSE)+VLOOKUP('READMIT Patient Registry'!M598,Key!$I$2:$J$5,2,FALSE)+VLOOKUP('READMIT Patient Registry'!N598,Key!$K$2:$L$4,2,FALSE)+VLOOKUP('READMIT Patient Registry'!O598,Key!$K$6:$L$8,2,FALSE)+VLOOKUP('READMIT Patient Registry'!P598,Key!$M$2:$N$5,2,FALSE),\"\")","v":""},{"$f":"IFERROR(VLOOKUP(Q598,Key!$A$17:$B$20,2,TRUE),\"\")","v":""}]
[null,null,null,null,null,null,null,null,null,null,null,null,null,null,null,null,{"$f":"IFERROR(VLOOKUP(E599,Key!$A$2:$B$6,2,FALSE)+VLOOKUP(F599,Key!$C$2:$D$4,2,FALSE)+VLOOKUP(G599,Key!$C$6:$D$8,2,FALSE)+VLOOKUP('READMIT Patient Registry'!H599,Key!$C$10:$D$12,2,FALSE)+VLOOKUP('READMIT Patient Registry'!I599,Key!$E$2:$F$11,2,FALSE)+VLOOKUP('READMIT Patient Registry'!J599,Key!$G$2:$H$6,2,FALSE)+VLOOKUP('READMIT Patient Registry'!K599,Key!$G$8:$H$10,2,FALSE)+VLOOKUP('READMIT Patient Registry'!L599,Key!$G$12:$H$14,2,FALSE)+VLOOKUP('READMIT Patient Registry'!M599,Key!$I$2:$J$5,2,FALSE)+VLOOKUP('READMIT Patient Registry'!N599,Key!$K$2:$L$4,2,FALSE)+VLOOKUP('READMIT Patient Registry'!O599,Key!$K$6:$L$8,2,FALSE)+VLOOKUP('READMIT Patient Registry'!P599,Key!$M$2:$N$5,2,FALSE),\"\")","v":""},{"$f":"IFERROR(VLOOKUP(Q599,Key!$A$17:$B$20,2,TRUE),\"\")","v":""}]
[null,null,null,null,null,null,null,null,null,null,null,null,null,null,null,null,{"$f":"IFERROR(VLOOKUP(E600,Key!$A$2:$B$6,2,FALSE)+VLOOKUP(F600,Key!$C$2:$D$4,2,FALSE)+VLOOKUP(G600,Key!$C$6:$D$8,2,FALSE)+VLOOKUP('READMIT Patient Registry'!H600,Key!$C$10:$D$12,2,FALSE)+VLOOKUP('READMIT Patient Registry'!I600,Key!$E$2:$F$11,2,FALSE)+VLOOKUP('READMIT Patient Registry'!J600,Key!$G$2:$H$6,2,FALSE)+VLOOKUP('READMIT Patient Registry'!K600,Key!$G$8:$H$10,2,FALSE)+VLOOKUP('READMIT Patient Registry'!L600,Key!$G$12:$H$14,2,FALSE)+VLOOKUP('READMIT Patient Registry'!M600,Key!$I$2:$J$5,2,FALSE)+VLOOKUP('READMIT Patient Registry'!N600,Key!$K$2:$L$4,2,FALSE)+VLOOKUP('READMIT Patient Registry'!O600,Key!$K$6:$L$8,2,FALSE)+VLOOKUP('READMIT Patient Registry'!P600,Key!$M$2:$N$5,2,FALSE),\"\")","v":""},{"$f":"IFERROR(VLOOKUP(Q600,Key!$A$17:$B$20,2,TRUE),\"\")","v":""}]
[null,null,null,null,null,null,null,null,null,null,null,null,null,null,null,null,{"$f":"IFERROR(VLOOKUP(E601,Key!$A$2:$B$6,2,FALSE)+VLOOKUP(F601,Key!$C$2:$D$4,2,FALSE)+VLOOKUP(G601,Key!$C$6:$D$8,2,FALSE)+VLOOKUP('READMIT Patient Registry'!H601,Key!$C$10:$D$12,2,FALSE)+VLOOKUP('READMIT Patient Registry'!I601,Key!$E$2:$F$11,2,FALSE)+VLOOKUP('READMIT Patient Registry'!J601,Key!$G$2:$H$6,2,FALSE)+VLOOKUP('READMIT Patient Registry'!K601,Key!$G$8:$H$10,2,FALSE)+VLOOKUP('READMIT Patient Registry'!L601,Key!$G$12:$H$14,2,FALSE)+VLOOKUP('READMIT Patient Registry'!M601,Key!$I$2:$J$5,2,FALSE)+VLOOKUP('READMIT Patient Registry'!N601,Key!$K$2:$L$4,2,FALSE)+VLOOKUP('READMIT Patient Registry'!O601,Key!$K$6:$L$8,2,FALSE)+VLOOKUP('READMIT Patient Registry'!P601,Key!$M$2:$N$5,2,FALSE),\"\")","v":""},{"$f":"IFERROR(VLOOKUP(Q601,Key!$A$17:$B$20,2,TRUE),\"\")","v":""}]
[null,null,null,null,null,null,null,null,null,null,null,null,null,null,null,null,{"$f":"IFERROR(VLOOKUP(E602,Key!$A$2:$B$6,2,FALSE)+VLOOKUP(F602,Key!$C$2:$D$4,2,FALSE)+VLOOKUP(G602,Key!$C$6:$D$8,2,FALSE)+VLOOKUP('READMIT Patient Registry'!H602,Key!$C$10:$D$12,2,FALSE)+VLOOKUP('READMIT Patient Registry'!I602,Key!$E$2:$F$11,2,FALSE)+VLOOKUP('READMIT Patient Registry'!J602,Key!$G$2:$H$6,2,FALSE)+VLOOKUP('READMIT Patient Registry'!K602,Key!$G$8:$H$10,2,FALSE)+VLOOKUP('READMIT Patient Registry'!L602,Key!$G$12:$H$14,2,FALSE)+VLOOKUP('READMIT Patient Registry'!M602,Key!$I$2:$J$5,2,FALSE)+VLOOKUP('READMIT Patient Registry'!N602,Key!$K$2:$L$4,2,FALSE)+VLOOKUP('READMIT Patient Registry'!O602,Key!$K$6:$L$8,2,FALSE)+VLOOKUP('READMIT Patient Registry'!P602,Key!$M$2:$N$5,2,FALSE),\"\")","v":""},{"$f":"IFERROR(VLOOKUP(Q602,Key!$A$17:$B$20,2,TRUE),\"\")","v":""}]
[null,null,null,null,null,null,null,null,null,null,null,null,null,null,null,null,{"$f":"IFERROR(VLOOKUP(E603,Key!$A$2:$B$6,2,FALSE)+VLOOKUP(F603,Key!$C$2:$D$4,2,FALSE)+VLOOKUP(G603,Key!$C$6:$D$8,2,FALSE)+VLOOKUP('READMIT Patient Registry'!H603,Key!$C$10:$D$12,2,FALSE)+VLOOKUP('READMIT Patient Registry'!I603,Key!$E$2:$F$11,2,FALSE)+VLOOKUP('READMIT Patient Registry'!J603,Key!$G$2:$H$6,2,FALSE)+VLOOKUP('READMIT Patient Registry'!K603,Key!$G$8:$H$10,2,FALSE)+VLOOKUP('READMIT Patient Registry'!L603,Key!$G$12:$H$14,2,FALSE)+VLOOKUP('READMIT Patient Registry'!M603,Key!$I$2:$J$5,2,FALSE)+VLOOKUP('READMIT Patient Registry'!N603,Key!$K$2:$L$4,2,FALSE)+VLOOKUP('READMIT Patient Registry'!O603,Key!$K$6:$L$8,2,FALSE)+VLOOKUP('READMIT Patient Registry'!P603,Key!$M$2:$N$5,2,FALSE),\"\")","v":""},{"$f":"IFERROR(VLOOKUP(Q603,Key!$A$17:$B$20,2,TRUE),\"\")","v":""}]
[null,null,null,null,null,null,null,null,null,null,null,null,null,null,null,null,{"$f":"IFERROR(VLOOKUP(E604,Key!$A$2:$B$6,2,FALSE)+VLOOKUP(F604,Key!$C$2:$D$4,2,FALSE)+VLOOKUP(G604,Key!$C$6:$D$8,2,FALSE)+VLOOKUP('READMIT Patient Registry'!H604,Key!$C$10:$D$12,2,FALSE)+VLOOKUP('READMIT Patient Registry'!I604,Key!$E$2:$F$11,2,FALSE)+VLOOKUP('READMIT Patient Registry'!J604,Key!$G$2:$H$6,2,FALSE)+VLOOKUP('READMIT Patient Registry'!K604,Key!$G$8:$H$10,2,FALSE)+VLOOKUP('READMIT Patient Registry'!L604,Key!$G$12:$H$14,2,FALSE)+VLOOKUP('READMIT Patient Registry'!M604,Key!$I$2:$J$5,2,FALSE)+VLOOKUP('READMIT Patient Registry'!N604,Key!$K$2:$L$4,2,FALSE)+VLOOKUP('READMIT Patient Registry'!O604,Key!$K$6:$L$8,2,FALSE)+VLOOKUP('READMIT Patient Registry'!P604,Key!$M$2:$N$5,2,FALSE),\"\")","v":""},{"$f":"IFERROR(VLOOKUP(Q604,Key!$A$17:$B$20,2,TRUE),\"\")","v":""}]
[null,null,null,null,null,null,null,null,null,null,null,null,null,null,null,null,{"$f":"IFERROR(VLOOKUP(E605,Key!$A$2:$B$6,2,FALSE)+VLOOKUP(F605,Key!$C$2:$D$4,2,FALSE)+VLOOKUP(G605,Key!$C$6:$D$8,2,FALSE)+VLOOKUP('READMIT Patient Registry'!H605,Key!$C$10:$D$12,2,FALSE)+VLOOKUP('READMIT Patient Registry'!I605,Key!$E$2:$F$11,2,FALSE)+VLOOKUP('READMIT Patient Registry'!J605,Key!$G$2:$H$6,2,FALSE)+VLOOKUP('READMIT Patient Registry'!K605,Key!$G$8:$H$10,2,FALSE)+VLOOKUP('READMIT Patient Registry'!L605,Key!$G$12:$H$14,2,FALSE)+VLOOKUP('READMIT Patient Registry'!M605,Key!$I$2:$J$5,2,FALSE)+VLOOKUP('READMIT Patient Registry'!N605,Key!$K$2:$L$4,2,FALSE)+VLOOKUP('READMIT Patient Registry'!O605,Key!$K$6:$L$8,2,FALSE)+VLOOKUP('READMIT Patient Registry'!P605,Key!$M$2:$N$5,2,FALSE),\"\")","v":""},{"$f":"IFERROR(VLOOKUP(Q605,Key!$A$17:$B$20,2,TRUE),\"\")","v":""}]
[null,null,null,null,null,null,null,null,null,null,null,null,null,null,null,null,{"$f":"IFERROR(VLOOKUP(E606,Key!$A$2:$B$6,2,FALSE)+VLOOKUP(F606,Key!$C$2:$D$4,2,FALSE)+VLOOKUP(G606,Key!$C$6:$D$8,2,FALSE)+VLOOKUP('READMIT Patient Registry'!H606,Key!$C$10:$D$12,2,FALSE)+VLOOKUP('READMIT Patient Registry'!I606,Key!$E$2:$F$11,2,FALSE)+VLOOKUP('READMIT Patient Registry'!J606,Key!$G$2:$H$6,2,FALSE)+VLOOKUP('READMIT Patient Registry'!K606,Key!$G$8:$H$10,2,FALSE)+VLOOKUP('READMIT Patient Registry'!L606,Key!$G$12:$H$14,2,FALSE)+VLOOKUP('READMIT Patient Registry'!M606,Key!$I$2:$J$5,2,FALSE)+VLOOKUP('READMIT Patient Registry'!N606,Key!$K$2:$L$4,2,FALSE)+VLOOKUP('READMIT Patient Registry'!O606,Key!$K$6:$L$8,2,FALSE)+VLOOKUP('READMIT Patient Registry'!P606,Key!$M$2:$N$5,2,FALSE),\"\")","v":""},{"$f":"IFERROR(VLOOKUP(Q606,Key!$A$17:$B$20,2,TRUE),\"\")","v":""}]
[null,null,null,null,null,null,null,null,null,null,null,null,null,null,null,null,{"$f":"IFERROR(VLOOKUP(E607,Key!$A$2:$B$6,2,FALSE)+VLOOKUP(F607,Key!$C$2:$D$4,2,FALSE)+VLOOKUP(G607,Key!$C$6:$D$8,2,FALSE)+VLOOKUP('READMIT Patient Registry'!H607,Key!$C$10:$D$12,2,FALSE)+VLOOKUP('READMIT Patient Registry'!I607,Key!$E$2:$F$11,2,FALSE)+VLOOKUP('READMIT Patient Registry'!J607,Key!$G$2:$H$6,2,FALSE)+VLOOKUP('READMIT Patient Registry'!K607,Key!$G$8:$H$10,2,FALSE)+VLOOKUP('READMIT Patient Registry'!L607,Key!$G$12:$H$14,2,FALSE)+VLOOKUP('READMIT Patient Registry'!M607,Key!$I$2:$J$5,2,FALSE)+VLOOKUP('READMIT Patient Registry'!N607,Key!$K$2:$L$4,2,FALSE)+VLOOKUP('READMIT Patient Registry'!O607,Key!$K$6:$L$8,2,FALSE)+VLOOKUP('READMIT Patient Registry'!P607,Key!$M$2:$N$5,2,FALSE),\"\")","v":""},{"$f":"IFERROR(VLOOKUP(Q607,Key!$A$17:$B$20,2,TRUE),\"\")","v":""}]
[null,null,null,null,null,null,null,null,null,null,null,null,null,null,null,null,{"$f":"IFERROR(VLOOKUP(E608,Key!$A$2:$B$6,2,FALSE)+VLOOKUP(F608,Key!$C$2:$D$4,2,FALSE)+VLOOKUP(G608,Key!$C$6:$D$8,2,FALSE)+VLOOKUP('READMIT Patient Registry'!H608,Key!$C$10:$D$12,2,FALSE)+VLOOKUP('READMIT Patient Registry'!I608,Key!$E$2:$F$11,2,FALSE)+VLOOKUP('READMIT Patient Registry'!J608,Key!$G$2:$H$6,2,FALSE)+VLOOKUP('READMIT Patient Registry'!K608,Key!$G$8:$H$10,2,FALSE)+VLOOKUP('READMIT Patient Registry'!L608,Key!$G$12:$H$14,2,FALSE)+VLOOKUP('READMIT Patient Registry'!M608,Key!$I$2:$J$5,2,FALSE)+VLOOKUP('READMIT Patient Registry'!N608,Key!$K$2:$L$4,2,FALSE)+VLOOKUP('READMIT Patient Registry'!O608,Key!$K$6:$L$8,2,FALSE)+VLOOKUP('READMIT Patient Registry'!P608,Key!$M$2:$N$5,2,FALSE),\"\")","v":""},{"$f":"IFERROR(VLOOKUP(Q608,Key!$A$17:$B$20,2,TRUE),\"\")","v":""}]
[null,null,null,null,null,null,null,null,null,null,null,null,null,null,null,null,{"$f":"IFERROR(VLOOKUP(E609,Key!$A$2:$B$6,2,FALSE)+VLOOKUP(F609,Key!$C$2:$D$4,2,FALSE)+VLOOKUP(G609,Key!$C$6:$D$8,2,FALSE)+VLOOKUP('READMIT Patient Registry'!H609,Key!$C$10:$D$12,2,FALSE)+VLOOKUP('READMIT Patient Registry'!I609,Key!$E$2:$F$11,2,FALSE)+VLOOKUP('READMIT Patient Registry'!J609,Key!$G$2:$H$6,2,FALSE)+VLOOKUP('READMIT Patient Registry'!K609,Key!$G$8:$H$10,2,FALSE)+VLOOKUP('READMIT Patient Registry'!L609,Key!$G$12:$H$14,2,FALSE)+VLOOKUP('READMIT Patient Registry'!M609,Key!$I$2:$J$5,2,FALSE)+VLOOKUP('READMIT Patient Registry'!N609,Key!$K$2:$L$4,2,FALSE)+VLOOKUP('READMIT Patient Registry'!O609,Key!$K$6:$L$8,2,FALSE)+VLOOKUP('READMIT Patient Registry'!P609,Key!$M$2:$N$5,2,FALSE),\"\")","v":""},{"$f":"IFERROR(VLOOKUP(Q609,Key!$A$17:$B$20,2,TRUE),\"\")","v":""}]
[null,null,null,null,null,null,null,null,null,null,null,null,null,null,null,null,{"$f":"IFERROR(VLOOKUP(E610,Key!$A$2:$B$6,2,FALSE)+VLOOKUP(F610,Key!$C$2:$D$4,2,FALSE)+VLOOKUP(G610,Key!$C$6:$D$8,2,FALSE)+VLOOKUP('READMIT Patient Registry'!H610,Key!$C$10:$D$12,2,FALSE)+VLOOKUP('READMIT Patient Registry'!I610,Key!$E$2:$F$11,2,FALSE)+VLOOKUP('READMIT Patient Registry'!J610,Key!$G$2:$H$6,2,FALSE)+VLOOKUP('READMIT Patient Registry'!K610,Key!$G$8:$H$10,2,FALSE)+VLOOKUP('READMIT Patient Registry'!L610,Key!$G$12:$H$14,2,FALSE)+VLOOKUP('READMIT Patient Registry'!M610,Key!$I$2:$J$5,2,FALSE)+VLOOKUP('READMIT Patient Registry'!N610,Key!$K$2:$L$4,2,FALSE)+VLOOKUP('READMIT Patient Registry'!O610,Key!$K$6:$L$8,2,FALSE)+VLOOKUP('READMIT Patient Registry'!P610,Key!$M$2:$N$5,2,FALSE),\"\")","v":""},{"$f":"IFERROR(VLOOKUP(Q610,Key!$A$17:$B$20,2,TRUE),\"\")","v":""}]
[null,null,null,null,null,null,null,null,null,null,null,null,null,null,null,null,{"$f":"IFERROR(VLOOKUP(E611,Key!$A$2:$B$6,2,FALSE)+VLOOKUP(F611,Key!$C$2:$D$4,2,FALSE)+VLOOKUP(G611,Key!$C$6:$D$8,2,FALSE)+VLOOKUP('READMIT Patient Registry'!H611,Key!$C$10:$D$12,2,FALSE)+VLOOKUP('READMIT Patient Registry'!I611,Key!$E$2:$F$11,2,FALSE)+VLOOKUP('READMIT Patient Registry'!J611,Key!$G$2:$H$6,2,FALSE)+VLOOKUP('READMIT Patient Registry'!K611,Key!$G$8:$H$10,2,FALSE)+VLOOKUP('READMIT Patient Registry'!L611,Key!$G$12:$H$14,2,FALSE)+VLOOKUP('READMIT Patient Registry'!M611,Key!$I$2:$J$5,2,FALSE)+VLOOKUP('READMIT Patient Registry'!N611,Key!$K$2:$L$4,2,FALSE)+VLOOKUP('READMIT Patient Registry'!O611,Key!$K$6:$L$8,2,FALSE)+VLOOKUP('READMIT Patient Registry'!P611,Key!$M$2:$N$5,2,FALSE),\"\")","v":""},{"$f":"IFERROR(VLOOKUP(Q611,Key!$A$17:$B$20,2,TRUE),\"\")","v":""}]
[null,null,null,null,null,null,null,null,null,null,null,null,null,null,null,null,{"$f":"IFERROR(VLOOKUP(E612,Key!$A$2:$B$6,2,FALSE)+VLOOKUP(F612,Key!$C$2:$D$4,2,FALSE)+VLOOKUP(G612,Key!$C$6:$D$8,2,FALSE)+VLOOKUP('READMIT Patient Registry'!H612,Key!$C$10:$D$12,2,FALSE)+VLOOKUP('READMIT Patient Registry'!I612,Key!$E$2:$F$11,2,FALSE)+VLOOKUP('READMIT Patient Registry'!J612,Key!$G$2:$H$6,2,FALSE)+VLOOKUP('READMIT Patient Registry'!K612,Key!$G$8:$H$10,2,FALSE)+VLOOKUP('READMIT Patient Registry'!L612,Key!$G$12:$H$14,2,FALSE)+VLOOKUP('READMIT Patient Registry'!M612,Key!$I$2:$J$5,2,FALSE)+VLOOKUP('READMIT Patient Registry'!N612,Key!$K$2:$L$4,2,FALSE)+VLOOKUP('READMIT Patient Registry'!O612,Key!$K$6:$L$8,2,FALSE)+VLOOKUP('READMIT Patient Registry'!P612,Key!$M$2:$N$5,2,FALSE),\"\")","v":""},{"$f":"IFERROR(VLOOKUP(Q612,Key!$A$17:$B$20,2,TRUE),\"\")","v":""}]
[null,null,null,null,null,null,null,null,null,null,null,null,null,null,null,null,{"$f":"IFERROR(VLOOKUP(E613,Key!$A$2:$B$6,2,FALSE)+VLOOKUP(F613,Key!$C$2:$D$4,2,FALSE)+VLOOKUP(G613,Key!$C$6:$D$8,2,FALSE)+VLOOKUP('READMIT Patient Registry'!H613,Key!$C$10:$D$12,2,FALSE)+VLOOKUP('READMIT Patient Registry'!I613,Key!$E$2:$F$11,2,FALSE)+VLOOKUP('READMIT Patient Registry'!J613,Key!$G$2:$H$6,2,FALSE)+VLOOKUP('READMIT Patient Registry'!K613,Key!$G$8:$H$10,2,FALSE)+VLOOKUP('READMIT Patient Registry'!L613,Key!$G$12:$H$14,2,FALSE)+VLOOKUP('READMIT Patient Registry'!M613,Key!$I$2:$J$5,2,FALSE)+VLOOKUP('READMIT Patient Registry'!N613,Key!$K$2:$L$4,2,FALSE)+VLOOKUP('READMIT Patient Registry'!O613,Key!$K$6:$L$8,2,FALSE)+VLOOKUP('READMIT Patient Registry'!P613,Key!$M$2:$N$5,2,FALSE),\"\")","v":""},{"$f":"IFERROR(VLOOKUP(Q613,Key!$A$17:$B$20,2,TRUE),\"\")","v":""}]
[null,null,null,null,null,null,null,null,null,null,null,null,null,null,null,null,{"$f":"IFERROR(VLOOKUP(E614,Key!$A$2:$B$6,2,FALSE)+VLOOKUP(F614,Key!$C$2:$D$4,2,FALSE)+VLOOKUP(G614,Key!$C$6:$D$8,2,FALSE)+VLOOKUP('READMIT Patient Registry'!H614,Key!$C$10:$D$12,2,FALSE)+VLOOKUP('READMIT Patient Registry'!I614,Key!$E$2:$F$11,2,FALSE)+VLOOKUP('READMIT Patient Registry'!J614,Key!$G$2:$H$6,2,FALSE)+VLOOKUP('READMIT Patient Registry'!K614,Key!$G$8:$H$10,2,FALSE)+VLOOKUP('READMIT Patient Registry'!L614,Key!$G$12:$H$14,2,FALSE)+VLOOKUP('READMIT Patient Registry'!M614,Key!$I$2:$J$5,2,FALSE)+VLOOKUP('READMIT Patient Registry'!N614,Key!$K$2:$L$4,2,FALSE)+VLOOKUP('READMIT Patient Registry'!O614,Key!$K$6:$L$8,2,FALSE)+VLOOKUP('READMIT Patient Registry'!P614,Key!$M$2:$N$5,2,FALSE),\"\")","v":""},{"$f":"IFERROR(VLOOKUP(Q614,Key!$A$17:$B$20,2,TRUE),\"\")","v":""}]
[null,null,null,null,null,null,null,null,null,null,null,null,null,null,null,null,{"$f":"IFERROR(VLOOKUP(E615,Key!$A$2:$B$6,2,FALSE)+VLOOKUP(F615,Key!$C$2:$D$4,2,FALSE)+VLOOKUP(G615,Key!$C$6:$D$8,2,FALSE)+VLOOKUP('READMIT Patient Registry'!H615,Key!$C$10:$D$12,2,FALSE)+VLOOKUP('READMIT Patient Registry'!I615,Key!$E$2:$F$11,2,FALSE)+VLOOKUP('READMIT Patient Registry'!J615,Key!$G$2:$H$6,2,FALSE)+VLOOKUP('READMIT Patient Registry'!K615,Key!$G$8:$H$10,2,FALSE)+VLOOKUP('READMIT Patient Registry'!L615,Key!$G$12:$H$14,2,FALSE)+VLOOKUP('READMIT Patient Registry'!M615,Key!$I$2:$J$5,2,FALSE)+VLOOKUP('READMIT Patient Registry'!N615,Key!$K$2:$L$4,2,FALSE)+VLOOKUP('READMIT Patient Registry'!O615,Key!$K$6:$L$8,2,FALSE)+VLOOKUP('READMIT Patient Registry'!P615,Key!$M$2:$N$5,2,FALSE),\"\")","v":""},{"$f":"IFERROR(VLOOKUP(Q615,Key!$A$17:$B$20,2,TRUE),\"\")","v":""}]
[null,null,null,null,null,null,null,null,null,null,null,null,null,null,null,null,{"$f":"IFERROR(VLOOKUP(E616,Key!$A$2:$B$6,2,FALSE)+VLOOKUP(F616,Key!$C$2:$D$4,2,FALSE)+VLOOKUP(G616,Key!$C$6:$D$8,2,FALSE)+VLOOKUP('READMIT Patient Registry'!H616,Key!$C$10:$D$12,2,FALSE)+VLOOKUP('READMIT Patient Registry'!I616,Key!$E$2:$F$11,2,FALSE)+VLOOKUP('READMIT Patient Registry'!J616,Key!$G$2:$H$6,2,FALSE)+VLOOKUP('READMIT Patient Registry'!K616,Key!$G$8:$H$10,2,FALSE)+VLOOKUP('READMIT Patient Registry'!L616,Key!$G$12:$H$14,2,FALSE)+VLOOKUP('READMIT Patient Registry'!M616,Key!$I$2:$J$5,2,FALSE)+VLOOKUP('READMIT Patient Registry'!N616,Key!$K$2:$L$4,2,FALSE)+VLOOKUP('READMIT Patient Registry'!O616,Key!$K$6:$L$8,2,FALSE)+VLOOKUP('READMIT Patient Registry'!P616,Key!$M$2:$N$5,2,FALSE),\"\")","v":""},{"$f":"IFERROR(VLOOKUP(Q616,Key!$A$17:$B$20,2,TRUE),\"\")","v":""}]
[null,null,null,null,null,null,null,null,null,null,null,null,null,null,null,null,{"$f":"IFERROR(VLOOKUP(E617,Key!$A$2:$B$6,2,FALSE)+VLOOKUP(F617,Key!$C$2:$D$4,2,FALSE)+VLOOKUP(G617,Key!$C$6:$D$8,2,FALSE)+VLOOKUP('READMIT Patient Registry'!H617,Key!$C$10:$D$12,2,FALSE)+VLOOKUP('READMIT Patient Registry'!I617,Key!$E$2:$F$11,2,FALSE)+VLOOKUP('READMIT Patient Registry'!J617,Key!$G$2:$H$6,2,FALSE)+VLOOKUP('READMIT Patient Registry'!K617,Key!$G$8:$H$10,2,FALSE)+VLOOKUP('READMIT Patient Registry'!L617,Key!$G$12:$H$14,2,FALSE)+VLOOKUP('READMIT Patient Registry'!M617,Key!$I$2:$J$5,2,FALSE)+VLOOKUP('READMIT Patient Registry'!N617,Key!$K$2:$L$4,2,FALSE)+VLOOKUP('READMIT Patient Registry'!O617,Key!$K$6:$L$8,2,FALSE)+VLOOKUP('READMIT Patient Registry'!P617,Key!$M$2:$N$5,2,FALSE),\"\")","v":""},{"$f":"IFERROR(VLOOKUP(Q617,Key!$A$17:$B$20,2,TRUE),\"\")","v":""}]
[null,null,null,null,null,null,null,null,null,null,null,null,null,null,null,null,{"$f":"IFERROR(VLOOKUP(E618,Key!$A$2:$B$6,2,FALSE)+VLOOKUP(F618,Key!$C$2:$D$4,2,FALSE)+VLOOKUP(G618,Key!$C$6:$D$8,2,FALSE)+VLOOKUP('READMIT Patient Registry'!H618,Key!$C$10:$D$12,2,FALSE)+VLOOKUP('READMIT Patient Registry'!I618,Key!$E$2:$F$11,2,FALSE)+VLOOKUP('READMIT Patient Registry'!J618,Key!$G$2:$H$6,2,FALSE)+VLOOKUP('READMIT Patient Registry'!K618,Key!$G$8:$H$10,2,FALSE)+VLOOKUP('READMIT Patient Registry'!L618,Key!$G$12:$H$14,2,FALSE)+VLOOKUP('READMIT Patient Registry'!M618,Key!$I$2:$J$5,2,FALSE)+VLOOKUP('READMIT Patient Registry'!N618,Key!$K$2:$L$4,2,FALSE)+VLOOKUP('READMIT Patient Registry'!O618,Key!$K$6:$L$8,2,FALSE)+VLOOKUP('READMIT Patient Registry'!P618,Key!$M$2:$N$5,2,FALSE),\"\")","v":""},{"$f":"IFERROR(VLOOKUP(Q618,Key!$A$17:$B$20,2,TRUE),\"\")","v":""}]
[null,null,null,null,null,null,null,null,null,null,null,null,null,null,null,null,{"$f":"IFERROR(VLOOKUP(E619,Key!$A$2:$B$6,2,FALSE)+VLOOKUP(F619,Key!$C$2:$D$4,2,FALSE)+VLOOKUP(G619,Key!$C$6:$D$8,2,FALSE)+VLOOKUP('READMIT Patient Registry'!H619,Key!$C$10:$D$12,2,FALSE)+VLOOKUP('READMIT Patient Registry'!I619,Key!$E$2:$F$11,2,FALSE)+VLOOKUP('READMIT Patient Registry'!J619,Key!$G$2:$H$6,2,FALSE)+VLOOKUP('READMIT Patient Registry'!K619,Key!$G$8:$H$10,2,FALSE)+VLOOKUP('READMIT Patient Registry'!L619,Key!$G$12:$H$14,2,FALSE)+VLOOKUP('READMIT Patient Registry'!M619,Key!$I$2:$J$5,2,FALSE)+VLOOKUP('READMIT Patient Registry'!N619,Key!$K$2:$L$4,2,FALSE)+VLOOKUP('READMIT Patient Registry'!O619,Key!$K$6:$L$8,2,FALSE)+VLOOKUP('READMIT Patient Registry'!P619,Key!$M$2:$N$5,2,FALSE),\"\")","v":""},{"$f":"IFERROR(VLOOKUP(Q619,Key!$A$17:$B$20,2,TRUE),\"\")","v":""}]
[null,null,null,null,null,null,null,null,null,null,null,null,null,null,null,null,{"$f":"IFERROR(VLOOKUP(E620,Key!$A$2:$B$6,2,FALSE)+VLOOKUP(F620,Key!$C$2:$D$4,2,FALSE)+VLOOKUP(G620,Key!$C$6:$D$8,2,FALSE)+VLOOKUP('READMIT Patient Registry'!H620,Key!$C$10:$D$12,2,FALSE)+VLOOKUP('READMIT Patient Registry'!I620,Key!$E$2:$F$11,2,FALSE)+VLOOKUP('READMIT Patient Registry'!J620,Key!$G$2:$H$6,2,FALSE)+VLOOKUP('READMIT Patient Registry'!K620,Key!$G$8:$H$10,2,FALSE)+VLOOKUP('READMIT Patient Registry'!L620,Key!$G$12:$H$14,2,FALSE)+VLOOKUP('READMIT Patient Registry'!M620,Key!$I$2:$J$5,2,FALSE)+VLOOKUP('READMIT Patient Registry'!N620,Key!$K$2:$L$4,2,FALSE)+VLOOKUP('READMIT Patient Registry'!O620,Key!$K$6:$L$8,2,FALSE)+VLOOKUP('READMIT Patient Registry'!P620,Key!$M$2:$N$5,2,FALSE),\"\")","v":""},{"$f":"IFERROR(VLOOKUP(Q620,Key!$A$17:$B$20,2,TRUE),\"\")","v":""}]
[null,null,null,null,null,null,null,null,null,null,null,null,null,null,null,null,{"$f":"IFERROR(VLOOKUP(E621,Key!$A$2:$B$6,2,FALSE)+VLOOKUP(F621,Key!$C$2:$D$4,2,FALSE)+VLOOKUP(G621,Key!$C$6:$D$8,2,FALSE)+VLOOKUP('READMIT Patient Registry'!H621,Key!$C$10:$D$12,2,FALSE)+VLOOKUP('READMIT Patient Registry'!I621,Key!$E$2:$F$11,2,FALSE)+VLOOKUP('READMIT Patient Registry'!J621,Key!$G$2:$H$6,2,FALSE)+VLOOKUP('READMIT Patient Registry'!K621,Key!$G$8:$H$10,2,FALSE)+VLOOKUP('READMIT Patient Registry'!L621,Key!$G$12:$H$14,2,FALSE)+VLOOKUP('READMIT Patient Registry'!M621,Key!$I$2:$J$5,2,FALSE)+VLOOKUP('READMIT Patient Registry'!N621,Key!$K$2:$L$4,2,FALSE)+VLOOKUP('READMIT Patient Registry'!O621,Key!$K$6:$L$8,2,FALSE)+VLOOKUP('READMIT Patient Registry'!P621,Key!$M$2:$N$5,2,FALSE),\"\")","v":""},{"$f":"IFERROR(VLOOKUP(Q621,Key!$A$17:$B$20,2,TRUE),\"\")","v":""}]
[null,null,null,null,null,null,null,null,null,null,null,null,null,null,null,null,{"$f":"IFERROR(VLOOKUP(E622,Key!$A$2:$B$6,2,FALSE)+VLOOKUP(F622,Key!$C$2:$D$4,2,FALSE)+VLOOKUP(G622,Key!$C$6:$D$8,2,FALSE)+VLOOKUP('READMIT Patient Registry'!H622,Key!$C$10:$D$12,2,FALSE)+VLOOKUP('READMIT Patient Registry'!I622,Key!$E$2:$F$11,2,FALSE)+VLOOKUP('READMIT Patient Registry'!J622,Key!$G$2:$H$6,2,FALSE)+VLOOKUP('READMIT Patient Registry'!K622,Key!$G$8:$H$10,2,FALSE)+VLOOKUP('READMIT Patient Registry'!L622,Key!$G$12:$H$14,2,FALSE)+VLOOKUP('READMIT Patient Registry'!M622,Key!$I$2:$J$5,2,FALSE)+VLOOKUP('READMIT Patient Registry'!N622,Key!$K$2:$L$4,2,FALSE)+VLOOKUP('READMIT Patient Registry'!O622,Key!$K$6:$L$8,2,FALSE)+VLOOKUP('READMIT Patient Registry'!P622,Key!$M$2:$N$5,2,FALSE),\"\")","v":""},{"$f":"IFERROR(VLOOKUP(Q622,Key!$A$17:$B$20,2,TRUE),\"\")","v":""}]
[null,null,null,null,null,null,null,null,null,null,null,null,null,null,null,null,{"$f":"IFERROR(VLOOKUP(E623,Key!$A$2:$B$6,2,FALSE)+VLOOKUP(F623,Key!$C$2:$D$4,2,FALSE)+VLOOKUP(G623,Key!$C$6:$D$8,2,FALSE)+VLOOKUP('READMIT Patient Registry'!H623,Key!$C$10:$D$12,2,FALSE)+VLOOKUP('READMIT Patient Registry'!I623,Key!$E$2:$F$11,2,FALSE)+VLOOKUP('READMIT Patient Registry'!J623,Key!$G$2:$H$6,2,FALSE)+VLOOKUP('READMIT Patient Registry'!K623,Key!$G$8:$H$10,2,FALSE)+VLOOKUP('READMIT Patient Registry'!L623,Key!$G$12:$H$14,2,FALSE)+VLOOKUP('READMIT Patient Registry'!M623,Key!$I$2:$J$5,2,FALSE)+VLOOKUP('READMIT Patient Registry'!N623,Key!$K$2:$L$4,2,FALSE)+VLOOKUP('READMIT Patient Registry'!O623,Key!$K$6:$L$8,2,FALSE)+VLOOKUP('READMIT Patient Registry'!P623,Key!$M$2:$N$5,2,FALSE),\"\")","v":""},{"$f":"IFERROR(VLOOKUP(Q623,Key!$A$17:$B$20,2,TRUE),\"\")","v":""}]
[null,null,null,null,null,null,null,null,null,null,null,null,null,null,null,null,{"$f":"IFERROR(VLOOKUP(E624,Key!$A$2:$B$6,2,FALSE)+VLOOKUP(F624,Key!$C$2:$D$4,2,FALSE)+VLOOKUP(G624,Key!$C$6:$D$8,2,FALSE)+VLOOKUP('READMIT Patient Registry'!H624,Key!$C$10:$D$12,2,FALSE)+VLOOKUP('READMIT Patient Registry'!I624,Key!$E$2:$F$11,2,FALSE)+VLOOKUP('READMIT Patient Registry'!J624,Key!$G$2:$H$6,2,FALSE)+VLOOKUP('READMIT Patient Registry'!K624,Key!$G$8:$H$10,2,FALSE)+VLOOKUP('READMIT Patient Registry'!L624,Key!$G$12:$H$14,2,FALSE)+VLOOKUP('READMIT Patient Registry'!M624,Key!$I$2:$J$5,2,FALSE)+VLOOKUP('READMIT Patient Registry'!N624,Key!$K$2:$L$4,2,FALSE)+VLOOKUP('READMIT Patient Registry'!O624,Key!$K$6:$L$8,2,FALSE)+VLOOKUP('READMIT Patient Registry'!P624,Key!$M$2:$N$5,2,FALSE),\"\")","v":""},{"$f":"IFERROR(VLOOKUP(Q624,Key!$A$17:$B$20,2,TRUE),\"\")","v":""}]
[null,null,null,null,null,null,null,null,null,null,null,null,null,null,null,null,{"$f":"IFERROR(VLOOKUP(E625,Key!$A$2:$B$6,2,FALSE)+VLOOKUP(F625,Key!$C$2:$D$4,2,FALSE)+VLOOKUP(G625,Key!$C$6:$D$8,2,FALSE)+VLOOKUP('READMIT Patient Registry'!H625,Key!$C$10:$D$12,2,FALSE)+VLOOKUP('READMIT Patient Registry'!I625,Key!$E$2:$F$11,2,FALSE)+VLOOKUP('READMIT Patient Registry'!J625,Key!$G$2:$H$6,2,FALSE)+VLOOKUP('READMIT Patient Registry'!K625,Key!$G$8:$H$10,2,FALSE)+VLOOKUP('READMIT Patient Registry'!L625,Key!$G$12:$H$14,2,FALSE)+VLOOKUP('READMIT Patient Registry'!M625,Key!$I$2:$J$5,2,FALSE)+VLOOKUP('READMIT Patient Registry'!N625,Key!$K$2:$L$4,2,FALSE)+VLOOKUP('READMIT Patient Registry'!O625,Key!$K$6:$L$8,2,FALSE)+VLOOKUP('READMIT Patient Registry'!P625,Key!$M$2:$N$5,2,FALSE),\"\")","v":""},{"$f":"IFERROR(VLOOKUP(Q625,Key!$A$17:$B$20,2,TRUE),\"\")","v":""}]
[null,null,null,null,null,null,null,null,null,null,null,null,null,null,null,null,{"$f":"IFERROR(VLOOKUP(E626,Key!$A$2:$B$6,2,FALSE)+VLOOKUP(F626,Key!$C$2:$D$4,2,FALSE)+VLOOKUP(G626,Key!$C$6:$D$8,2,FALSE)+VLOOKUP('READMIT Patient Registry'!H626,Key!$C$10:$D$12,2,FALSE)+VLOOKUP('READMIT Patient Registry'!I626,Key!$E$2:$F$11,2,FALSE)+VLOOKUP('READMIT Patient Registry'!J626,Key!$G$2:$H$6,2,FALSE)+VLOOKUP('READMIT Patient Registry'!K626,Key!$G$8:$H$10,2,FALSE)+VLOOKUP('READMIT Patient Registry'!L626,Key!$G$12:$H$14,2,FALSE)+VLOOKUP('READMIT Patient Registry'!M626,Key!$I$2:$J$5,2,FALSE)+VLOOKUP('READMIT Patient Registry'!N626,Key!$K$2:$L$4,2,FALSE)+VLOOKUP('READMIT Patient Registry'!O626,Key!$K$6:$L$8,2,FALSE)+VLOOKUP('READMIT Patient Registry'!P626,Key!$M$2:$N$5,2,FALSE),\"\")","v":""},{"$f":"IFERROR(VLOOKUP(Q626,Key!$A$17:$B$20,2,TRUE),\"\")","v":""}]
[null,null,null,null,null,null,null,null,null,null,null,null,null,null,null,null,{"$f":"IFERROR(VLOOKUP(E627,Key!$A$2:$B$6,2,FALSE)+VLOOKUP(F627,Key!$C$2:$D$4,2,FALSE)+VLOOKUP(G627,Key!$C$6:$D$8,2,FALSE)+VLOOKUP('READMIT Patient Registry'!H627,Key!$C$10:$D$12,2,FALSE)+VLOOKUP('READMIT Patient Registry'!I627,Key!$E$2:$F$11,2,FALSE)+VLOOKUP('READMIT Patient Registry'!J627,Key!$G$2:$H$6,2,FALSE)+VLOOKUP('READMIT Patient Registry'!K627,Key!$G$8:$H$10,2,FALSE)+VLOOKUP('READMIT Patient Registry'!L627,Key!$G$12:$H$14,2,FALSE)+VLOOKUP('READMIT Patient Registry'!M627,Key!$I$2:$J$5,2,FALSE)+VLOOKUP('READMIT Patient Registry'!N627,Key!$K$2:$L$4,2,FALSE)+VLOOKUP('READMIT Patient Registry'!O627,Key!$K$6:$L$8,2,FALSE)+VLOOKUP('READMIT Patient Registry'!P627,Key!$M$2:$N$5,2,FALSE),\"\")","v":""},{"$f":"IFERROR(VLOOKUP(Q627,Key!$A$17:$B$20,2,TRUE),\"\")","v":""}]
[null,null,null,null,null,null,null,null,null,null,null,null,null,null,null,null,{"$f":"IFERROR(VLOOKUP(E628,Key!$A$2:$B$6,2,FALSE)+VLOOKUP(F628,Key!$C$2:$D$4,2,FALSE)+VLOOKUP(G628,Key!$C$6:$D$8,2,FALSE)+VLOOKUP('READMIT Patient Registry'!H628,Key!$C$10:$D$12,2,FALSE)+VLOOKUP('READMIT Patient Registry'!I628,Key!$E$2:$F$11,2,FALSE)+VLOOKUP('READMIT Patient Registry'!J628,Key!$G$2:$H$6,2,FALSE)+VLOOKUP('READMIT Patient Registry'!K628,Key!$G$8:$H$10,2,FALSE)+VLOOKUP('READMIT Patient Registry'!L628,Key!$G$12:$H$14,2,FALSE)+VLOOKUP('READMIT Patient Registry'!M628,Key!$I$2:$J$5,2,FALSE)+VLOOKUP('READMIT Patient Registry'!N628,Key!$K$2:$L$4,2,FALSE)+VLOOKUP('READMIT Patient Registry'!O628,Key!$K$6:$L$8,2,FALSE)+VLOOKUP('READMIT Patient Registry'!P628,Key!$M$2:$N$5,2,FALSE),\"\")","v":""},{"$f":"IFERROR(VLOOKUP(Q628,Key!$A$17:$B$20,2,TRUE),\"\")","v":""}]
[null,null,null,null,null,null,null,null,null,null,null,null,null,null,null,null,{"$f":"IFERROR(VLOOKUP(E629,Key!$A$2:$B$6,2,FALSE)+VLOOKUP(F629,Key!$C$2:$D$4,2,FALSE)+VLOOKUP(G629,Key!$C$6:$D$8,2,FALSE)+VLOOKUP('READMIT Patient Registry'!H629,Key!$C$10:$D$12,2,FALSE)+VLOOKUP('READMIT Patient Registry'!I629,Key!$E$2:$F$11,2,FALSE)+VLOOKUP('READMIT Patient Registry'!J629,Key!$G$2:$H$6,2,FALSE)+VLOOKUP('READMIT Patient Registry'!K629,Key!$G$8:$H$10,2,FALSE)+VLOOKUP('READMIT Patient Registry'!L629,Key!$G$12:$H$14,2,FALSE)+VLOOKUP('READMIT Patient Registry'!M629,Key!$I$2:$J$5,2,FALSE)+VLOOKUP('READMIT Patient Registry'!N629,Key!$K$2:$L$4,2,FALSE)+VLOOKUP('READMIT Patient Registry'!O629,Key!$K$6:$L$8,2,FALSE)+VLOOKUP('READMIT Patient Registry'!P629,Key!$M$2:$N$5,2,FALSE),\"\")","v":""},{"$f":"IFERROR(VLOOKUP(Q629,Key!$A$17:$B$20,2,TRUE),\"\")","v":""}]
[null,null,null,null,null,null,null,null,null,null,null,null,null,null,null,null,{"$f":"IFERROR(VLOOKUP(E630,Key!$A$2:$B$6,2,FALSE)+VLOOKUP(F630,Key!$C$2:$D$4,2,FALSE)+VLOOKUP(G630,Key!$C$6:$D$8,2,FALSE)+VLOOKUP('READMIT Patient Registry'!H630,Key!$C$10:$D$12,2,FALSE)+VLOOKUP('READMIT Patient Registry'!I630,Key!$E$2:$F$11,2,FALSE)+VLOOKUP('READMIT Patient Registry'!J630,Key!$G$2:$H$6,2,FALSE)+VLOOKUP('READMIT Patient Registry'!K630,Key!$G$8:$H$10,2,FALSE)+VLOOKUP('READMIT Patient Registry'!L630,Key!$G$12:$H$14,2,FALSE)+VLOOKUP('READMIT Patient Registry'!M630,Key!$I$2:$J$5,2,FALSE)+VLOOKUP('READMIT Patient Registry'!N630,Key!$K$2:$L$4,2,FALSE)+VLOOKUP('READMIT Patient Registry'!O630,Key!$K$6:$L$8,2,FALSE)+VLOOKUP('READMIT Patient Registry'!P630,Key!$M$2:$N$5,2,FALSE),\"\")","v":""},{"$f":"IFERROR(VLOOKUP(Q630,Key!$A$17:$B$20,2,TRUE),\"\")","v":""}]
[null,null,null,null,null,null,null,null,null,null,null,null,null,null,null,null,{"$f":"IFERROR(VLOOKUP(E631,Key!$A$2:$B$6,2,FALSE)+VLOOKUP(F631,Key!$C$2:$D$4,2,FALSE)+VLOOKUP(G631,Key!$C$6:$D$8,2,FALSE)+VLOOKUP('READMIT Patient Registry'!H631,Key!$C$10:$D$12,2,FALSE)+VLOOKUP('READMIT Patient Registry'!I631,Key!$E$2:$F$11,2,FALSE)+VLOOKUP('READMIT Patient Registry'!J631,Key!$G$2:$H$6,2,FALSE)+VLOOKUP('READMIT Patient Registry'!K631,Key!$G$8:$H$10,2,FALSE)+VLOOKUP('READMIT Patient Registry'!L631,Key!$G$12:$H$14,2,FALSE)+VLOOKUP('READMIT Patient Registry'!M631,Key!$I$2:$J$5,2,FALSE)+VLOOKUP('READMIT Patient Registry'!N631,Key!$K$2:$L$4,2,FALSE)+VLOOKUP('READMIT Patient Registry'!O631,Key!$K$6:$L$8,2,FALSE)+VLOOKUP('READMIT Patient Registry'!P631,Key!$M$2:$N$5,2,FALSE),\"\")","v":""},{"$f":"IFERROR(VLOOKUP(Q631,Key!$A$17:$B$20,2,TRUE),\"\")","v":""}]
[null,null,null,null,null,null,null,null,null,null,null,null,null,null,null,null,{"$f":"IFERROR(VLOOKUP(E632,Key!$A$2:$B$6,2,FALSE)+VLOOKUP(F632,Key!$C$2:$D$4,2,FALSE)+VLOOKUP(G632,Key!$C$6:$D$8,2,FALSE)+VLOOKUP('READMIT Patient Registry'!H632,Key!$C$10:$D$12,2,FALSE)+VLOOKUP('READMIT Patient Registry'!I632,Key!$E$2:$F$11,2,FALSE)+VLOOKUP('READMIT Patient Registry'!J632,Key!$G$2:$H$6,2,FALSE)+VLOOKUP('READMIT Patient Registry'!K632,Key!$G$8:$H$10,2,FALSE)+VLOOKUP('READMIT Patient Registry'!L632,Key!$G$12:$H$14,2,FALSE)+VLOOKUP('READMIT Patient Registry'!M632,Key!$I$2:$J$5,2,FALSE)+VLOOKUP('READMIT Patient Registry'!N632,Key!$K$2:$L$4,2,FALSE)+VLOOKUP('READMIT Patient Registry'!O632,Key!$K$6:$L$8,2,FALSE)+VLOOKUP('READMIT Patient Registry'!P632,Key!$M$2:$N$5,2,FALSE),\"\")","v":""},{"$f":"IFERROR(VLOOKUP(Q632,Key!$A$17:$B$20,2,TRUE),\"\")","v":""}]

{"sheet":"Instructions","index":2,"n_rows":0,"n_cols":0,"rows_kept":0,"cut":false,"hidden":false,"merged":[]}

{"sheet":"Key","index":3,"n_rows":20,"n_cols":14,"rows_kept":20,"cut":false,"hidden":true,"merged":[[0,10,0,11],[0,12,0,13],[0,2,0,3],[0,0,0,1],[0,4,0,5],[0,6,0,7],[0,8,0,9]]}
["Repeat Admission",null,"Emergent Admission ",null,"Age",null,"Diagnosis and Discharge",null,"Medical Morbidity",null,"Intensity",null,"Time in Hospital"]
["Number Prior to Index","Risk Score","Threat to Others","Risk Score","Age Group","Risk Score","Primary Diagnosis","Risk Score","Charleston Comorbidity Score","Risk Score","Outpatient Psychiatrist Visits","Risk Score","Length of Stay","Risk Score"]
["0",0,"No",0,"18 to 24",8,"Alcohol or Substance Abuse",0,"0",0,"Less than 2",0,"Less than 14 days",4]
["1 to 2",2,"Yes",1,"25 to 34",7,"Depression",2,"1 to 2",1,"2 or more",2,"15 to 28 days",3]
["3 to 5",5,null,null,"35 to 44",6,"Psychosis or Bipolar",4,"3 or more",2,null,null,"More than 28 days",0]
["6 or more",7,"Threat to Self",null,"45 to 54",5,"Other",3,null,null,"Emergency Department Visits","Risk Score"]
[null,null,"No",0,"55 to 64",4,null,null,null,null,"None",0]
[null,null,"Yes",1,"65 to 74",3,"Any Personality Disorder","Risk Score",null,null,"1 or more",3]
[null,null,null,null,"75 to 84",2,"No",0]
[null,null,"Unable to Care for Self",null,"85 to 94",1,"Yes",2]
[null,null,"No",0,"Older than 94",0]
[null,null,"Yes",2,null,null,"Unplanned Discharge","Risk Score"]
[null,null,null,null,null,null,"No",0]
[null,null,null,null,null,null,"Yes",5]
[]
[]
["Total Score","Risk"]
[0,"Low"]
[19,"Medium"]
[26,"High"]